{"id":169740,"date":"2024-10-15T09:26:38","date_gmt":"2024-10-15T07:26:38","guid":{"rendered":"https:\/\/us.edu.pl\/wydzial\/wns\/?page_id=169740"},"modified":"2026-03-27T11:37:53","modified_gmt":"2026-03-27T10:37:53","slug":"dla-osob-studiujacych","status":"publish","type":"page","link":"https:\/\/us.edu.pl\/wydzial\/wns\/wspolpraca\/miedzynarodowa\/dla-osob-studiujacych\/","title":{"rendered":"Dla os\u00f3b studiuj\u0105cych"},"content":{"rendered":"<p>[vc_row][vc_column]            \r\n                    <div class=\"container\">\r\n                        <div class=\"gallery gallery_2\" data-images-in-row=\"2\">\r\n                            \r\n                            <div class=\"row m-0\">\r\n                                <a data-fancybox-group=\"button\" title=\"\" data-fancybox=\"4271\" href=\"https:\/\/us.edu.pl\/wydzial\/wns\/wp-content\/uploads\/sites\/17\/Bez-kategorii\/Wymiana-Erasmus-scaled.jpg\" class=\"gallery__item thumbnail\"\r\n                                    style=\"background-image: url(https:\/\/us.edu.pl\/wydzial\/wns\/wp-content\/uploads\/sites\/17\/Bez-kategorii\/Wymiana-Erasmus-1024x709.jpg)\"> <span class=\"d-none\">https:\/\/us.edu.pl\/wydzial\/wns\/wp-content\/uploads\/sites\/17\/Bez-kategorii\/Wymiana-Erasmus-scaled.jpg<\/span> <\/a>\r\n                            <\/div>\r\n                    <\/div>\r\n                <\/div>\r\n                <div class=\"text-modules\">\r\n                    <div class=\"container\">\r\n                        \r\n                        <div class=\"text-modules__content\"><p><strong>Pe\u0142nomocnicy Dziekana ds. mi\u0119dzynarodowej wymiany akademickiej<\/strong><\/p>\n<p>dr Maciej Bo\u017cek, prof. U\u015a (Psychologia)<br \/>\n<a href=\"mailto:maciej.bozek@us.edu.pl\">maciej.bozek@us.edu.pl<\/a><\/p>\n<p>dr Renata Jankowska, prof. U\u015a (Mi\u0119dzynarodowe studia nauk politycznych i dyplomacji, Doradztwo polityczne i publiczne, Politologia, Bezpiecze\u0144stwo narodowe i mi\u0119dzynarodowe)<br \/>\n<a href=\"mailto:renata.jankowska@us.edu.pl\">renata.jankowska@us.edu.pl<\/a><\/p>\n<p>dr Katarzyna Ponikowska (Socjologia, Praca socjalna, Zarz\u0105dzanie zasobami ludzkimi w organizacji, Dziennikarstwo i komunikacja spo\u0142eczna)<br \/>\n<a href=\"mailto:katarzyna.ponikowska@us.edu.pl\">katarzyna.ponikowska@us.edu.pl<\/a><\/p>\n<p>dr Karolina Skop (Arteterapia, Pedagogika)<br \/>\n<a href=\"mailto:karolina.skop@us.edu.pl\">karolina.skop@us.edu.pl<\/a><\/p>\n<hr \/>\n<p>\n<\/div>\r\n                    <\/div>\r\n                <\/div>\r\n                <div class=\"text-modules\">\r\n                    <div class=\"container\">\r\n                        \r\n                        <div class=\"text-modules__content\"><p><strong>Wymiana studencka<\/strong>\u00a0&#8211; <a href=\"https:\/\/erasmus.us.edu.pl\/\" target=\"_blank\" rel=\"noopener\">link do strony biura Erasmus+<\/a>\u00a0(oferta &#8211; Erasmus+, inne formy mobilno\u015bci, wymogi wst\u0119pne, proces rekrutacji, przewodnik)<\/p>\n<\/div>\r\n                    <\/div>\r\n                <\/div>[\/vc_column][vc_column][\/vc_column][\/vc_row][vc_row][vc_column]\r\n                <div class=\"text-modules\">\r\n                    <div class=\"container\">\r\n                        \r\n                        <div class=\"text-modules__content\"><p><a href=\"https:\/\/us.edu.pl\/wydzial\/wns\/wp-content\/uploads\/sites\/17\/Bez-kategorii\/ERASMUS-dla-oso\u0301b-studiuja\u0328cych-1.pdf\" class=\"mtli_attachment mtli_pdf\" data-mtli=\"mtli_filesize265,18kB\" class=\"mtli_attachment mtli_pdf\" data-mtli=\"mtli_filesize265,18kB\" target=\"_blank\" rel=\"noopener\">Informacje dla os\u00f3b planuj\u0105cych wyjazd<\/a><\/p>\n<p><a href=\"https:\/\/us.edu.pl\/wydzial\/wns\/wp-content\/uploads\/sites\/17\/Bez-kategorii\/Uchwala-nr-1_2025-Komisji-ds.-Ksztalcenia-i-Studentow-WNS-US-1.pdf\" class=\"mtli_attachment mtli_pdf\" data-mtli=\"mtli_filesize617,86kB\" class=\"mtli_attachment mtli_pdf\" data-mtli=\"mtli_filesize617,86kB\" target=\"_blank\" rel=\"noopener\">Uchwa\u0142a Wydzia\u0142owej Komisji ds. Kszta\u0142cenia i Student\u00f3w-WNS-US 2025 <\/a>w sprawie rozliczania zaj\u0119\u0107 dydaktycznych student\u00f3w uczestnicz\u0105cych w programach mobilno\u015bci mi\u0119dzynarodowej<\/p>\n<style type=\"text\/css\">a[data-mtli~=\"mtli_filesize265,18kB\"]:after {content:\" (265,18 kB)\"}a[data-mtli~=\"mtli_filesize617,86kB\"]:after {content:\" (617,86 kB)\"}<\/style><\/div>\r\n                    <\/div>\r\n                <\/div><div class=\"container\"><div class=\"separator\" style=\"background-color: #ebebeb\"><\/div><\/div>\r\n                <div class=\"text-modules\">\r\n                    <div class=\"container\">\r\n                        \r\n                        <div class=\"text-modules__content\"><p><strong>Wymiana studencka 2026\/2027 &#8211; oferta<\/strong><\/p>\n<p>Semestr zimowy 2026\/2027<\/p>\n<p><a href=\"https:\/\/us.edu.pl\/wydzial\/wns\/wp-content\/uploads\/sites\/17\/Bez-kategorii\/Erasmus-Offer-2026_2027-Winter.pdf\" class=\"mtli_attachment mtli_pdf\" class=\"mtli_attachment mtli_pdf\" target=\"_blank\" rel=\"noopener\">Erasmus Offer 2026_2027 Winter<\/a><\/p>\n<p><a href=\"https:\/\/us.edu.pl\/wydzial\/wns\/wp-content\/uploads\/sites\/17\/Bez-kategorii\/Erasmus-Offer-2026_2027-Winter.xlsx\" class=\"mtli_attachment mtli_xlsx\" class=\"mtli_attachment mtli_xlsx\" target=\"_blank\" rel=\"noopener\">Erasmus Offer 2026_2027 Winter<\/a><\/p>\n<p>&nbsp;<\/p>\n<p>Semestr letni 2026\/2027<\/p>\n<p><a href=\"https:\/\/us.edu.pl\/wydzial\/wns\/wp-content\/uploads\/sites\/17\/Bez-kategorii\/Erasmus-Offer-2026_2027-Summer.pdf\" class=\"mtli_attachment mtli_pdf\" class=\"mtli_attachment mtli_pdf\" target=\"_blank\" rel=\"noopener\">Erasmus Offer 2026_2027 Summer<\/a><\/p>\n<p><a href=\"https:\/\/us.edu.pl\/wydzial\/wns\/wp-content\/uploads\/sites\/17\/Bez-kategorii\/Erasmus-Offer-2026_2027-Summer.xlsx\" class=\"mtli_attachment mtli_xlsx\" class=\"mtli_attachment mtli_xlsx\" target=\"_blank\" rel=\"noopener\">Erasmus Offer 2026_2027 Summer<\/a><\/p>\n<\/div>\r\n                    <\/div>\r\n                <\/div><div class=\"container\"><div class=\"separator\" style=\"background-color: #ebebeb\"><\/div><\/div>\r\n                <div class=\"text-modules\">\r\n                    <div class=\"container\">\r\n                        \r\n                        <div class=\"text-modules__content\"><p><strong>Languages for Lunch<\/strong> &#8211; <a href=\"https:\/\/us.edu.pl\/wydzial\/wns\/wp-content\/uploads\/sites\/17\/Bez-kategorii\/Language-Learning-Formats.pdf\" class=\"mtli_attachment mtli_pdf\" class=\"mtli_attachment mtli_pdf\" target=\"_blank\" rel=\"noopener\">Language Learning Formats<\/a><\/p>\n<p>\n<\/div>\r\n                    <\/div>\r\n                <\/div>[\/vc_column][\/vc_row][vc_row][vc_column][\/vc_column][\/vc_row][vc_row][vc_column][\/vc_column][\/vc_row]<\/p>\n<style type=\"text\/css\">a[data-mtli~=\"mtli_filesize265,18kB\"]:after {content:\" (265,18 kB)\"}a[data-mtli~=\"mtli_filesize617,86kB\"]:after {content:\" (617,86 kB)\"}<\/style>","protected":false},"excerpt":{"rendered":"<p>[vc_row][vc_column][\/vc_column][vc_column][\/vc_column][\/vc_row][vc_row][vc_column][\/vc_column][\/vc_row][vc_row][vc_column][\/vc_column][\/vc_row][vc_row][vc_column][\/vc_column][\/vc_row] [&#8230;]<\/p>\n<p><a class=\"btn btn-secondary understrap-read-more-link\" href=\"https:\/\/us.edu.pl\/wydzial\/wns\/wspolpraca\/miedzynarodowa\/dla-osob-studiujacych\/\">Read More&#8230;<\/a><\/p>\n","protected":false},"author":134,"featured_media":0,"parent":390,"menu_order":0,"comment_status":"closed","ping_status":"closed","template":"","meta":{"_expiration-date-status":"","_expiration-date":0,"_expiration-date-type":"","_expiration-date-categories":[],"_expiration-date-options":[]},"acf":[],"_links":{"self":[{"href":"https:\/\/us.edu.pl\/wydzial\/wns\/wp-json\/wp\/v2\/pages\/169740"}],"collection":[{"href":"https:\/\/us.edu.pl\/wydzial\/wns\/wp-json\/wp\/v2\/pages"}],"about":[{"href":"https:\/\/us.edu.pl\/wydzial\/wns\/wp-json\/wp\/v2\/types\/page"}],"author":[{"embeddable":true,"href":"https:\/\/us.edu.pl\/wydzial\/wns\/wp-json\/wp\/v2\/users\/134"}],"replies":[{"embeddable":true,"href":"https:\/\/us.edu.pl\/wydzial\/wns\/wp-json\/wp\/v2\/comments?post=169740"}],"version-history":[{"count":12,"href":"https:\/\/us.edu.pl\/wydzial\/wns\/wp-json\/wp\/v2\/pages\/169740\/revisions"}],"predecessor-version":[{"id":185437,"href":"https:\/\/us.edu.pl\/wydzial\/wns\/wp-json\/wp\/v2\/pages\/169740\/revisions\/185437"}],"up":[{"embeddable":true,"href":"https:\/\/us.edu.pl\/wydzial\/wns\/wp-json\/wp\/v2\/pages\/390"}],"wp:attachment":[{"href":"https:\/\/us.edu.pl\/wydzial\/wns\/wp-json\/wp\/v2\/media?parent=169740"}],"curies":[{"name":"wp","href":"https:\/\/api.w.org\/{rel}","templated":true}]}}