{"id":172888,"date":"2025-01-21T08:04:03","date_gmt":"2025-01-21T07:04:03","guid":{"rendered":"https:\/\/us.edu.pl\/wydzial\/wns\/?page_id=172888"},"modified":"2025-01-21T08:20:01","modified_gmt":"2025-01-21T07:20:01","slug":"cele-badawcze","status":"publish","type":"page","link":"https:\/\/us.edu.pl\/wydzial\/wns\/cele-badawcze\/","title":{"rendered":"Cele badawcze"},"content":{"rendered":"<p>[vc_row][vc_column]\r\n                <div class=\"text-modules\">\r\n                    <div class=\"container\">\r\n                        \r\n                        <div class=\"text-modules__content\"><p>Cele badawcze obejmuj\u0105 trzy kluczowe obszary. Po pierwsze, istotne jest rozpoznanie i opis do\u015bwiadcze\u0144 os\u00f3b funkcjonuj\u0105cych w spektrum autyzmu w zakresie pe\u0142nienia r\u00f3l zwi\u0105zanych z macierzy\u0144stwem i ojcostwem. Analiza tych do\u015bwiadcze\u0144 pozwoli na lepsze zrozumienie wyzwa\u0144 i unikalnych perspektyw rodzic\u00f3w funkcjonuj\u0105cych ze spektrum autyzmu. Po drugie, badanie r\u00f3\u017cnic oraz podobie\u0144stw w pe\u0142nieniu r\u00f3l macierzy\u0144skich i ojcowskich przez osoby w spektrum autyzmu umo\u017cliwi wyodr\u0119bnienie specyficznych wzorc\u00f3w zachowa\u0144 oraz strategii radzenia sobie w roli rodzica. Po trzecie, identyfikacja potrzeb wsparcia w tym obszarze jest kluczowa, aby dostarczy\u0107 efektywnych i adekwatnych narz\u0119dzi wspieraj\u0105cych pe\u0142nienie r\u00f3l rodzicielskich.<\/p>\n<p>Wzrost liczby m\u0142odych ludzi z diagnoz\u0105 spektrum autyzmu wskazuje, \u017ce w przysz\u0142o\u015bci b\u0119dzie wi\u0119cej rodzic\u00f3w z tym zaburzeniem. Badania te s\u0105 wa\u017cne, poniewa\u017c pomog\u0105 w identyfikacji czynnik\u00f3w ryzyka i ochrony zwi\u0105zanych z rodzicielstwem oraz w okre\u015bleniu priorytet\u00f3w w obszarze wsparcia spo\u0142ecznego, co mo\u017ce przyczyni\u0107 si\u0119 do poprawy jako\u015bci \u017cycia tych\u017ce rodzin.<\/p>\n<\/div>\r\n                    <\/div>\r\n                <\/div>[\/vc_column][\/vc_row]<\/p>","protected":false},"excerpt":{"rendered":"<p>[vc_row][vc_column][\/vc_column][\/vc_row] [&#8230;]<\/p>\n<p><a class=\"btn btn-secondary understrap-read-more-link\" href=\"https:\/\/us.edu.pl\/wydzial\/wns\/cele-badawcze\/\">Read More&#8230;<\/a><\/p>\n","protected":false},"author":133,"featured_media":0,"parent":0,"menu_order":0,"comment_status":"closed","ping_status":"closed","template":"","meta":{"_expiration-date-status":"","_expiration-date":0,"_expiration-date-type":"","_expiration-date-categories":[],"_expiration-date-options":[]},"acf":[],"_links":{"self":[{"href":"https:\/\/us.edu.pl\/wydzial\/wns\/wp-json\/wp\/v2\/pages\/172888"}],"collection":[{"href":"https:\/\/us.edu.pl\/wydzial\/wns\/wp-json\/wp\/v2\/pages"}],"about":[{"href":"https:\/\/us.edu.pl\/wydzial\/wns\/wp-json\/wp\/v2\/types\/page"}],"author":[{"embeddable":true,"href":"https:\/\/us.edu.pl\/wydzial\/wns\/wp-json\/wp\/v2\/users\/133"}],"replies":[{"embeddable":true,"href":"https:\/\/us.edu.pl\/wydzial\/wns\/wp-json\/wp\/v2\/comments?post=172888"}],"version-history":[{"count":2,"href":"https:\/\/us.edu.pl\/wydzial\/wns\/wp-json\/wp\/v2\/pages\/172888\/revisions"}],"predecessor-version":[{"id":172915,"href":"https:\/\/us.edu.pl\/wydzial\/wns\/wp-json\/wp\/v2\/pages\/172888\/revisions\/172915"}],"wp:attachment":[{"href":"https:\/\/us.edu.pl\/wydzial\/wns\/wp-json\/wp\/v2\/media?parent=172888"}],"curies":[{"name":"wp","href":"https:\/\/api.w.org\/{rel}","templated":true}]}}