{"id":1802,"date":"2020-02-11T12:51:21","date_gmt":"2020-02-11T11:51:21","guid":{"rendered":"https:\/\/us.edu.pl\/wydzial\/wns\/?page_id=1802"},"modified":"2020-02-11T12:55:36","modified_gmt":"2020-02-11T11:55:36","slug":"projekt-badawczy","status":"publish","type":"page","link":"https:\/\/us.edu.pl\/wydzial\/wns\/projekt-badawczy\/","title":{"rendered":"Projekt Badawczy"},"content":{"rendered":"<p>[vc_row][vc_column]\r\n                <div class=\"text-modules\">\r\n                    <div class=\"container\">\r\n                        <h3 class=\"page-title text__title\">NEIRE 3 - New European Industrial Relations: Mediation system effectiveness for collective organizational conflicts: A comparative study in Europe<\/h3>\r\n                        <div class=\"text-modules__content\"><p><strong>Tytu\u0142 projektu:<\/strong> NEIRE 3 &#8211; New European Industrial Relations: Mediation system effectiveness for collective organizational conflicts: A comparative study in Europe<br \/>\n<strong>Program:<\/strong> Employment, Social Affairs and Inclusion DG programme<\/p>\n<p><strong>\u0179r\u00f3d\u0142o dofinansowania: <\/strong>Komisja Europejska<br \/>\n<strong>Lider projektu:<\/strong> Uniwersytet w Leuven, Belgia<\/p>\n<p><strong>Koordynator\/Kierownik projektu na U\u015a:<\/strong> prof. dr hab. Barbara Ko\u017cusznik<br \/>\n<strong>Rola w projekcie :<\/strong> Partner projektu<\/p>\n<p><strong>Okres realizacji projektu:<\/strong> 2016-2018<\/p>\n<\/div>\r\n                    <\/div>\r\n                <\/div>[\/vc_column][\/vc_row][vc_row][vc_column]\r\n                <div class=\"text-modules\">\r\n                    <div class=\"container\">\r\n                        <h3 class=\"page-title text__title\">The Social Context of Czech Republic and Republic of Poland Migration Policy \u2013 a Comparative Analysis<\/h3>\r\n                        <div class=\"text-modules__content\"><p><b>Tytu\u0142 projektu: <\/b>The Social Context of Czech Republic and Republic of Poland Migration Policy \u2013 a Comparative Analysis<\/p>\n<p><strong>\u0179r\u00f3d\u0142o dofinansowania: <\/strong>Mi\u0119dzynarodowy Fundusz Wyszehradzki<strong><br \/>\nKoordynator\/Kierownik projektu na U\u015a: <\/strong><strong>dr Rafa\u0142 Cekiera<\/strong><br \/>\n<strong>Okres realizacji projektu: <\/strong>2018<\/p>\n<\/div>\r\n                    <\/div>\r\n                <\/div>[\/vc_column][\/vc_row][vc_row][vc_column]\r\n                <div class=\"text-modules\">\r\n                    <div class=\"container\">\r\n                        <h3 class=\"page-title text__title\">Ocena systemu Internetowej Rejestracji Kandydat\u00f3w oraz dzia\u0142a\u0144 promocyjnych prowadzonych na Uniwersytecie \u015al\u0105skim w Katowicach w \u015bwietle opinii kandydat\u00f3w na studia<\/h3>\r\n                        <div class=\"text-modules__content\"><p><strong>Tytu\u0142 projektu: <\/strong>Ocena systemu Internetowej Rejestracji Kandydat\u00f3w oraz dzia\u0142a\u0144 promocyjnych prowadzonych na Uniwersytecie \u015al\u0105skim w Katowicach w \u015bwietle opinii kandydat\u00f3w na studia<\/p>\n<p><strong>\u0179r\u00f3d\u0142o dofinansowania: <\/strong>Mi\u0119dzynarodowy Fundusz Wyszehradzki<strong><br \/>\nRola w projekcie :<\/strong> Wykonawca<br \/>\n<strong>Koordynator\/Kierownik projektu na U\u015a: <\/strong><strong>dr Andrzej G\u00f3rny<\/strong><\/p>\n<p><strong>Okres realizacji projektu: <\/strong>2018<\/p>\n<\/div>\r\n                    <\/div>\r\n                <\/div>[\/vc_column][\/vc_row][vc_row][vc_column]\r\n                <div class=\"text-modules\">\r\n                    <div class=\"container\">\r\n                        <h3 class=\"page-title text__title\">Patterns of Resilience During Socioeconomic Crises Among Households in Europe (RESCuE)<\/h3>\r\n                        <div class=\"text-modules__content\"><p><b>Tytu\u0142 projektu: <\/b>Patterns of Resilience During Socioeconomic Crises Among Households in Europe (RESCuE)<strong><br \/>\n<\/strong><strong>Program: <\/strong>7th Framework Programme<\/p>\n<p><strong>\u0179r\u00f3d\u0142o dofinansowania: <\/strong>Komisja Europejska<br \/>\n<strong>Rola w projekcie :<\/strong> Partner projektu<strong><br \/>\nKoordynator\/Kierownik projektu na U\u015a: <\/strong>prof. dr hab. Kazimiera W\u00f3dz<br \/>\n<strong>Okres realizacji projektu: <\/strong>2014 \u20132017<\/p>\n<\/div>\r\n                    <\/div>\r\n                <\/div>[\/vc_column][\/vc_row][vc_row][vc_column]\r\n                <div class=\"text-modules\">\r\n                    <div class=\"container\">\r\n                        <h3 class=\"page-title text__title\">Comparing the Experiences of People in their 50s and 60s of the Changes after the Fall of Communism<\/h3>\r\n                        <div class=\"text-modules__content\"><p><strong>Tytu\u0142 projektu: <\/strong>Comparing the Experiences of People in their 50s and 60s of the Changes after the Fall of Communism<\/p>\n<p><strong>\u0179r\u00f3d\u0142o dofinansowania: <\/strong>Mi\u0119dzynarodowy Fundusz Wyszehradzki<br \/>\n<strong>Rola w projekcie :<\/strong> Partner projektu<strong><br \/>\nKoordynator\/Kierownik projektu na U\u015a: <\/strong>prof. dr hab. Kazimiera W\u00f3dz, dr Witold Mandrysz<br \/>\n<strong>Okres realizacji projektu: <\/strong>2016<\/p>\n<\/div>\r\n                    <\/div>\r\n                <\/div>[\/vc_column][\/vc_row][vc_row][vc_column]\r\n                <div class=\"text-modules\">\r\n                    <div class=\"container\">\r\n                        <h3 class=\"page-title text__title\">The Economic Awareness of the Young Generation of Visegrad Countries<\/h3>\r\n                        <div class=\"text-modules__content\"><p><strong>Tytu\u0142 projektu: <\/strong>The Economic Awareness of the Young Generation of Visegrad Countries<\/p>\n<p><strong>\u0179r\u00f3d\u0142o dofinansowania: <\/strong>Mi\u0119dzynarodowy Fundusz Wyszehradzki<br \/>\n<strong>Rola w projekcie :<\/strong> Koordynator projektu<strong><br \/>\nKoordynator\/Kierownik projektu na U\u015a: <\/strong>prof. dr hab. Urszula Swad\u017aba<br \/>\n<strong>Okres realizacji projektu: <\/strong>2015-2016<\/p>\n<\/div>\r\n                    <\/div>\r\n                <\/div>[\/vc_column][\/vc_row]<\/p>","protected":false},"excerpt":{"rendered":"<p>[vc_row][vc_column][\/vc_column][\/vc_row][vc_row][vc_column][\/vc_column][\/vc_row][vc_row][vc_column][\/vc_column][\/vc_row][vc_row][vc_column][\/vc_column][\/vc_row][vc_row][vc_column][\/vc_column][\/vc_row][vc_row][vc_column][\/vc_column][\/vc_row] [&#8230;]<\/p>\n<p><a class=\"btn btn-secondary understrap-read-more-link\" href=\"https:\/\/us.edu.pl\/wydzial\/wns\/projekt-badawczy\/\">Read More&#8230;<\/a><\/p>\n","protected":false},"author":130,"featured_media":0,"parent":0,"menu_order":0,"comment_status":"closed","ping_status":"closed","template":"","meta":{"_expiration-date-status":"saved","_expiration-date":0,"_expiration-date-type":"","_expiration-date-categories":[],"_expiration-date-options":[]},"acf":[],"_links":{"self":[{"href":"https:\/\/us.edu.pl\/wydzial\/wns\/wp-json\/wp\/v2\/pages\/1802"}],"collection":[{"href":"https:\/\/us.edu.pl\/wydzial\/wns\/wp-json\/wp\/v2\/pages"}],"about":[{"href":"https:\/\/us.edu.pl\/wydzial\/wns\/wp-json\/wp\/v2\/types\/page"}],"author":[{"embeddable":true,"href":"https:\/\/us.edu.pl\/wydzial\/wns\/wp-json\/wp\/v2\/users\/130"}],"replies":[{"embeddable":true,"href":"https:\/\/us.edu.pl\/wydzial\/wns\/wp-json\/wp\/v2\/comments?post=1802"}],"version-history":[{"count":3,"href":"https:\/\/us.edu.pl\/wydzial\/wns\/wp-json\/wp\/v2\/pages\/1802\/revisions"}],"predecessor-version":[{"id":1806,"href":"https:\/\/us.edu.pl\/wydzial\/wns\/wp-json\/wp\/v2\/pages\/1802\/revisions\/1806"}],"wp:attachment":[{"href":"https:\/\/us.edu.pl\/wydzial\/wns\/wp-json\/wp\/v2\/media?parent=1802"}],"curies":[{"name":"wp","href":"https:\/\/api.w.org\/{rel}","templated":true}]}}