{"id":181151,"date":"2025-07-02T08:59:14","date_gmt":"2025-07-02T06:59:14","guid":{"rendered":"https:\/\/us.edu.pl\/wydzial\/wns\/?page_id=181151"},"modified":"2025-07-02T09:02:11","modified_gmt":"2025-07-02T07:02:11","slug":"rodo","status":"publish","type":"page","link":"https:\/\/us.edu.pl\/wydzial\/wns\/rodo\/","title":{"rendered":"Klauzul RODO i Publikacja wizerunku"},"content":{"rendered":"<p>[vc_row][vc_column][vc_column_text]<\/p>\n<p style=\"text-align: center;\"><strong>Klauzula RODO i zgoda na publikacj\u0119 wizerunku dla student\u00f3w &#8211; udzia\u0142 wydarzeniach WNS<\/strong><\/p>\n<p style=\"text-align: center;\">Plik do pobrania:<\/p>\n<p style=\"text-align: center;\"><a href=\"https:\/\/us.edu.pl\/wydzial\/wns\/wp-content\/uploads\/sites\/17\/Bez-kategorii\/Zgoda_na_publikacje_wizerunku_zm.2020.docx\" class=\"mtli_attachment mtli_docx\" target=\"_blank\" rel=\"noopener\">Zgoda_na_publikacj\u0119_wizerunku_zm.2020<\/a><\/p>\n<p>[\/vc_column_text][\/vc_column][\/vc_row][vc_row][vc_column][\/vc_column][\/vc_row]<\/p>","protected":false},"excerpt":{"rendered":"<p>[vc_row][vc_column][vc_column_text] Klauzula RODO i zgoda na publikacj\u0119 wizerunku dla student\u00f3w &#8211; udzia\u0142 wydarzeniach WNS Plik do pobrania: Zgoda_na_publikacj\u0119_wizerunku_zm.2020 [\/vc_column_text][\/vc_column][\/vc_row][vc_row][vc_column][\/vc_column][\/vc_row] [&#8230;]<\/p>\n<p><a class=\"btn btn-secondary understrap-read-more-link\" href=\"https:\/\/us.edu.pl\/wydzial\/wns\/rodo\/\">Read More&#8230;<\/a><\/p>\n","protected":false},"author":7197,"featured_media":0,"parent":0,"menu_order":0,"comment_status":"closed","ping_status":"closed","template":"","meta":{"_expiration-date-status":"","_expiration-date":0,"_expiration-date-type":"","_expiration-date-categories":[],"_expiration-date-options":[]},"acf":[],"_links":{"self":[{"href":"https:\/\/us.edu.pl\/wydzial\/wns\/wp-json\/wp\/v2\/pages\/181151"}],"collection":[{"href":"https:\/\/us.edu.pl\/wydzial\/wns\/wp-json\/wp\/v2\/pages"}],"about":[{"href":"https:\/\/us.edu.pl\/wydzial\/wns\/wp-json\/wp\/v2\/types\/page"}],"author":[{"embeddable":true,"href":"https:\/\/us.edu.pl\/wydzial\/wns\/wp-json\/wp\/v2\/users\/7197"}],"replies":[{"embeddable":true,"href":"https:\/\/us.edu.pl\/wydzial\/wns\/wp-json\/wp\/v2\/comments?post=181151"}],"version-history":[{"count":3,"href":"https:\/\/us.edu.pl\/wydzial\/wns\/wp-json\/wp\/v2\/pages\/181151\/revisions"}],"predecessor-version":[{"id":181162,"href":"https:\/\/us.edu.pl\/wydzial\/wns\/wp-json\/wp\/v2\/pages\/181151\/revisions\/181162"}],"wp:attachment":[{"href":"https:\/\/us.edu.pl\/wydzial\/wns\/wp-json\/wp\/v2\/media?parent=181151"}],"curies":[{"name":"wp","href":"https:\/\/api.w.org\/{rel}","templated":true}]}}