{"id":181386,"date":"2025-07-17T11:16:12","date_gmt":"2025-07-17T09:16:12","guid":{"rendered":"https:\/\/us.edu.pl\/wydzial\/wns\/?page_id=181386"},"modified":"2025-07-17T12:16:35","modified_gmt":"2025-07-17T10:16:35","slug":"gdzie-zlozyc-dokumenty-na-studia","status":"publish","type":"page","link":"https:\/\/us.edu.pl\/wydzial\/wns\/gdzie-zlozyc-dokumenty-na-studia\/","title":{"rendered":"Gdzie z\u0142o\u017cy\u0107 dokumenty na studia?"},"content":{"rendered":"<p>[vc_row][vc_column]\r\n                <div class=\"text-modules\">\r\n                    <div class=\"container\">\r\n                        <h3 class=\"page-title text__title\">Informacja dla zakwalifikowanych kandydat\u00f3w na studia na Wydziale Nauk Spo\u0142ecznych<\/h3>\r\n                        <div class=\"text-modules__content\"><p>Je\u015bli jeste\u015b zakwalifikowany na studia, kolejnym Twoim krokiem jest z\u0142o\u017cenie niezb\u0119dnych dokument\u00f3w:<\/p>\n<p><a href=\"https:\/\/us.edu.pl\/kandydat\/rekrutacja-na-studia-krok-po-kroku\/wymagane-dokumenty\/\" target=\"_blank\" rel=\"noopener\">Wymagane dokumenty na studia I i II stopnia | Uniwersytet \u015ala\u015bki w Katowicach<\/a><\/p>\n<p>Lokalizacje wg kierunk\u00f3w:<\/p>\n<p><strong>Katowice, ul. Gra\u017cy\u0144skiego 53<\/strong> dla kierunk\u00f3w:<\/p>\n<p>Obs\u0142uga studi\u00f3w stacjonarnych w pok. 11a<\/p>\n<ol>\n<li>Arteterapia &#8211; studia I stopnia<\/li>\n<li>Pedagogika przedszkolna i wczesnoszkolna &#8211; studia jednolite magisterskie<\/li>\n<li>Pedagogika specjalna &#8211; studia stacjonarne i niestacjonarne, jednolite magisterskie<\/li>\n<li>Pedagogika &#8211; studia I i II stopnia<\/li>\n<\/ol>\n<p>Obs\u0142uga studi\u00f3w stacjonarnych w pok. 11<\/p>\n<ol>\n<li>Psychologia &#8211; studia stacjonarne, jednolite magisterskie<\/li>\n<\/ol>\n<p>Obs\u0142uga studi\u00f3w niestacjonarnych w pok. 10<\/p>\n<ol>\n<li>Pedagogika przedszkolna i wczesnoszkolna &#8211; studia jednolite magisterskie<\/li>\n<li>Pedagogika specjalna &#8211; studia jednolite magisterskie<\/li>\n<li>Pedagogika &#8211; studia I i II stopnia<\/li>\n<\/ol>\n<p>&nbsp;<\/p>\n<p><strong>Katowice, ul. Bankowa 11<\/strong> dla kierunk\u00f3w:<\/p>\n<p>Obs\u0142uga studi\u00f3w stacjonarnych w pok. 5<\/p>\n<ol>\n<li>Doradztwo polityczne i publiczne &#8211; studia I stopnia<\/li>\n<li>Dziennikarstwo i komunikacja spo\u0142eczna &#8211;\u00a0studia II stopnia<\/li>\n<li>Polityki miejskie i doradztwo publiczne &#8211; studia II stopnia<\/li>\n<li>Praca socjalna &#8211; studia I i II stopnia<\/li>\n<li>Socjologia &#8211; studia I i II stopnia<\/li>\n<li>Zarz\u0105dzanie zasobami ludzkimi w organizacji &#8211; studia I<\/li>\n<\/ol>\n<p>Obs\u0142uga studi\u00f3w stacjonarnych w pok. 12<\/p>\n<ol>\n<li>Bezpiecze\u0144stwo narodowe i mi\u0119dzynarodowe &#8211; studia I i II stopnia<\/li>\n<li>Dziennikarstwo i komunikacja spo\u0142eczna &#8211;\u00a0studia I stopnia<\/li>\n<li>International Studies in Political Science and Diplomacy &#8211;\u00a0studia II stopnia, kierunek w j\u0119zyku angielskim<\/li>\n<li>Mi\u0119dzynarodowe studia nauk politycznych i dyplomacji &#8211;\u00a0studia I i II stopnia<\/li>\n<li>Politologia &#8211; studia I i II stopnia<\/li>\n<\/ol>\n<p>Obs\u0142uga studi\u00f3w stacjonarnych w pok. 11<\/p>\n<ol>\n<li>Bezpiecze\u0144stwo narodowe i mi\u0119dzynarodowe &#8211; studia I i II stopnia<\/li>\n<li>Dziennikarstwo i komunikacja spo\u0142eczna &#8211;\u00a0studia I i II stopnia<\/li>\n<li>Polityki miejskie i doradztwo publiczne &#8211; studia II stopnia<\/li>\n<li>Praca socjalna &#8211; studia I i II stopnia<\/li>\n<li>Socjologia &#8211; studia I i II stopnia<\/li>\n<li>Zarz\u0105dzanie zasobami ludzkimi w organizacji &#8211; studia I<\/li>\n<\/ol>\n<p>\n<\/div>\r\n                    <\/div>\r\n                <\/div>[\/vc_column][\/vc_row]<\/p>","protected":false},"excerpt":{"rendered":"<p>[vc_row][vc_column][\/vc_column][\/vc_row] [&#8230;]<\/p>\n<p><a class=\"btn btn-secondary understrap-read-more-link\" href=\"https:\/\/us.edu.pl\/wydzial\/wns\/gdzie-zlozyc-dokumenty-na-studia\/\">Read More&#8230;<\/a><\/p>\n","protected":false},"author":7197,"featured_media":0,"parent":0,"menu_order":0,"comment_status":"closed","ping_status":"closed","template":"","meta":{"_expiration-date-status":"","_expiration-date":0,"_expiration-date-type":"","_expiration-date-categories":[],"_expiration-date-options":[]},"acf":[],"_links":{"self":[{"href":"https:\/\/us.edu.pl\/wydzial\/wns\/wp-json\/wp\/v2\/pages\/181386"}],"collection":[{"href":"https:\/\/us.edu.pl\/wydzial\/wns\/wp-json\/wp\/v2\/pages"}],"about":[{"href":"https:\/\/us.edu.pl\/wydzial\/wns\/wp-json\/wp\/v2\/types\/page"}],"author":[{"embeddable":true,"href":"https:\/\/us.edu.pl\/wydzial\/wns\/wp-json\/wp\/v2\/users\/7197"}],"replies":[{"embeddable":true,"href":"https:\/\/us.edu.pl\/wydzial\/wns\/wp-json\/wp\/v2\/comments?post=181386"}],"version-history":[{"count":8,"href":"https:\/\/us.edu.pl\/wydzial\/wns\/wp-json\/wp\/v2\/pages\/181386\/revisions"}],"predecessor-version":[{"id":181466,"href":"https:\/\/us.edu.pl\/wydzial\/wns\/wp-json\/wp\/v2\/pages\/181386\/revisions\/181466"}],"wp:attachment":[{"href":"https:\/\/us.edu.pl\/wydzial\/wns\/wp-json\/wp\/v2\/media?parent=181386"}],"curies":[{"name":"wp","href":"https:\/\/api.w.org\/{rel}","templated":true}]}}