{"id":184400,"date":"2026-02-16T14:11:31","date_gmt":"2026-02-16T13:11:31","guid":{"rendered":"https:\/\/us.edu.pl\/wydzial\/wns\/?page_id=184400"},"modified":"2026-02-18T07:47:58","modified_gmt":"2026-02-18T06:47:58","slug":"bezpieczenstwo-narodowe-i-miedzynarodowe_","status":"publish","type":"page","link":"https:\/\/us.edu.pl\/wydzial\/wns\/bezpieczenstwo-narodowe-i-miedzynarodowe_\/","title":{"rendered":"Bezpiecze\u0144stwo narodowe i mi\u0119dzynarodowe_"},"content":{"rendered":"<p>[vc_row][vc_column]\r\n                <div class=\"text-modules\">\r\n                    <div class=\"container\">\r\n                        \r\n                        <div class=\"text-modules__content\"><p><a href=\"https:\/\/us.edu.pl\/wydzial\/wns\/wp-content\/uploads\/sites\/17\/Bez-kategorii\/Procedura-dyplomowaia-na-kieruku-Bezpieczenstwo-narodowe-i-miedzynarodowe.pdf\" class=\"mtli_attachment mtli_pdf\" data-mtli=\"mtli_filesize416,40kB\" class=\"mtli_attachment mtli_pdf\" data-mtli=\"mtli_filesize416,40kB\">Procedura dyplomowania na kierunku Bezpiecze\u0144stwo narodowe i mi\u0119dzynarodowe<\/a><\/p>\n<p><a href=\"https:\/\/us.edu.pl\/wydzial\/wns\/wp-content\/uploads\/sites\/17\/Bez-kategorii\/Zalacznik-nr-1-do-Procedura-dyplomowania-na-kierunku-Bezpieczenstwo-narodowe-i-miedzynarodowe-na-Wydziale-Nauk-Spolecznych-Uniwersytetu-Slaskiego-w-Katowicach.docx\" class=\"mtli_attachment mtli_docx\" data-mtli=\"mtli_filesize37,73kB\" class=\"mtli_attachment mtli_docx\" data-mtli=\"mtli_filesize37,73kB\">Za\u0142\u0105cznik nr 1 do Procedura dyplomowania na kierunku Bezpiecze\u0144stwo narodowe i mi\u0119dzynarodowe na Wydziale Nauk Spo\u0142ecznych Uniwersytetu \u015al\u0105skiego w Katowicach<\/a><\/p>\n<p><a href=\"https:\/\/us.edu.pl\/wydzial\/wns\/wp-content\/uploads\/sites\/17\/Bez-kategorii\/Zagadnienia-do-egzaminu-dyplomowego-Studia-licencjackie-na-kierunku-BEZPIECZENSTWO-NARODOWE-I-MIEDZYNARODOWE.docx\" class=\"mtli_attachment mtli_docx\" data-mtli=\"mtli_filesize21,11kB\" class=\"mtli_attachment mtli_docx\" data-mtli=\"mtli_filesize21,11kB\">Zagadnienia do egzaminu dyplomowego Studia licencjackie na kierunku BEZPIECZE\u0143STWO NARODOWE I MI\u0118DZYNARODOWE<\/a><\/p>\n<p><a href=\"https:\/\/us.edu.pl\/wydzial\/wns\/wp-content\/uploads\/sites\/17\/Bez-kategorii\/Zagadnienia-do-egzaminu-dyplomowego-Studia-magisterskie-na-kierunku-BEZPIECZENSTWO-NARODOWE-I-MIEDZYNARODOWE-.docx\" class=\"mtli_attachment mtli_docx\" data-mtli=\"mtli_filesize16,60kB\" class=\"mtli_attachment mtli_docx\" data-mtli=\"mtli_filesize16,60kB\">Zagadnienia do egzaminu dyplomowego Studia magisterskie na kierunku BEZPIECZE\u0143STWO NARODOWE I MI\u0118DZYNARODOWE<\/a><\/p>\n<p>\n<style type=\"text\/css\">a[data-mtli~=\"mtli_filesize416,40kB\"]:after {content:\" (416,40 kB)\"}a[data-mtli~=\"mtli_filesize37,73kB\"]:after {content:\" (37,73 kB)\"}a[data-mtli~=\"mtli_filesize21,11kB\"]:after {content:\" (21,11 kB)\"}a[data-mtli~=\"mtli_filesize16,60kB\"]:after {content:\" (16,60 kB)\"}<\/style><\/div>\r\n                    <\/div>\r\n                <\/div>[\/vc_column][\/vc_row]<\/p>\n<style type=\"text\/css\">a[data-mtli~=\"mtli_filesize416,40kB\"]:after {content:\" (416,40 kB)\"}a[data-mtli~=\"mtli_filesize37,73kB\"]:after {content:\" (37,73 kB)\"}a[data-mtli~=\"mtli_filesize21,11kB\"]:after {content:\" (21,11 kB)\"}a[data-mtli~=\"mtli_filesize16,60kB\"]:after {content:\" (16,60 kB)\"}<\/style>","protected":false},"excerpt":{"rendered":"<p>[vc_row][vc_column][\/vc_column][\/vc_row] [&#8230;]<\/p>\n<p><a class=\"btn btn-secondary understrap-read-more-link\" href=\"https:\/\/us.edu.pl\/wydzial\/wns\/bezpieczenstwo-narodowe-i-miedzynarodowe_\/\">Read More&#8230;<\/a><\/p>\n","protected":false},"author":133,"featured_media":0,"parent":0,"menu_order":0,"comment_status":"closed","ping_status":"closed","template":"","meta":{"_expiration-date-status":"","_expiration-date":0,"_expiration-date-type":"","_expiration-date-categories":[],"_expiration-date-options":[]},"acf":[],"_links":{"self":[{"href":"https:\/\/us.edu.pl\/wydzial\/wns\/wp-json\/wp\/v2\/pages\/184400"}],"collection":[{"href":"https:\/\/us.edu.pl\/wydzial\/wns\/wp-json\/wp\/v2\/pages"}],"about":[{"href":"https:\/\/us.edu.pl\/wydzial\/wns\/wp-json\/wp\/v2\/types\/page"}],"author":[{"embeddable":true,"href":"https:\/\/us.edu.pl\/wydzial\/wns\/wp-json\/wp\/v2\/users\/133"}],"replies":[{"embeddable":true,"href":"https:\/\/us.edu.pl\/wydzial\/wns\/wp-json\/wp\/v2\/comments?post=184400"}],"version-history":[{"count":2,"href":"https:\/\/us.edu.pl\/wydzial\/wns\/wp-json\/wp\/v2\/pages\/184400\/revisions"}],"predecessor-version":[{"id":184505,"href":"https:\/\/us.edu.pl\/wydzial\/wns\/wp-json\/wp\/v2\/pages\/184400\/revisions\/184505"}],"wp:attachment":[{"href":"https:\/\/us.edu.pl\/wydzial\/wns\/wp-json\/wp\/v2\/media?parent=184400"}],"curies":[{"name":"wp","href":"https:\/\/api.w.org\/{rel}","templated":true}]}}