{"id":231,"date":"2019-10-14T12:41:28","date_gmt":"2019-10-14T10:41:28","guid":{"rendered":"https:\/\/us.edu.pl\/wydzial\/wns\/?page_id=231"},"modified":"2026-03-12T12:08:49","modified_gmt":"2026-03-12T11:08:49","slug":"dziekan","status":"publish","type":"page","link":"https:\/\/us.edu.pl\/wydzial\/wns\/wydzial\/wladze\/dziekan\/","title":{"rendered":"Dziekana"},"content":{"rendered":"<p>[vc_row][vc_column]\r\n                <div class=\"text-modules reverse\">\r\n                    <div class=\"container\">\r\n                        <h3 class=\"section-title section-title_border-bottom\">Dziekana Wydzia\u0142u Nauk Spo\u0142ecznych<\/h3> \r\n                        <div class=\"row m-0\">\r\n                            <div class=\"text-modules__content\">\r\n                                <strong>dr hab. Ma\u0142gorzata My\u015bliwiec, prof. U\u015a<\/strong><\/p>\n<p><a href=\"mailto:dziekan.wns@us.edu.pl\">dziekan.wns@us.edu.pl<\/a><br \/>\n<a href=\"mailto:malgorzata.mysliwiec@us.edu.pl\">malgorzata.mysliwiec@us.edu.pl<\/a><br \/>\ntel. 032 359 11 12<\/p>\n<p><strong>Dy\u017cury:<\/strong><\/p>\n<p><strong>ul. Gra\u017cy\u0144skiego 53, 40-126 Katowice, pok. 120A<\/strong><\/p>\n<ul>\n<li>31 marca 2026 r. &#8211; wtorek 09:00 \u2013 10:00<\/li>\n<li>28 kwietnia 2026 r.- wtorek 09:00 \u2013 10:00<\/li>\n<li>19 maja 2026 r. &#8211; wtorek 10:30 \u2013 11:30<\/li>\n<\/ul>\n<ul>\n<li style=\"list-style-type: none;\"><\/li>\n<\/ul>\n<p><strong>ul. Bankowa 11, 40-007 Katowice, pok\u00f3j nr 6<\/strong><\/p>\n<ul>\n<li>31 marca 2026 r. &#8211; wtorek 10:30 \u2013 11:30<\/li>\n<li>28 kwietnia 2026 r. &#8211; wtorek 10:30 \u2013 11:30<\/li>\n<li>19 maja 2026 r. &#8211; wtorek 09:00 \u2013 10:00<\/li>\n<\/ul>\n<div class=\"mt-3\"><\/div>\r\n                            <\/div>\r\n                            \r\n                            <div class=\"text-modules__img\"><img src=\"https:\/\/us.edu.pl\/wydzial\/wns\/wp-content\/uploads\/sites\/17\/Bez-kategorii\/prof.-Mysliwiec.jpg-1-683x1024.jpg\" alt=\"img\"><\/div>\r\n                        <\/div>\r\n                    <\/div>\r\n                <\/div>[\/vc_column][\/vc_row][vc_row][vc_column][vc_column_text][\/vc_column_text][\/vc_column][\/vc_row]<\/p>","protected":false},"excerpt":{"rendered":"<p>[vc_row][vc_column][\/vc_column][\/vc_row][vc_row][vc_column][vc_column_text][\/vc_column_text][\/vc_column][\/vc_row] [&#8230;]<\/p>\n<p><a class=\"btn btn-secondary understrap-read-more-link\" href=\"https:\/\/us.edu.pl\/wydzial\/wns\/wydzial\/wladze\/dziekan\/\">Read More&#8230;<\/a><\/p>\n","protected":false},"author":1,"featured_media":0,"parent":229,"menu_order":1,"comment_status":"closed","ping_status":"closed","template":"","meta":{"_expiration-date-status":"","_expiration-date":0,"_expiration-date-type":"","_expiration-date-categories":[],"_expiration-date-options":[]},"acf":[],"_links":{"self":[{"href":"https:\/\/us.edu.pl\/wydzial\/wns\/wp-json\/wp\/v2\/pages\/231"}],"collection":[{"href":"https:\/\/us.edu.pl\/wydzial\/wns\/wp-json\/wp\/v2\/pages"}],"about":[{"href":"https:\/\/us.edu.pl\/wydzial\/wns\/wp-json\/wp\/v2\/types\/page"}],"author":[{"embeddable":true,"href":"https:\/\/us.edu.pl\/wydzial\/wns\/wp-json\/wp\/v2\/users\/1"}],"replies":[{"embeddable":true,"href":"https:\/\/us.edu.pl\/wydzial\/wns\/wp-json\/wp\/v2\/comments?post=231"}],"version-history":[{"count":10,"href":"https:\/\/us.edu.pl\/wydzial\/wns\/wp-json\/wp\/v2\/pages\/231\/revisions"}],"predecessor-version":[{"id":185195,"href":"https:\/\/us.edu.pl\/wydzial\/wns\/wp-json\/wp\/v2\/pages\/231\/revisions\/185195"}],"up":[{"embeddable":true,"href":"https:\/\/us.edu.pl\/wydzial\/wns\/wp-json\/wp\/v2\/pages\/229"}],"wp:attachment":[{"href":"https:\/\/us.edu.pl\/wydzial\/wns\/wp-json\/wp\/v2\/media?parent=231"}],"curies":[{"name":"wp","href":"https:\/\/api.w.org\/{rel}","templated":true}]}}

<p>[vc_row][vc_column]
                <div class="text-modules reverse">
                    <div class="container">
                        <h3 class="section-title section-title_border-bottom">Dziekana Wydziału Nauk Społecznych</h3> 
                        <div class="row m-0">
                            <div class="text-modules__content">
                                <strong>dr hab. Małgorzata Myśliwiec, prof. UŚ</strong></p>
<p><a href="mailto:dziekan.wns@us.edu.pl">dziekan.wns@us.edu.pl</a><br />
<a href="mailto:malgorzata.mysliwiec@us.edu.pl">malgorzata.mysliwiec@us.edu.pl</a><br />
tel. 032 359 11 12</p>
<p><strong>Dyżury:</strong></p>
<p><strong>ul. Grażyńskiego 53, 40-126 Katowice, pok. 120A</strong></p>
<ul>
<li>31 marca 2026 r. &#8211; wtorek 09:00 – 10:00</li>
<li>28 kwietnia 2026 r.- wtorek 09:00 – 10:00</li>
<li>19 maja 2026 r. &#8211; wtorek 10:30 – 11:30</li>
</ul>
<ul>
<li style="list-style-type: none;"></li>
</ul>
<p><strong>ul. Bankowa 11, 40-007 Katowice, pokój nr 6</strong></p>
<ul>
<li>31 marca 2026 r. &#8211; wtorek 10:30 – 11:30</li>
<li>28 kwietnia 2026 r. &#8211; wtorek 10:30 – 11:30</li>
<li>19 maja 2026 r. &#8211; wtorek 09:00 – 10:00</li>
</ul>
<div class="mt-3"></div>
                            </div>
                            
                            <div class="text-modules__img"><img src="https://us.edu.pl/wydzial/wns/wp-content/uploads/sites/17/Bez-kategorii/prof.-Mysliwiec.jpg-1-683x1024.jpg" alt="img"></div>
                        </div>
                    </div>
                </div>[/vc_column][/vc_row][vc_row][vc_column][vc_column_text][/vc_column_text][/vc_column][/vc_row]</p>
