{"id":233,"date":"2019-10-14T12:41:58","date_gmt":"2019-10-14T10:41:58","guid":{"rendered":"https:\/\/us.edu.pl\/wydzial\/wns\/?page_id=233"},"modified":"2026-04-24T13:25:20","modified_gmt":"2026-04-24T11:25:20","slug":"prodziekani","status":"publish","type":"page","link":"https:\/\/us.edu.pl\/wydzial\/wns\/wydzial\/wladze\/prodziekani\/","title":{"rendered":"Prodziekani"},"content":{"rendered":"<p>[vc_row][vc_column][\/vc_column][\/vc_row][vc_row][vc_column]\r\n                <div class=\"text-modules reverse\">\r\n                    <div class=\"container\">\r\n                        <h3 class=\"section-title section-title_border-bottom\">Prodziekan ds. bada\u0144 naukowych i promocji<\/h3> \r\n                        <div class=\"row m-0\">\r\n                            <div class=\"text-modules__content\">\r\n                                <strong>dr hab. \u0141ukasz Jach, prof. U\u015a<\/strong><strong><br \/>\n<\/strong><span id=\"m_-1545576971547967510gmail-cloak6b61c682f900a2f9dcccb71d2b22823a\"><a href=\"mailto:prodziekan.bnp.wns@us.edu.pl\">prodziekan.bnp.wns@us.edu.pl<\/a> (e-mail dot. spraw zwi\u0105zanych z funkcj\u0105 Prodziekana)<br \/>\n<a href=\"mailto:lukasz.jach@us.edu.pl\" target=\"_blank\" rel=\"noopener noreferrer\">lukasz.jach@us.edu.pl<br \/>\n<\/a><\/span>tel. 32 359 11 09<\/p>\n<p><strong>Dy\u017cur:\u00a0<\/strong><strong><br \/>\nul. Bankowa 11, 40-007 Katowice, pok\u00f3j nr 1A<br \/>\n<\/strong><\/p>\n<ul>\n<li>czwartek 12:00 \u2013 13:00<\/li>\n<\/ul>\n<p><strong>ul. Gra\u017cy\u0144skiego 53, 40-126 Katowice, pok. nr 120A<br \/>\n<\/strong><\/p>\n<ul>\n<li>czwartek 13:30 \u2013 14:30<\/li>\n<\/ul>\n<p>Dy\u017cury nie s\u0105 pe\u0142nione w dniach, w kt\u00f3rych odbywa si\u0119 Kolegium Wydzia\u0142u oraz w czasie sesji egzaminacyjnych. \r\n                                <div class=\"mt-3\"><\/div>\r\n                            <\/div>\r\n                            \r\n                            <div class=\"text-modules__img\"><img src=\"https:\/\/us.edu.pl\/wydzial\/wns\/wp-content\/uploads\/sites\/17\/Bez-kategorii\/dr-Lukasz-Jach-200x300.jpg\" alt=\"img\"><\/div>\r\n                        <\/div>\r\n                    <\/div>\r\n                <\/div>[\/vc_column][\/vc_row][vc_row][vc_column]\r\n                <div class=\"text-modules reverse\">\r\n                    <div class=\"container\">\r\n                        <h3 class=\"section-title section-title_border-bottom\">Prodziekana ds. wsp\u00f3\u0142pracy mi\u0119dzynarodowej i krajowej<\/h3> \r\n                        <div class=\"row m-0\">\r\n                            <div class=\"text-modules__content\">\r\n                                <strong>dr hab. Edyta Widawska, prof. U\u015a<br \/>\n<\/strong><span id=\"m_-1545576971547967510gmail-cloak08a5ec1fd1c993126e947f085b812fe0\"><a href=\"mailto:prodziekan.wmk.wns@us.edu.pl\">prodziekan.wmk.wns@us.edu.pl<\/a><br \/>\n<a href=\"mailto:edyta.widawska@us.edu.pl\">edyta.widawska@us.edu.pl\u00a0<\/a><br \/>\n<\/span><span id=\"m_-1545576971547967510gmail-cloak08a5ec1fd1c993126e947f085b812fe0\"><\/span>tel. 32 359 11 09<\/p>\n<p><strong>Dy\u017cur stacjonarny:<\/strong><br \/>\n<strong>ul. Bankowa 11, 40-007 Katowice, pok\u00f3j nr 4<\/strong><\/p>\n<ul>\n<li>w nieparzyste wtorki 11:30 &#8211; 13:00<\/li>\n<\/ul>\n<p><strong>ul. Gra\u017cy\u0144skiego 53, 40-126 Katowice, pok\u00f3j nr 426<\/strong><\/p>\n<ul>\n<li>w parzyste wtorki 11:30 \u2013 13:00<\/li>\n<\/ul>\n<p>Dy\u017cury nie s\u0105 pe\u0142nione w dniach, w kt\u00f3rych odbywa si\u0119 Kolegium Wydzia\u0142u oraz w czasie sesji egzaminacyjnych. \r\n                                <div class=\"mt-3\"><\/div>\r\n                            <\/div>\r\n                            \r\n                            <div class=\"text-modules__img\"><img src=\"https:\/\/us.edu.pl\/wydzial\/wns\/wp-content\/uploads\/sites\/17\/Bez-kategorii\/edyta-widawska-200x300.jpg\" alt=\"img\"><\/div>\r\n                        <\/div>\r\n                    <\/div>\r\n                <\/div>[\/vc_column][\/vc_row][vc_row][vc_column]\r\n                <div class=\"text-modules reverse\">\r\n                    <div class=\"container\">\r\n                        <h3 class=\"section-title section-title_border-bottom\">Prodziekan ds. studenckich i kszta\u0142cenia<\/h3> \r\n                        <div class=\"row m-0\">\r\n                            <div class=\"text-modules__content\">\r\n                                <strong>dr Monika \u017bak<br \/>\n<\/strong><span id=\"m_-1545576971547967510gmail-cloak76469356973a3e365826f134d46bd64b\"><a href=\"mailto:prodziekan.sk.wns@us.edu.pl\">prodziekan.sk.wns@us.edu.pl<\/a><a target=\"_blank\" rel=\"noopener noreferrer\"><br \/>\n<\/a><\/span>tel. 32 359 11 09<\/p>\n<p><strong>Dy\u017cur stacjonarny:<br \/>\n<\/strong><strong>ul. Bankowa 11, 40-007 Katowice, pok\u00f3j nr 2<br \/>\n<\/strong><\/p>\n<ul>\n<li>wtorek 13:30 \u2013 14:30<\/li>\n<\/ul>\n<p><strong>ul. Gra\u017cy\u0144skiego 53, 40-126 Katowice, pok\u00f3j nr 120A<br \/>\n<\/strong><\/p>\n<ul>\n<li>wtorek 8:30 \u2013 9:30<\/li>\n<\/ul>\n<p>Dy\u017cury nie s\u0105 pe\u0142nione w dniach, w kt\u00f3rych odbywa si\u0119 Kolegium Wydzia\u0142u oraz w czasie sesji egzaminacyjnych.<\/p>\n<p><strong>Uwaga! Dy\u017cur przeniesiony z wtorku (28.04) na \u015brod\u0119 (29.04) w godz. 13:00-13:45 w pok. 2 (ul. Bankowa)<\/strong> \r\n                                <div class=\"mt-3\"><\/div>\r\n                            <\/div>\r\n                            \r\n                            <div class=\"text-modules__img\"><img src=\"https:\/\/us.edu.pl\/wydzial\/wns\/wp-content\/uploads\/sites\/17\/Bez-kategorii\/mon-zak-217x300.jpg\" alt=\"img\"><\/div>\r\n                        <\/div>\r\n                    <\/div>\r\n                <\/div>[\/vc_column][\/vc_row]<\/p>","protected":false},"excerpt":{"rendered":"<p>[vc_row][vc_column][\/vc_column][\/vc_row][vc_row][vc_column][\/vc_column][\/vc_row][vc_row][vc_column][\/vc_column][\/vc_row][vc_row][vc_column][\/vc_column][\/vc_row] [&#8230;]<\/p>\n<p><a class=\"btn btn-secondary understrap-read-more-link\" href=\"https:\/\/us.edu.pl\/wydzial\/wns\/wydzial\/wladze\/prodziekani\/\">Read More&#8230;<\/a><\/p>\n","protected":false},"author":1,"featured_media":0,"parent":229,"menu_order":2,"comment_status":"closed","ping_status":"closed","template":"","meta":{"_expiration-date-status":"","_expiration-date":0,"_expiration-date-type":"","_expiration-date-categories":[],"_expiration-date-options":[]},"acf":[],"_links":{"self":[{"href":"https:\/\/us.edu.pl\/wydzial\/wns\/wp-json\/wp\/v2\/pages\/233"}],"collection":[{"href":"https:\/\/us.edu.pl\/wydzial\/wns\/wp-json\/wp\/v2\/pages"}],"about":[{"href":"https:\/\/us.edu.pl\/wydzial\/wns\/wp-json\/wp\/v2\/types\/page"}],"author":[{"embeddable":true,"href":"https:\/\/us.edu.pl\/wydzial\/wns\/wp-json\/wp\/v2\/users\/1"}],"replies":[{"embeddable":true,"href":"https:\/\/us.edu.pl\/wydzial\/wns\/wp-json\/wp\/v2\/comments?post=233"}],"version-history":[{"count":10,"href":"https:\/\/us.edu.pl\/wydzial\/wns\/wp-json\/wp\/v2\/pages\/233\/revisions"}],"predecessor-version":[{"id":185895,"href":"https:\/\/us.edu.pl\/wydzial\/wns\/wp-json\/wp\/v2\/pages\/233\/revisions\/185895"}],"up":[{"embeddable":true,"href":"https:\/\/us.edu.pl\/wydzial\/wns\/wp-json\/wp\/v2\/pages\/229"}],"wp:attachment":[{"href":"https:\/\/us.edu.pl\/wydzial\/wns\/wp-json\/wp\/v2\/media?parent=233"}],"curies":[{"name":"wp","href":"https:\/\/api.w.org\/{rel}","templated":true}]}}

<p>[vc_row][vc_column][/vc_column][/vc_row][vc_row][vc_column]
                <div class="text-modules reverse">
                    <div class="container">
                        <h3 class="section-title section-title_border-bottom">Prodziekan ds. badań naukowych i promocji</h3> 
                        <div class="row m-0">
                            <div class="text-modules__content">
                                <strong>dr hab. Łukasz Jach, prof. UŚ</strong><strong><br />
</strong><span id="m_-1545576971547967510gmail-cloak6b61c682f900a2f9dcccb71d2b22823a"><a href="mailto:prodziekan.bnp.wns@us.edu.pl">prodziekan.bnp.wns@us.edu.pl</a> (e-mail dot. spraw związanych z funkcją Prodziekana)<br />
<a href="mailto:lukasz.jach@us.edu.pl" target="_blank" rel="noopener noreferrer">lukasz.jach@us.edu.pl<br />
</a></span>tel. 32 359 11 09</p>
<p><strong>Dyżur: </strong><strong><br />
ul. Bankowa 11, 40-007 Katowice, pokój nr 1A<br />
</strong></p>
<ul>
<li>czwartek 12:00 – 13:00</li>
</ul>
<p><strong>ul. Grażyńskiego 53, 40-126 Katowice, pok. nr 120A<br />
</strong></p>
<ul>
<li>czwartek 13:30 – 14:30</li>
</ul>
<p>Dyżury nie są pełnione w dniach, w których odbywa się Kolegium Wydziału oraz w czasie sesji egzaminacyjnych. 
                                <div class="mt-3"></div>
                            </div>
                            
                            <div class="text-modules__img"><img src="https://us.edu.pl/wydzial/wns/wp-content/uploads/sites/17/Bez-kategorii/dr-Lukasz-Jach-200x300.jpg" alt="img"></div>
                        </div>
                    </div>
                </div>[/vc_column][/vc_row][vc_row][vc_column]
                <div class="text-modules reverse">
                    <div class="container">
                        <h3 class="section-title section-title_border-bottom">Prodziekana ds. współpracy międzynarodowej i krajowej</h3> 
                        <div class="row m-0">
                            <div class="text-modules__content">
                                <strong>dr hab. Edyta Widawska, prof. UŚ<br />
</strong><span id="m_-1545576971547967510gmail-cloak08a5ec1fd1c993126e947f085b812fe0"><a href="mailto:prodziekan.wmk.wns@us.edu.pl">prodziekan.wmk.wns@us.edu.pl</a><br />
<a href="mailto:edyta.widawska@us.edu.pl">edyta.widawska@us.edu.pl </a><br />
</span><span id="m_-1545576971547967510gmail-cloak08a5ec1fd1c993126e947f085b812fe0"></span>tel. 32 359 11 09</p>
<p><strong>Dyżur stacjonarny:</strong><br />
<strong>ul. Bankowa 11, 40-007 Katowice, pokój nr 4</strong></p>
<ul>
<li>w nieparzyste wtorki 11:30 &#8211; 13:00</li>
</ul>
<p><strong>ul. Grażyńskiego 53, 40-126 Katowice, pokój nr 426</strong></p>
<ul>
<li>w parzyste wtorki 11:30 – 13:00</li>
</ul>
<p>Dyżury nie są pełnione w dniach, w których odbywa się Kolegium Wydziału oraz w czasie sesji egzaminacyjnych. 
                                <div class="mt-3"></div>
                            </div>
                            
                            <div class="text-modules__img"><img src="https://us.edu.pl/wydzial/wns/wp-content/uploads/sites/17/Bez-kategorii/edyta-widawska-200x300.jpg" alt="img"></div>
                        </div>
                    </div>
                </div>[/vc_column][/vc_row][vc_row][vc_column]
                <div class="text-modules reverse">
                    <div class="container">
                        <h3 class="section-title section-title_border-bottom">Prodziekan ds. studenckich i kształcenia</h3> 
                        <div class="row m-0">
                            <div class="text-modules__content">
                                <strong>dr Monika Żak<br />
</strong><span id="m_-1545576971547967510gmail-cloak76469356973a3e365826f134d46bd64b"><a href="mailto:prodziekan.sk.wns@us.edu.pl">prodziekan.sk.wns@us.edu.pl</a><a target="_blank" rel="noopener noreferrer"><br />
</a></span>tel. 32 359 11 09</p>
<p><strong>Dyżur stacjonarny:<br />
</strong><strong>ul. Bankowa 11, 40-007 Katowice, pokój nr 2<br />
</strong></p>
<ul>
<li>wtorek 13:30 – 14:30</li>
</ul>
<p><strong>ul. Grażyńskiego 53, 40-126 Katowice, pokój nr 120A<br />
</strong></p>
<ul>
<li>wtorek 8:30 – 9:30</li>
</ul>
<p>Dyżury nie są pełnione w dniach, w których odbywa się Kolegium Wydziału oraz w czasie sesji egzaminacyjnych.</p>
<p><strong>Uwaga! Dyżur przeniesiony z wtorku (28.04) na środę (29.04) w godz. 13:00-13:45 w pok. 2 (ul. Bankowa)</strong> 
                                <div class="mt-3"></div>
                            </div>
                            
                            <div class="text-modules__img"><img src="https://us.edu.pl/wydzial/wns/wp-content/uploads/sites/17/Bez-kategorii/mon-zak-217x300.jpg" alt="img"></div>
                        </div>
                    </div>
                </div>[/vc_column][/vc_row]</p>
