{"id":235,"date":"2019-10-14T12:42:21","date_gmt":"2019-10-14T10:42:21","guid":{"rendered":"https:\/\/us.edu.pl\/wydzial\/wns\/?page_id=235"},"modified":"2025-11-05T09:33:29","modified_gmt":"2025-11-05T08:33:29","slug":"kolegium-wydzialu","status":"publish","type":"page","link":"https:\/\/us.edu.pl\/wydzial\/wns\/wydzial\/wladze\/kolegium-wydzialu\/","title":{"rendered":"Kolegium Wydzia\u0142u"},"content":{"rendered":"<p>[vc_row][vc_column]\r\n                <div class=\"text-modules\">\r\n                    <div class=\"container\">\r\n                        \r\n                        <div class=\"text-modules__content\"><p><a href=\"https:\/\/us.edu.pl\/wydzial\/wns\/wp-content\/uploads\/sites\/17\/Bez-kategorii\/Terminy-posiedzen-KWNS-2025-2026.docx\" class=\"mtli_attachment mtli_docx\" class=\"mtli_attachment mtli_docx\">Terminy posiedze\u0144 KWNS 2025-2026<\/a><\/p>\n<p>&nbsp;<\/p>\n<p><a href=\"https:\/\/us.edu.pl\/wydzial\/wns\/wp-content\/uploads\/sites\/17\/Bez-kategorii\/Regulamin-KWNS.pdf\" class=\"mtli_attachment mtli_pdf\" class=\"mtli_attachment mtli_pdf\">Regulamin KWNS<\/a><\/p>\n<\/div>\r\n                    <\/div>\r\n                <\/div>\r\n                <div class=\"text-modules\">\r\n                    <div class=\"container\">\r\n                        <h3 class=\"page-title text__title\">Kolegium Wydzia\u0142u<\/h3>\r\n                        <div class=\"text-modules__content\"><p>Przewodnicz\u0105cy Kolegium Wydzia\u0142u Nauk Spo\u0142ecznych:<\/p>\n<p>dr hab. Ma\u0142gorzata My\u015bliwiec, prof. U\u015a<br \/>\nDziekana Wydzia\u0142u Nauk Spo\u0142ecznych<\/p>\n<p>Cz\u0142onkowie Kolegium Wydzia\u0142u Nauk Spo\u0142ecznych:<\/p>\n<p>dr\u00a0Monika \u017bak<br \/>\nProdziekan ds. studenckich i kszta\u0142cenia<\/p>\n<p>dr hab. \u0141ukasz Jach, prof. U\u015a<br \/>\nProdziekan ds. bada\u0144 naukowych i promocji<\/p>\n<p>dr hab.\u00a0Edyta Widawska, prof. U\u015a<br \/>\nProdziekan ds. wsp\u00f3\u0142pracy mi\u0119dzynarodowej i krajowej<\/p>\n<p>dr hab. Mariusz Kolczy\u0144ski, prof. U\u015a<br \/>\nDyrektor Instytutu Dziennikarstwa i Komunikacji Medialnej<\/p>\n<p>dr Maciej Marmola<br \/>\nDyrektor Instytutu Nauk Politycznych<\/p>\n<p>dr hab. Irena Polewczyk, prof. U\u015a<br \/>\nDyrektor Instytutu Pedagogiki<\/p>\n<p>dr hab. Katarzyna \u015alebarska, prof. U\u015a<br \/>\nDyrektor Instytutu Psychologii<\/p>\n<p>dr hab. Rafa\u0142 Muster, prof. U\u015a<br \/>\nDyrektor Instytutu Socjologii<\/p>\n<p>dr hab. Miros\u0142awa Wielopolska-Szymura<br \/>\nDyrektor Kierunku Dziennikarstwo i komunikacja spo\u0142eczna<\/p>\n<p>dr Renata Jankowska, prof. U\u015a<br \/>\nDyrektor Kierunku Bezpiecze\u0144stwo narodowe i mi\u0119dzynarodowe, Doradztwo polityczne i publiczne, Politologia, Mi\u0119dzynarodowe studia nauk politycznych i dyplomacji<\/p>\n<p>prof. dr hab. Maciej Bernasiewicz<br \/>\nDyrektor Kierunku Arteterapia, Pedagogika, Pedagogika specjalna, Pedagogika przedszkolna i wczesnoszkolna<\/p>\n<p>dr Maciej Janowski<br \/>\nDyrektor Kierunku Psychologia<\/p>\n<p>dr Agata Zygmunt-Ziemianek<br \/>\nDyrektor Kierunku Polityki miejskie i doradztwo publiczne, Praca socjalna, Socjologia, Zarzadzanie zasobami ludzkimi, Zarz\u0105dzanie zasobami ludzkimi w organizacji<\/p>\n<p>mgr Monika Tereszko<br \/>\nKierownik Organizacyjny Wydzia\u0142u Nauk Spo\u0142ecznych<\/p>\n<\/div>\r\n                    <\/div>\r\n                <\/div>[\/vc_column][\/vc_row]<\/p>","protected":false},"excerpt":{"rendered":"<p>[vc_row][vc_column][\/vc_column][\/vc_row] [&#8230;]<\/p>\n<p><a class=\"btn btn-secondary understrap-read-more-link\" href=\"https:\/\/us.edu.pl\/wydzial\/wns\/wydzial\/wladze\/kolegium-wydzialu\/\">Read More&#8230;<\/a><\/p>\n","protected":false},"author":1,"featured_media":0,"parent":229,"menu_order":0,"comment_status":"closed","ping_status":"closed","template":"","meta":{"_expiration-date-status":"","_expiration-date":0,"_expiration-date-type":"","_expiration-date-categories":[],"_expiration-date-options":[]},"acf":[],"_links":{"self":[{"href":"https:\/\/us.edu.pl\/wydzial\/wns\/wp-json\/wp\/v2\/pages\/235"}],"collection":[{"href":"https:\/\/us.edu.pl\/wydzial\/wns\/wp-json\/wp\/v2\/pages"}],"about":[{"href":"https:\/\/us.edu.pl\/wydzial\/wns\/wp-json\/wp\/v2\/types\/page"}],"author":[{"embeddable":true,"href":"https:\/\/us.edu.pl\/wydzial\/wns\/wp-json\/wp\/v2\/users\/1"}],"replies":[{"embeddable":true,"href":"https:\/\/us.edu.pl\/wydzial\/wns\/wp-json\/wp\/v2\/comments?post=235"}],"version-history":[{"count":11,"href":"https:\/\/us.edu.pl\/wydzial\/wns\/wp-json\/wp\/v2\/pages\/235\/revisions"}],"predecessor-version":[{"id":182998,"href":"https:\/\/us.edu.pl\/wydzial\/wns\/wp-json\/wp\/v2\/pages\/235\/revisions\/182998"}],"up":[{"embeddable":true,"href":"https:\/\/us.edu.pl\/wydzial\/wns\/wp-json\/wp\/v2\/pages\/229"}],"wp:attachment":[{"href":"https:\/\/us.edu.pl\/wydzial\/wns\/wp-json\/wp\/v2\/media?parent=235"}],"curies":[{"name":"wp","href":"https:\/\/api.w.org\/{rel}","templated":true}]}}

Kolegium Wydziału

<p>[vc_row][vc_column]
                <div class="text-modules">
                    <div class="container">
                        
                        <div class="text-modules__content"><p><a href="https://us.edu.pl/wydzial/wns/wp-content/uploads/sites/17/Bez-kategorii/Terminy-posiedzen-KWNS-2025-2026.docx" class="mtli_attachment mtli_docx" class="mtli_attachment mtli_docx">Terminy posiedzeń KWNS 2025-2026</a></p>
<p>&nbsp;</p>
<p><a href="https://us.edu.pl/wydzial/wns/wp-content/uploads/sites/17/Bez-kategorii/Regulamin-KWNS.pdf" class="mtli_attachment mtli_pdf" class="mtli_attachment mtli_pdf">Regulamin KWNS</a></p>
</div>
                    </div>
                </div>
                <div class="text-modules">
                    <div class="container">
                        <h3 class="page-title text__title">Kolegium Wydziału</h3>
                        <div class="text-modules__content"><p>Przewodniczący Kolegium Wydziału Nauk Społecznych:</p>
<p>dr hab. Małgorzata Myśliwiec, prof. UŚ<br />
Dziekana Wydziału Nauk Społecznych</p>
<p>Członkowie Kolegium Wydziału Nauk Społecznych:</p>
<p>dr Monika Żak<br />
Prodziekan ds. studenckich i kształcenia</p>
<p>dr hab. Łukasz Jach, prof. UŚ<br />
Prodziekan ds. badań naukowych i promocji</p>
<p>dr hab. Edyta Widawska, prof. UŚ<br />
Prodziekan ds. współpracy międzynarodowej i krajowej</p>
<p>dr hab. Mariusz Kolczyński, prof. UŚ<br />
Dyrektor Instytutu Dziennikarstwa i Komunikacji Medialnej</p>
<p>dr Maciej Marmola<br />
Dyrektor Instytutu Nauk Politycznych</p>
<p>dr hab. Irena Polewczyk, prof. UŚ<br />
Dyrektor Instytutu Pedagogiki</p>
<p>dr hab. Katarzyna Ślebarska, prof. UŚ<br />
Dyrektor Instytutu Psychologii</p>
<p>dr hab. Rafał Muster, prof. UŚ<br />
Dyrektor Instytutu Socjologii</p>
<p>dr hab. Mirosława Wielopolska-Szymura<br />
Dyrektor Kierunku Dziennikarstwo i komunikacja społeczna</p>
<p>dr Renata Jankowska, prof. UŚ<br />
Dyrektor Kierunku Bezpieczeństwo narodowe i międzynarodowe, Doradztwo polityczne i publiczne, Politologia, Międzynarodowe studia nauk politycznych i dyplomacji</p>
<p>prof. dr hab. Maciej Bernasiewicz<br />
Dyrektor Kierunku Arteterapia, Pedagogika, Pedagogika specjalna, Pedagogika przedszkolna i wczesnoszkolna</p>
<p>dr Maciej Janowski<br />
Dyrektor Kierunku Psychologia</p>
<p>dr Agata Zygmunt-Ziemianek<br />
Dyrektor Kierunku Polityki miejskie i doradztwo publiczne, Praca socjalna, Socjologia, Zarzadzanie zasobami ludzkimi, Zarządzanie zasobami ludzkimi w organizacji</p>
<p>mgr Monika Tereszko<br />
Kierownik Organizacyjny Wydziału Nauk Społecznych</p>
</div>
                    </div>
                </div>[/vc_column][/vc_row]</p>
