{"id":2757,"date":"2020-05-19T17:51:14","date_gmt":"2020-05-19T15:51:14","guid":{"rendered":"https:\/\/us.edu.pl\/wydzial\/wns\/?page_id=2757"},"modified":"2022-05-26T11:49:14","modified_gmt":"2022-05-26T09:49:14","slug":"aktywnosc-studentow","status":"publish","type":"page","link":"https:\/\/us.edu.pl\/wydzial\/wns\/sprawy-studenckie\/aktywnosc-studencka\/aktywnosc-studentow\/","title":{"rendered":"Aktywno\u015b\u0107 student\u00f3w"},"content":{"rendered":"<p>[vc_row][vc_column]\r\n                <div class=\"text-modules\">\r\n                    <div class=\"container\">\r\n                        <h3 class=\"page-title text__title\">Spot wyborczy student\u00f3w doradztwa politycznego i publicznego<\/h3>\r\n                        <div class=\"text-modules__content\"><p>Studenci w ramach zaj\u0119\u0107 z marketingu politycznego ucz\u0105 si\u0119, jak przygotowa\u0107 spot wyborczy. Zobaczcie efekty projektu zrealizowanego pod okiem dr Agaty Olszaneckiej-Marmoli.<\/p>\n<\/div>\r\n                    <\/div>\r\n                <\/div>[\/vc_column][\/vc_row][vc_row][vc_column width=&#8221;1\/2&#8243;][vc_video link=&#8221;https:\/\/youtu.be\/3FxfmdasRDg&#8221; el_width=&#8221;90&#8243; align=&#8221;center&#8221; title=&#8221;Nie mo\u017cemy d\u0142u\u017cej czeka\u0107 &#8211; spot student\u00f3w DPiP&#8221;][\/vc_column][vc_column width=&#8221;1\/2&#8243;][vc_video link=&#8221;https:\/\/www.youtube.com\/watch?v=WysPWqK9R5I&#8221; el_width=&#8221;90&#8243; align=&#8221;center&#8221; title=&#8221;Making of&#8221;][\/vc_column][\/vc_row][vc_row][vc_column]\r\n\t\t\t\t<div class='container'>\r\n\t\t\t\t\t<div class='list-links list-links_'>\r\n\t\t\t\t\t\t  <h2 class='section-title'>Debaty i spotkania Ko\u0142a Naukowego Doradztwa Politycznego U\u015a<\/h2>\r\n\t\t\t\t\t\t  <ul>\r\n\t\t\t\t\t\t\t\t<li><a href='https:\/\/us.edu.pl\/instytut\/inp\/debaty-i-spotkania-kola-naukowego-doradztwa-politycznego-us\/'><p>Debaty i spotkania Ko\u0142a Naukowego Doradztwa Politycznego U\u015a<\/p><\/a><\/li><\/ul>\r\n\t\t\t\t\t<\/div>\r\n\t\t\t\t<\/div>   \r\n\t\t\t\t\t\r\n\t\t\t\t<div class='container'>\r\n\t\t\t\t\t<div class='list-links list-links_'>\r\n\t\t\t\t\t\t  <h2 class='section-title'>\u201cPolska polityka i spo\u0142ecze\u0144stwo\u201d \u2013 pod takim has\u0142em odby\u0142a si\u0119 pierwsza Studencka Konferencja Naukowa organizowana przez Ko\u0142o Naukowe Doradztwa Politycznego U\u015a<\/h2>\r\n\t\t\t\t\t\t  <ul>\r\n\t\t\t\t\t\t\t\t<li><a href='https:\/\/us.edu.pl\/instytut\/inp\/polska-polityka-i-spoleczenstwo\/'><p>Studencka konferencja \"Polska polityka i spo\u0142ecze\u0144stwo\"<\/p><\/a><\/li><\/ul>\r\n\t\t\t\t\t<\/div>\r\n\t\t\t\t<\/div>   \r\n\t\t\t\t\t[\/vc_column][\/vc_row][vc_row][vc_column]\r\n                <div class=\"text-modules\">\r\n                    <div class=\"container\">\r\n                        <h3 class=\"page-title text__title\">Studenci psychologii t\u0142umacz\u0105, jak dzia\u0142a cz\u0142owiek<\/h3>\r\n                        <div class=\"text-modules__content\"><p>Dni Otwarte WNS 2020<\/p>\n<p>Internetowa Galeria Osi\u0105gni\u0119\u0107 Studenckich<\/p>\n<p>Studenci i studentki I roku kierunku Psychologia na WNS U\u015a w ramach \u0107wicze\u0144 z przedmiotu Poznawcza Psychologia Stosowana realizowali zadania projektowe. Celem ka\u017cdego z zada\u0144 by\u0142o znalezienie zastosowania dla nabywanej, w trakcie semestru, wiedzy. Powsta\u0142o wiele niezwyk\u0142ych prac: projekty aplikacji, infografik, plakat\u00f3w, baner\u00f3w, pomys\u0142y wystaw tematycznych, teksty literackie. Wybrali\u015bmy najciekawsze, by\u015bcie mogli zapozna\u0107 si\u0119 z naukow\u0105 psychologi\u0105 w u\u017cytkowym wydaniu i podziwia\u0107 kreatywno\u015b\u0107 Tych, kt\u00f3rzy s\u0105 naszymi studentami.<br \/>\nPrzyjemnej i wzbogacaj\u0105cej wizyty w Galerii Osi\u0105gni\u0119\u0107 Studenckich 2020.<\/p>\n<p>dr Teresa Sikora<\/p>\n<ol>\n<li><strong> <a href=\"https:\/\/us.edu.pl\/wydzial\/wns\/wp-content\/uploads\/sites\/17\/2020\/05\/NS-Madrosc-i-glupota-poznawczo.pdf\" class=\"mtli_attachment mtli_pdf\" data-mtli=\"mtli_filesize1,25MB\" class=\"mtli_attachment mtli_pdf\" data-mtli=\"mtli_filesize1,25MB\">M\u0105dro\u015b\u0107 i g\u0142upota poznawczo<\/a> <\/strong>[infografika]<br \/>\nMagdalena Arde\u0144ska, Agata Bizo\u0144, Jakub Glogowski, Anna Golec, Alicja Janiec, Weronika Majerek, Daria Mu\u015b<\/li>\n<li><strong><a href=\"https:\/\/us.edu.pl\/wydzial\/wns\/wp-content\/uploads\/sites\/17\/Nieprzypisane\/Prawo-Webera-Fechnera-bajka-romantyczna-1.pdf\" class=\"mtli_attachment mtli_pdf\" data-mtli=\"mtli_filesize839,65kB\" class=\"mtli_attachment mtli_pdf\" data-mtli=\"mtli_filesize839,65kB\">Zastosowanie prawa Webera-Fechnera<\/a>\u00a0 <\/strong>[plakat+bajka]Wiktoria Wala, Julia Zawierucha, Marta Trojner, Julia Sojka, Karolina Musia\u0142owska, Patrycja Zwoli\u0144ska<br \/>\n<strong><img class=\"alignnone wp-image-2821 size-full\" src=\"https:\/\/us.edu.pl\/wydzial\/wns\/wp-content\/uploads\/sites\/17\/Nieprzypisane\/Prawo-Webera-Fechnera-1.png\" alt=\"Plakat przedstawiaj\u0105cy m\u0142od\u0105 par\u0119 ilustruj\u0105cy prawo Webera-Fechnera z podpisem &quot;Nie ma nic w umy\u015ble, czego nie by\u0142oby wcze\u015bniej w zmys\u0142ach&quot;\" width=\"169\" height=\"240\" \/><\/strong><\/li>\n<li><strong><a href=\"https:\/\/us.edu.pl\/wydzial\/wns\/wp-content\/uploads\/sites\/17\/Nieprzypisane\/Proces-tw\u00f3rczy-1.pdf\" class=\"mtli_attachment mtli_pdf\" data-mtli=\"mtli_filesize1,85MB\" class=\"mtli_attachment mtli_pdf\" data-mtli=\"mtli_filesize1,85MB\">Proces tw\u00f3rczy jako mediator funkcjonowania poznawczego<\/a> <\/strong>[projekt wystawy interaktywnej]<br \/>\nDominika Kostyra, Aleksandra Soko\u0142owska, Natalia Szwarc, Jakub Wrzyciel, Weronika Wypler<\/li>\n<li><strong> <a href=\"https:\/\/us.edu.pl\/wydzial\/wns\/wp-content\/uploads\/sites\/17\/Nieprzypisane\/Wysi\u0142ek-a-zm\u0119czenie-poznawcze-1.pdf\" class=\"mtli_attachment mtli_pdf\" data-mtli=\"mtli_filesize542,54kB\" class=\"mtli_attachment mtli_pdf\" data-mtli=\"mtli_filesize542,54kB\">Wysi\u0142ek a zm\u0119czenie poznawcze<\/a> <\/strong>[infografika]<br \/>\nSiemieniec Ewa, Aleksander W\u00f3jcik, Sebastian Warzeszak<\/li>\n<li><strong> <a href=\"https:\/\/us.edu.pl\/wydzial\/wns\/wp-content\/uploads\/sites\/17\/Nieprzypisane\/Zasady-i-techniki-odpami\u0119tywania-1.pdf\" class=\"mtli_attachment mtli_pdf\" data-mtli=\"mtli_filesize1,48MB\" class=\"mtli_attachment mtli_pdf\" data-mtli=\"mtli_filesize1,48MB\">Zasady i techniki odpami\u0119tywania<\/a> <\/strong>[wystawa obraz\u00f3w]<br \/>\nMarta Parysz, Magda Mosz, Lena Pyrkosz, Aleksandra Mrowi\u0144ska, Karolina Musialik<\/li>\n<li><strong> <a href=\"https:\/\/us.edu.pl\/wydzial\/wns\/wp-content\/uploads\/sites\/17\/Nieprzypisane\/Zasady-komunikacji-w-sytuacji-ekstremalnej-9.pdf\" class=\"mtli_attachment mtli_pdf\" data-mtli=\"mtli_filesize527,90kB\" class=\"mtli_attachment mtli_pdf\" data-mtli=\"mtli_filesize527,90kB\">Zasady komunikacji w sytuacji ekstremalnej<\/a><\/strong> [infografika]<br \/>\nSzczotka Agnieszka, Aleksandra Stroka, Roksana Skrobiranda, Sebastian Warzeszak oraz Natalia Szwarc<\/li>\n<li><strong> <a href=\"https:\/\/us.edu.pl\/wydzial\/wns\/wp-content\/uploads\/sites\/17\/Nieprzypisane\/Wykorzystanie-PP-w-reklamie-plakat.pdf\" class=\"mtli_attachment mtli_pdf\" data-mtli=\"mtli_filesize352,49kB\" class=\"mtli_attachment mtli_pdf\" data-mtli=\"mtli_filesize352,49kB\">Wykorzystanie psychologii poznawczej w reklamie plakat<\/a> <\/strong>[plakat+<a href=\"https:\/\/us.edu.pl\/wydzial\/wns\/wp-content\/uploads\/sites\/17\/Nieprzypisane\/Wykorzystanie-PP-w-reklamie-baner.pdf\" class=\"mtli_attachment mtli_pdf\" data-mtli=\"mtli_filesize60,16kB\" class=\"mtli_attachment mtli_pdf\" data-mtli=\"mtli_filesize60,16kB\">baner<\/a>]<br \/>\nPaulina Korgel, Natalia Kotnis, Aleksandra Krzych, Marta Maro\u0144, Karolina Por\u0119bska<\/li>\n<li><strong> <a href=\"https:\/\/us.edu.pl\/wydzial\/wns\/wp-content\/uploads\/sites\/17\/Nieprzypisane\/Szkic-aplikacji-Pamietnik_poznawczy.pdf\" class=\"mtli_attachment mtli_pdf\" data-mtli=\"mtli_filesize4,17MB\" class=\"mtli_attachment mtli_pdf\" data-mtli=\"mtli_filesize4,17MB\">Pamietnik_poznawczy<\/a> <\/strong>[szkic aplikacji]<br \/>\nDaria Rzepisko, Ewa Siemieniec, Ma\u0142gorzata \u015alefarska, Marta \u015al\u0119zak, Jakub Wrzyciel, Anna Zaremba<\/li>\n<\/ol>\n<p>\n<style type=\"text\/css\">a[data-mtli~=\"mtli_filesize1,25MB\"]:after {content:\" (1,25 MB)\"}a[data-mtli~=\"mtli_filesize839,65kB\"]:after {content:\" (839,65 kB)\"}a[data-mtli~=\"mtli_filesize1,85MB\"]:after {content:\" (1,85 MB)\"}a[data-mtli~=\"mtli_filesize542,54kB\"]:after {content:\" (542,54 kB)\"}a[data-mtli~=\"mtli_filesize1,48MB\"]:after {content:\" (1,48 MB)\"}a[data-mtli~=\"mtli_filesize527,90kB\"]:after {content:\" (527,90 kB)\"}a[data-mtli~=\"mtli_filesize352,49kB\"]:after {content:\" (352,49 kB)\"}a[data-mtli~=\"mtli_filesize60,16kB\"]:after {content:\" (60,16 kB)\"}a[data-mtli~=\"mtli_filesize4,17MB\"]:after {content:\" (4,17 MB)\"}<\/style><\/div>\r\n                    <\/div>\r\n                <\/div>[\/vc_column][\/vc_row]<\/p>\n<style type=\"text\/css\">a[data-mtli~=\"mtli_filesize1,25MB\"]:after {content:\" (1,25 MB)\"}a[data-mtli~=\"mtli_filesize839,65kB\"]:after {content:\" (839,65 kB)\"}a[data-mtli~=\"mtli_filesize1,85MB\"]:after {content:\" (1,85 MB)\"}a[data-mtli~=\"mtli_filesize542,54kB\"]:after {content:\" (542,54 kB)\"}a[data-mtli~=\"mtli_filesize1,48MB\"]:after {content:\" (1,48 MB)\"}a[data-mtli~=\"mtli_filesize527,90kB\"]:after {content:\" (527,90 kB)\"}a[data-mtli~=\"mtli_filesize352,49kB\"]:after {content:\" (352,49 kB)\"}a[data-mtli~=\"mtli_filesize60,16kB\"]:after {content:\" (60,16 kB)\"}a[data-mtli~=\"mtli_filesize4,17MB\"]:after {content:\" (4,17 MB)\"}<\/style>","protected":false},"excerpt":{"rendered":"<p>[vc_row][vc_column][\/vc_column][\/vc_row][vc_row][vc_column width=&#8221;1\/2&#8243;][vc_video link=&#8221;https:\/\/youtu.be\/3FxfmdasRDg&#8221; el_width=&#8221;90&#8243; align=&#8221;center&#8221; title=&#8221;Nie mo\u017cemy d\u0142u\u017cej czeka\u0107 &#8211; spot student\u00f3w DPiP&#8221;][\/vc_column][vc_column width=&#8221;1\/2&#8243;][vc_video link=&#8221;https:\/\/www.youtube.com\/watch?v=WysPWqK9R5I&#8221; el_width=&#8221;90&#8243; align=&#8221;center&#8221; title=&#8221;Making of&#8221;][\/vc_column][\/vc_row][vc_row][vc_column][\/vc_column][\/vc_row][vc_row][vc_column][\/vc_column][\/vc_row] [&#8230;]<\/p>\n<p><a class=\"btn btn-secondary understrap-read-more-link\" href=\"https:\/\/us.edu.pl\/wydzial\/wns\/sprawy-studenckie\/aktywnosc-studencka\/aktywnosc-studentow\/\">Read More&#8230;<\/a><\/p>\n","protected":false},"author":133,"featured_media":2826,"parent":350,"menu_order":0,"comment_status":"closed","ping_status":"closed","template":"","meta":{"_expiration-date-status":"","_expiration-date":0,"_expiration-date-type":"","_expiration-date-categories":[],"_expiration-date-options":[]},"acf":[],"_links":{"self":[{"href":"https:\/\/us.edu.pl\/wydzial\/wns\/wp-json\/wp\/v2\/pages\/2757"}],"collection":[{"href":"https:\/\/us.edu.pl\/wydzial\/wns\/wp-json\/wp\/v2\/pages"}],"about":[{"href":"https:\/\/us.edu.pl\/wydzial\/wns\/wp-json\/wp\/v2\/types\/page"}],"author":[{"embeddable":true,"href":"https:\/\/us.edu.pl\/wydzial\/wns\/wp-json\/wp\/v2\/users\/133"}],"replies":[{"embeddable":true,"href":"https:\/\/us.edu.pl\/wydzial\/wns\/wp-json\/wp\/v2\/comments?post=2757"}],"version-history":[{"count":10,"href":"https:\/\/us.edu.pl\/wydzial\/wns\/wp-json\/wp\/v2\/pages\/2757\/revisions"}],"predecessor-version":[{"id":9677,"href":"https:\/\/us.edu.pl\/wydzial\/wns\/wp-json\/wp\/v2\/pages\/2757\/revisions\/9677"}],"up":[{"embeddable":true,"href":"https:\/\/us.edu.pl\/wydzial\/wns\/wp-json\/wp\/v2\/pages\/350"}],"wp:featuredmedia":[{"embeddable":true,"href":"https:\/\/us.edu.pl\/wydzial\/wns\/wp-json\/wp\/v2\/media\/2826"}],"wp:attachment":[{"href":"https:\/\/us.edu.pl\/wydzial\/wns\/wp-json\/wp\/v2\/media?parent=2757"}],"curies":[{"name":"wp","href":"https:\/\/api.w.org\/{rel}","templated":true}]}}