{"id":3064,"date":"2020-06-24T11:10:50","date_gmt":"2020-06-24T09:10:50","guid":{"rendered":"https:\/\/us.edu.pl\/wydzial\/wns\/?page_id=3064"},"modified":"2020-09-14T15:05:07","modified_gmt":"2020-09-14T13:05:07","slug":"opinie","status":"publish","type":"page","link":"https:\/\/us.edu.pl\/wydzial\/wns\/opinie\/","title":{"rendered":"opinie"},"content":{"rendered":"<p>[vc_row][vc_column]\r\n                <div class=\"text-modules\">\r\n                    <div class=\"container\">\r\n                        \r\n                        <div class=\"text-modules__content\"><p><strong>Micha\u0142 Kurka<\/strong><br \/>\nJe\u017celi wiesz co chcesz osi\u0105gn\u0105\u0107 w danej dziedzinie to WNS jest dobrym miejscem do rozwoju. Kadra, kt\u00f3ra posiada wiedz\u0119 i jest przy tym mi\u0142a oraz oddana swojej pracy. Dodatkowo mo\u017cna skorzysta\u0107 ze wszelkich dodatkowych form rozwoju (w moim przypadku Egida i U\u015a TV) gdzie otrzyma si\u0119 niezb\u0119dne podstawy. My\u015bl\u0119, \u017ce w naukach humanistycznych jest niezwykle wa\u017cna w\u0142asna praca a WNS w tym pomaga.<\/p>\n<p><strong>Bruno Priv<\/strong><br \/>\nDlatego, \u017ce otrzyma\u0142em tam solidne wykszta\u0142cenie, kt\u00f3re pozwoli\u0142o mi rozwin\u0105\u0107 skrzyd\u0142a. Dlatego, \u017ce pozna\u0142em tam \u015bwietnych i m\u0105drych ludzi, zar\u00f3wno w\u015br\u00f3d student\u00f3w, jak i wyk\u0142adowc\u00f3w.<\/p>\n<p><strong>Anna O-a<\/strong><br \/>\nWNS to przede wszystkim to wspaniali ludzie &#8211; pe\u0142ni pasji i zaanga\u017cowania wyk\u0142adowcy i studenci, z kt\u00f3rymi mo\u017cna przenosi\u0107 g\u00f3ry. Kiedy\u015b nasz kolega wymy\u015bli\u0142 has\u0142o &#8222;Wielu kszta\u0142ci specjalist\u00f3w, my r\u00f3wnie\u017c wybitne osobowosci&#8221;. Nic doda\u0107! \ud83d\ude42<\/p>\n<p><strong>J\u0119drzej Wi\u015bniowski<\/strong><br \/>\nDawno nie spotka\u0142em si\u0119 z tak\u0105 empati\u0105 jak na WNS podczas gdy musia\u0142em chodzi\u0107 o kulach. Ka\u017cdy chcia\u0142 jako\u015b pom\u00f3c albo przynajmniej przytrzyma\u0142 drzwi \ud83d\ude00<\/p>\n<p><strong>Edyta Ra\u017aniak<\/strong><br \/>\nBo WNS ma klimat, nie jest jak ka\u017cdy inny wydzia\u0142, kt\u00f3ry przychodzi na my\u015bl, a ludzie s\u0105 tam bardzo pozytywni.<\/p>\n<p><strong>Janusz \u015awitaj<\/strong><br \/>\nZdecydowa\u0142em si\u0119 podj\u0105\u0107 studia na Wydziale Pedagogiki i Psychologii, obecnie Wydziale Nauk Spo\u0142ecznych ze wzgl\u0119du na dostosowanie obiekt\u00f3w Uczelni do potrzeb os\u00f3b z niepe\u0142nosprawno\u015bci\u0105 fizyczn\u0105, poruszaj\u0105cych si\u0119 nawet na du\u017cych w\u00f3zkach elektrycznych,, a tak\u017ce ze wzgl\u0119du na rozbudowany system wsparcia student\u00f3w z niepe\u0142nosprawno\u015bciami. Wysoki poziom kszta\u0142cenia przez wyspecjalizowanych wyk\u0142adowc\u00f3w r\u00f3wnie\u017c by\u0142 du\u017c\u0105 zach\u0119t\u0105.<\/p>\n<p><strong>Ewa Waszut<br \/>\n<\/strong>WNS dlatego, \u017ce studia spo\u0142eczne to solidna podstawa do dalszego kszta\u0142cenia, kt\u00f3re trwa ca\u0142e \u017cycie. Rozw\u00f3j kompetencji kluczowych (w momencie kszta\u0142towania si\u0119 osobowo\u015bci cz\u0142owieka) i wszelkie rzeczy \u201ehuman-centered\u201d, kt\u00f3re (dopiero) obecnie s\u0105 \u201ena topie\u201d, dzi\u0119ki tym studiom s\u0105 dla mnie ca\u0142kowicie naturalne.<\/p>\n<p>Na WNSie przyswoi\u0142am sobie m.in. moj\u0105 najwa\u017cniejsz\u0105 zasad\u0119 \u017cyciow\u0105: najpewniejsza jest zmiana (us\u0142ysza\u0142am to w ko\u0144cu lat 90-tych na wyk\u0142adzie u Pani prof. W\u00f3dz).<\/p>\n<p>Obecnie pracuj\u0119 w moim ukochanym zawodzie, ci\u0105gle mam kontakt z U\u015a, korzystam z otwartych wyk\u0142ad\u00f3w i szkole\u0144 (m.in. dzi\u0119ki Miko\u0142ajowi Marcela) z czego bardzo si\u0119 ciesz\u0119. Bior\u0119 udzia\u0142 w \u015aFN. Dzi\u0119ki podstawom wypracowanym na WNSie mog\u0119 z siebie dawa\u0107 to co najlepsze, u\u0142atwi\u0107 sobie i innym zrozumienie nauki i przede wszystkim pracowa\u0107 z osobami, kt\u00f3re maj\u0105 podobny system warto\u015bci. To dla mnie bardzo wa\u017cne.<\/p>\n<\/div>\r\n                    <\/div>\r\n                <\/div>[\/vc_column][\/vc_row]<\/p>","protected":false},"excerpt":{"rendered":"<p>[vc_row][vc_column][\/vc_column][\/vc_row] [&#8230;]<\/p>\n<p><a class=\"btn btn-secondary understrap-read-more-link\" href=\"https:\/\/us.edu.pl\/wydzial\/wns\/opinie\/\">Read More&#8230;<\/a><\/p>\n","protected":false},"author":133,"featured_media":0,"parent":0,"menu_order":0,"comment_status":"closed","ping_status":"closed","template":"","meta":{"_expiration-date-status":"saved","_expiration-date":0,"_expiration-date-type":"","_expiration-date-categories":[],"_expiration-date-options":[]},"acf":[],"_links":{"self":[{"href":"https:\/\/us.edu.pl\/wydzial\/wns\/wp-json\/wp\/v2\/pages\/3064"}],"collection":[{"href":"https:\/\/us.edu.pl\/wydzial\/wns\/wp-json\/wp\/v2\/pages"}],"about":[{"href":"https:\/\/us.edu.pl\/wydzial\/wns\/wp-json\/wp\/v2\/types\/page"}],"author":[{"embeddable":true,"href":"https:\/\/us.edu.pl\/wydzial\/wns\/wp-json\/wp\/v2\/users\/133"}],"replies":[{"embeddable":true,"href":"https:\/\/us.edu.pl\/wydzial\/wns\/wp-json\/wp\/v2\/comments?post=3064"}],"version-history":[{"count":2,"href":"https:\/\/us.edu.pl\/wydzial\/wns\/wp-json\/wp\/v2\/pages\/3064\/revisions"}],"predecessor-version":[{"id":3281,"href":"https:\/\/us.edu.pl\/wydzial\/wns\/wp-json\/wp\/v2\/pages\/3064\/revisions\/3281"}],"wp:attachment":[{"href":"https:\/\/us.edu.pl\/wydzial\/wns\/wp-json\/wp\/v2\/media?parent=3064"}],"curies":[{"name":"wp","href":"https:\/\/api.w.org\/{rel}","templated":true}]}}