{"id":5872,"date":"2021-08-25T09:50:00","date_gmt":"2021-08-25T07:50:00","guid":{"rendered":"https:\/\/us.edu.pl\/wydzial\/wns\/?page_id=5872"},"modified":"2024-09-04T12:32:14","modified_gmt":"2024-09-04T10:32:14","slug":"arteterapia","status":"publish","type":"page","link":"https:\/\/us.edu.pl\/wydzial\/wns\/studiuj\/kierunki-studiow\/arteterapia\/","title":{"rendered":"Arteterapia"},"content":{"rendered":"<p>[vc_row][vc_column][\/vc_column][\/vc_row][vc_row][vc_column]\r\n                <div class=\"text-modules\">\r\n                    <div class=\"container\">\r\n                        <h3 class=\"page-title text__title\">Arteterapia, studia I stopnia<\/h3>\r\n                        <div class=\"text-modules__content\"><p>Absolwent wyposa\u017cony zostaje w interdyscyplinarn\u0105 wiedz\u0119, umiej\u0119tno\u015bci i kompetencje spo\u0142eczne, \u0142\u0105cz\u0105ce w sobie efekty kszta\u0142cenia usytuowane w trzech obszarach: nauk humanistycznych, nauk spo\u0142ecznych i sztuki.<\/p>\n<p>Posiada wiedz\u0119 i umiej\u0119tno\u015bci dotycz\u0105ce realizacji prac artystycznych z wykorzystaniem \u015brodk\u00f3w ekspresji estetycznej i umiej\u0119tno\u015bci warsztatowych posadowionych w obszarze sztuki. Pos\u0142uguje si\u0119 wiedz\u0105 dotycz\u0105c\u0105 oddzia\u0142ywa\u0144 arteterapeutycznych, w tym: plastykoterapii, muzykoterapii, choreoterapii, biblioterapii i teatroterapii oraz posiada umiej\u0119tno\u015b\u0107 zastosowania dzia\u0142a\u0144 tw\u00f3rczych nacechowanych terapeutycznie, kt\u00f3rych zasadniczymi narz\u0119dziami s\u0105 muzyka, sztuki wizualne, drama, literatura, taniec i ekspresja uciele\u015bniona. Potrafi integrowa\u0107 owe narz\u0119dzia tworz\u0105c autorskie interdyscyplinarne projekty arteterapeutyczne realizowane w otoczeniu spo\u0142ecznym.<\/p>\n<p>Absolwent posiada r\u00f3wnie\u017c wiedz\u0119 i podstawowe kompetencje psychoterapeutyczne, zna zasady pracy z pacjentem\/wychowankiem\/pensjonariuszem w czasie oddzia\u0142ywa\u0144 arteterapeutycznych. Ma tak\u017ce elementarn\u0105 wiedz\u0119 z zakresu pedagogiki specjalnej, psychopatologii, psychologii klinicznej, co umo\u017cliwia mu odpowiedzialne i efektywne konstruowanie oddzia\u0142ywa\u0144 arteterapeutycznych w pracy z osobami chorymi oraz przejawiaj\u0105cymi okre\u015blone zaburzenia czy dysfunkcje.<\/p>\n<p>Studia na kierunku arteterapia przygotowuj\u0105 absolwenta do prowadzenia artystyczno-terapeutycznej aktywno\u015bci skierowanej w stron\u0119 os\u00f3b z niepe\u0142nosprawno\u015bciami o r\u00f3\u017cnej etiologii, specyfice i wymiarze, os\u00f3b z zaburzeniami dotycz\u0105cymi funkcjonowania spo\u0142ecznego, emocjonalnego, psychicznego czy edukacyjnego, wymagaj\u0105cymi wsparcia. Jest przygotowany do dzia\u0142a\u0144 o charakterze rewalidacyjnym, rehabilitacyjnym czy reedukacyjnym w oddzia\u0142ach szpitalnych, sanatoriach, o\u015brodkach wsparcia dziennego, domach opieki spo\u0142ecznej, \u015bwietlicach socjoterapeutycznych, warsztatach terapii zaj\u0119ciowej, o\u015brodkach integracyjnych i innych plac\u00f3wkach prowadz\u0105cych arteterapi\u0119 z zachowaniem poszanowania odmienno\u015bci i indywidualnych potrzeb pacjent\u00f3w i wychowank\u00f3w.<\/p>\n<p>Prognozowane mo\u017cliwo\u015bci zatrudnienia i dalszego kszta\u0142cenia absolwent\u00f3w:<\/p>\n<p>Absolwent przygotowany zostaje do pracy o charakterze terapeutycznym w oddzia\u0142ach szpitalnych, sanatoriach, o\u015brodkach wsparcia dziennego, domach opieki spo\u0142ecznej, \u015bwietlicach socjoterapeutycznych, warsztatach terapii zaj\u0119ciowej, o\u015brodkach integracyjnych i innych plac\u00f3wkach prowadz\u0105cych arteterapi\u0119.\u00a0\u00a0 Jest przygotowany do kontynuacji studi\u00f3w na poziomie magisterskim II stopnia w wybranym przez siebie kierunku studi\u00f3w i specjalno\u015bci.<\/p>\n<\/div>\r\n                    <\/div>\r\n                <\/div>[\/vc_column][\/vc_row]<\/p>","protected":false},"excerpt":{"rendered":"<p>[vc_row][vc_column][\/vc_column][\/vc_row][vc_row][vc_column][\/vc_column][\/vc_row] [&#8230;]<\/p>\n<p><a class=\"btn btn-secondary understrap-read-more-link\" href=\"https:\/\/us.edu.pl\/wydzial\/wns\/studiuj\/kierunki-studiow\/arteterapia\/\">Read More&#8230;<\/a><\/p>\n","protected":false},"author":134,"featured_media":0,"parent":419,"menu_order":0,"comment_status":"closed","ping_status":"closed","template":"","meta":{"_expiration-date-status":"","_expiration-date":0,"_expiration-date-type":"","_expiration-date-categories":[],"_expiration-date-options":[]},"acf":[],"_links":{"self":[{"href":"https:\/\/us.edu.pl\/wydzial\/wns\/wp-json\/wp\/v2\/pages\/5872"}],"collection":[{"href":"https:\/\/us.edu.pl\/wydzial\/wns\/wp-json\/wp\/v2\/pages"}],"about":[{"href":"https:\/\/us.edu.pl\/wydzial\/wns\/wp-json\/wp\/v2\/types\/page"}],"author":[{"embeddable":true,"href":"https:\/\/us.edu.pl\/wydzial\/wns\/wp-json\/wp\/v2\/users\/134"}],"replies":[{"embeddable":true,"href":"https:\/\/us.edu.pl\/wydzial\/wns\/wp-json\/wp\/v2\/comments?post=5872"}],"version-history":[{"count":2,"href":"https:\/\/us.edu.pl\/wydzial\/wns\/wp-json\/wp\/v2\/pages\/5872\/revisions"}],"predecessor-version":[{"id":166664,"href":"https:\/\/us.edu.pl\/wydzial\/wns\/wp-json\/wp\/v2\/pages\/5872\/revisions\/166664"}],"up":[{"embeddable":true,"href":"https:\/\/us.edu.pl\/wydzial\/wns\/wp-json\/wp\/v2\/pages\/419"}],"wp:attachment":[{"href":"https:\/\/us.edu.pl\/wydzial\/wns\/wp-json\/wp\/v2\/media?parent=5872"}],"curies":[{"name":"wp","href":"https:\/\/api.w.org\/{rel}","templated":true}]}}

<p>[vc_row][vc_column][/vc_column][/vc_row][vc_row][vc_column]
                <div class="text-modules">
                    <div class="container">
                        <h3 class="page-title text__title">Arteterapia, studia I stopnia</h3>
                        <div class="text-modules__content"><p>Absolwent wyposażony zostaje w interdyscyplinarną wiedzę, umiejętności i kompetencje społeczne, łączące w sobie efekty kształcenia usytuowane w trzech obszarach: nauk humanistycznych, nauk społecznych i sztuki.</p>
<p>Posiada wiedzę i umiejętności dotyczące realizacji prac artystycznych z wykorzystaniem środków ekspresji estetycznej i umiejętności warsztatowych posadowionych w obszarze sztuki. Posługuje się wiedzą dotyczącą oddziaływań arteterapeutycznych, w tym: plastykoterapii, muzykoterapii, choreoterapii, biblioterapii i teatroterapii oraz posiada umiejętność zastosowania działań twórczych nacechowanych terapeutycznie, których zasadniczymi narzędziami są muzyka, sztuki wizualne, drama, literatura, taniec i ekspresja ucieleśniona. Potrafi integrować owe narzędzia tworząc autorskie interdyscyplinarne projekty arteterapeutyczne realizowane w otoczeniu społecznym.</p>
<p>Absolwent posiada również wiedzę i podstawowe kompetencje psychoterapeutyczne, zna zasady pracy z pacjentem/wychowankiem/pensjonariuszem w czasie oddziaływań arteterapeutycznych. Ma także elementarną wiedzę z zakresu pedagogiki specjalnej, psychopatologii, psychologii klinicznej, co umożliwia mu odpowiedzialne i efektywne konstruowanie oddziaływań arteterapeutycznych w pracy z osobami chorymi oraz przejawiającymi określone zaburzenia czy dysfunkcje.</p>
<p>Studia na kierunku arteterapia przygotowują absolwenta do prowadzenia artystyczno-terapeutycznej aktywności skierowanej w stronę osób z niepełnosprawnościami o różnej etiologii, specyfice i wymiarze, osób z zaburzeniami dotyczącymi funkcjonowania społecznego, emocjonalnego, psychicznego czy edukacyjnego, wymagającymi wsparcia. Jest przygotowany do działań o charakterze rewalidacyjnym, rehabilitacyjnym czy reedukacyjnym w oddziałach szpitalnych, sanatoriach, ośrodkach wsparcia dziennego, domach opieki społecznej, świetlicach socjoterapeutycznych, warsztatach terapii zajęciowej, ośrodkach integracyjnych i innych placówkach prowadzących arteterapię z zachowaniem poszanowania odmienności i indywidualnych potrzeb pacjentów i wychowanków.</p>
<p>Prognozowane możliwości zatrudnienia i dalszego kształcenia absolwentów:</p>
<p>Absolwent przygotowany zostaje do pracy o charakterze terapeutycznym w oddziałach szpitalnych, sanatoriach, ośrodkach wsparcia dziennego, domach opieki społecznej, świetlicach socjoterapeutycznych, warsztatach terapii zajęciowej, ośrodkach integracyjnych i innych placówkach prowadzących arteterapię.   Jest przygotowany do kontynuacji studiów na poziomie magisterskim II stopnia w wybranym przez siebie kierunku studiów i specjalności.</p>
</div>
                    </div>
                </div>[/vc_column][/vc_row]</p>
