{"id":5881,"date":"2021-08-25T10:11:29","date_gmt":"2021-08-25T08:11:29","guid":{"rendered":"https:\/\/us.edu.pl\/wydzial\/wns\/?page_id=5881"},"modified":"2021-08-25T10:11:29","modified_gmt":"2021-08-25T08:11:29","slug":"dziennikarstwo-i-komunikacja-spoleczna","status":"publish","type":"page","link":"https:\/\/us.edu.pl\/wydzial\/wns\/studiuj\/kierunki-studiow\/dziennikarstwo-i-komunikacja-spoleczna\/","title":{"rendered":"Dziennikarstwo i komunikacja spo\u0142eczna"},"content":{"rendered":"<p>[vc_row][vc_column][\/vc_column][\/vc_row][vc_row][vc_column]\r\n                <div class=\"text-modules\">\r\n                    <div class=\"container\">\r\n                        <h3 class=\"page-title text__title\">Dziennikarstwo i komunikacja spo\u0142eczna, studia I i II stopnia<\/h3>\r\n                        <div class=\"text-modules__content\"><p>Struktura przedmiot\u00f3w realizowana na kierunku Dziennikarstwo i komunikacja spo\u0142eczna obejmuje zar\u00f3wno zagadnienia z zakresu politologii, filozofii, ekonomii, psychologii, socjologii, jak r\u00f3wnie\u017c problematyk\u0119 zwi\u0105zan\u0105 z samym zawodem dziennikarskim i zawodami pokrewnymi. Celem kszta\u0142cenia jest wi\u0119c nie tylko pozyskanie wiedzy umo\u017cliwiaj\u0105cej rozumienie i analiz\u0119 podstawowych proces\u00f3w zachodz\u0105cych w nowoczesnych spo\u0142ecze\u0144stwach informacyjnych, ale tak\u017ce umiej\u0119tno\u015bci bycia aktywnym uczestnikiem dokonuj\u0105cych si\u0119 zmian w zakresie funkcjonowania informacji spo\u0142ecznej. Priorytetem jest zw\u0142aszcza na studiach drugiego stopnia takie ukszta\u0142towanie wiedzy absolwenta, aby on \u015bwiadomie i podmiotowo uczestniczy\u0107 w procesach szybkich zmian sfery informacyjno-komunikacyjnej. Dotyczy to nie tyle zmian technologiczno-informacyjnych, co spo\u0142eczno-politycznych.<\/p>\n<p>Perspektywy zawodowe:<\/p>\n<ul>\n<li>dziennikarz we wszystkich typach i rodzajach periodycznych medi\u00f3w masowych<\/li>\n<li>pracownik reklamy, promocji, public relations<\/li>\n<li>edukacja medialna<\/li>\n<li>zarz\u0105dzanie instytucjami medialnymi<\/li>\n<li>badania rynku medialnego i badania opinii publicznej<\/li>\n<\/ul>\n<p>\n<\/div>\r\n                    <\/div>\r\n                <\/div>[\/vc_column][\/vc_row]<\/p>","protected":false},"excerpt":{"rendered":"<p>[vc_row][vc_column][\/vc_column][\/vc_row][vc_row][vc_column][\/vc_column][\/vc_row] [&#8230;]<\/p>\n<p><a class=\"btn btn-secondary understrap-read-more-link\" href=\"https:\/\/us.edu.pl\/wydzial\/wns\/studiuj\/kierunki-studiow\/dziennikarstwo-i-komunikacja-spoleczna\/\">Read More&#8230;<\/a><\/p>\n","protected":false},"author":134,"featured_media":0,"parent":419,"menu_order":0,"comment_status":"closed","ping_status":"closed","template":"","meta":{"_expiration-date-status":"saved","_expiration-date":0,"_expiration-date-type":"","_expiration-date-categories":[],"_expiration-date-options":[]},"acf":[],"_links":{"self":[{"href":"https:\/\/us.edu.pl\/wydzial\/wns\/wp-json\/wp\/v2\/pages\/5881"}],"collection":[{"href":"https:\/\/us.edu.pl\/wydzial\/wns\/wp-json\/wp\/v2\/pages"}],"about":[{"href":"https:\/\/us.edu.pl\/wydzial\/wns\/wp-json\/wp\/v2\/types\/page"}],"author":[{"embeddable":true,"href":"https:\/\/us.edu.pl\/wydzial\/wns\/wp-json\/wp\/v2\/users\/134"}],"replies":[{"embeddable":true,"href":"https:\/\/us.edu.pl\/wydzial\/wns\/wp-json\/wp\/v2\/comments?post=5881"}],"version-history":[{"count":1,"href":"https:\/\/us.edu.pl\/wydzial\/wns\/wp-json\/wp\/v2\/pages\/5881\/revisions"}],"predecessor-version":[{"id":5882,"href":"https:\/\/us.edu.pl\/wydzial\/wns\/wp-json\/wp\/v2\/pages\/5881\/revisions\/5882"}],"up":[{"embeddable":true,"href":"https:\/\/us.edu.pl\/wydzial\/wns\/wp-json\/wp\/v2\/pages\/419"}],"wp:attachment":[{"href":"https:\/\/us.edu.pl\/wydzial\/wns\/wp-json\/wp\/v2\/media?parent=5881"}],"curies":[{"name":"wp","href":"https:\/\/api.w.org\/{rel}","templated":true}]}}

Dziennikarstwo i komunikacja społeczna

<p>[vc_row][vc_column][/vc_column][/vc_row][vc_row][vc_column]
                <div class="text-modules">
                    <div class="container">
                        <h3 class="page-title text__title">Dziennikarstwo i komunikacja społeczna, studia I i II stopnia</h3>
                        <div class="text-modules__content"><p>Struktura przedmiotów realizowana na kierunku Dziennikarstwo i komunikacja społeczna obejmuje zarówno zagadnienia z zakresu politologii, filozofii, ekonomii, psychologii, socjologii, jak również problematykę związaną z samym zawodem dziennikarskim i zawodami pokrewnymi. Celem kształcenia jest więc nie tylko pozyskanie wiedzy umożliwiającej rozumienie i analizę podstawowych procesów zachodzących w nowoczesnych społeczeństwach informacyjnych, ale także umiejętności bycia aktywnym uczestnikiem dokonujących się zmian w zakresie funkcjonowania informacji społecznej. Priorytetem jest zwłaszcza na studiach drugiego stopnia takie ukształtowanie wiedzy absolwenta, aby on świadomie i podmiotowo uczestniczyć w procesach szybkich zmian sfery informacyjno-komunikacyjnej. Dotyczy to nie tyle zmian technologiczno-informacyjnych, co społeczno-politycznych.</p>
<p>Perspektywy zawodowe:</p>
<ul>
<li>dziennikarz we wszystkich typach i rodzajach periodycznych mediów masowych</li>
<li>pracownik reklamy, promocji, public relations</li>
<li>edukacja medialna</li>
<li>zarządzanie instytucjami medialnymi</li>
<li>badania rynku medialnego i badania opinii publicznej</li>
</ul>
<p>
</div>
                    </div>
                </div>[/vc_column][/vc_row]</p>
