{"id":5903,"date":"2021-08-25T11:56:07","date_gmt":"2021-08-25T09:56:07","guid":{"rendered":"https:\/\/us.edu.pl\/wydzial\/wns\/?page_id=5903"},"modified":"2024-03-27T09:14:10","modified_gmt":"2024-03-27T08:14:10","slug":"socjologia-i","status":"publish","type":"page","link":"https:\/\/us.edu.pl\/wydzial\/wns\/studiuj\/kierunki-studiow\/socjologia-i\/","title":{"rendered":"Socjologia I"},"content":{"rendered":"<p>[vc_row][vc_column][\/vc_column][\/vc_row][vc_row][vc_column]\r\n                <div class=\"text-modules\">\r\n                    <div class=\"container\">\r\n                        <h3 class=\"page-title text__title\">Socjologia, studia I stopnia<\/h3>\r\n                        <div class=\"text-modules__content\"><p><u>Og\u00f3lna charakterystyka<\/u><\/p>\n<p>Studia socjologiczne na Wydziale Nauk Spo\u0142ecznych Uniwersytetu \u015al\u0105skiego prowadzone s\u0105 na\u00a0<strong>I\u00a0<\/strong>oraz<strong>\u00a0II stopniu<\/strong>\u00a0w trybie\u00a0<strong>stacjonarnym<\/strong>, jak i\u00a0<strong>niestacjonarnym<\/strong>.<\/p>\n<p>Dzi\u0119ki studiom na tym kierunku zdob\u0119dziesz pog\u0142\u0119bion\u0105 wiedz\u0119 na temat\u00a0<strong>otaczaj\u0105cego \u015bwiata<\/strong>, pozwalaj\u0105c\u0105 na diagnozowanie i\u00a0<strong>rozumienie zjawisk<\/strong>,\u00a0<strong>problem\u00f3w oraz proces\u00f3w spo\u0142ecznych<\/strong>\u00a0oraz uzyskasz umiej\u0119tno\u015b\u0107 zdobywania, gromadzenia, analizowania tej wiedzy. Jako student studi\u00f3w I stopnia b\u0119dziesz mia\u0142 mo\u017cliwo\u015b\u0107 wyboru <strong>dw\u00f3ch spo\u015br\u00f3d sze\u015bciu<\/strong> oferowanych <strong>\u015bcie\u017cek specjalno\u015bciowych<\/strong>.<\/p>\n<p>Socjologia to idealny kierunek dla Ciebie, je\u015bli interesuje Ci\u0119 nauka badaj\u0105ca szeroko rozumiane\u00a0<strong>funkcjonowanie spo\u0142ecze\u0144stwa<\/strong>. Dowiesz si\u0119 w jaki spos\u00f3b tworz\u0105 si\u0119 grupy spo\u0142eczne, jak funkcjonuj\u0105 wsp\u00f3lnoty, co charakteryzuje relacje mi\u0119dzyludzkie. Naszych absolwent\u00f3w charakteryzuje m.in. pasja poznawania, rozwini\u0119ty warsztat badawczy, kreatywne my\u015blenie, umiej\u0119tno\u015b\u0107 analizowania i diagnozowania problem\u00f3w spo\u0142ecznych oraz efektywnego \u00a0komunikowania si\u0119 z otoczeniem.<\/p>\n<p>Jako\u00a0<strong>absolwent<\/strong>\u00a0naszego kierunku, zostaniesz przygotowany do pracy m.in. w instytucjach administracji publicznej, instytucjach kultury, o\u015brodkach bada\u0144 opinii spo\u0142ecznej, instytucjach zajmuj\u0105cych si\u0119 polityk\u0105 spo\u0142eczn\u0105 oraz na stanowiskach specjalistycznych w systemie zarz\u0105dzania, selekcji i rekrutacji, rozwoju kadr.<\/p>\n<p>Kierunek socjologia prowadzony w Uniwersytecie \u015al\u0105skim w Katowicach w roku 2023 uzyska\u0142 pozytywn\u0105 ocen\u0119 programow\u0105 Polskiej Komisji Akredytacyjnej, a w 2024 roku zosta\u0142<strong> wyr\u00f3\u017cniony <em>Certyfikatem Doskona\u0142o\u015bci Kszta\u0142cenia \u2013 doskona\u0142o\u015b\u0107 w kszta\u0142ceniu na kierunku<\/em>, <\/strong>przyznanym przez Prezydium Polskiej Komisji Akredytacyjnej.<strong> Certyfikat stanowi potwierdzenie najwy\u017cszej jako\u015bci kszta\u0142cenia na studiach pierwszego i drugiego stopnia na kierunku socjologia.<\/strong><\/p>\n<p><u>Dlaczego warto u nas studiowa\u0107?<\/u><\/p>\n<p><strong>Studia na kierunku socjologia w Uniwersytecie \u015al\u0105skim w Katowicach gwarantuj\u0105 najwy\u017csz\u0105 jako\u015bci kszta\u0142cenia, potwierdzon\u0105 <em>Certyfikatem Doskona\u0142o\u015bci Kszta\u0142cenia \u2013 doskona\u0142o\u015b\u0107 w kszta\u0142ceniu na kierunku<\/em>, przyznanym przez Prezydium Polskiej Komisji Akredytacyjnej w 2024 roku. <\/strong>Certyfikat Doskona\u0142o\u015bci Kszta\u0142cenia jest najwy\u017cszym wyr\u00f3\u017cnieniem PKA i jest przyznawany kierunkom, kt\u00f3re wdra\u017caj\u0105 skuteczne, innowacyjne oraz\u00a0godne na\u015bladowania rozwi\u0105zania sprzyjaj\u0105ce jako\u015bci kszta\u0142cenia.<\/p>\n<p>Koncepcja kszta\u0142cenia na kierunku socjologia opiera si\u0119 na <strong>powi\u0105zaniu teorii z praktyk\u0105<\/strong>, co ma s\u0142u\u017cy\u0107 przygotowaniu absolwent\u00f3w do pe\u0142nienia \u2013 mi\u0119dzy innymi takich r\u00f3l, jak: badacz, mened\u017cer, lider zespo\u0142u.<\/p>\n<p>W koncepcji studi\u00f3w na kierunku socjologia uwzgl\u0119dniono zaj\u0119cia ukierunkowane na poznanie podstaw teoretycznych oraz uwarunkowa\u0144 historycznych dyscypliny (np. wst\u0119p do socjologii, klasyczne teorie socjologiczne, wsp\u00f3\u0142czesne teorie socjologiczne), a tak\u017ce modu\u0142y, kt\u00f3rych tre\u015bci odpowiadaj\u0105 konkretnym subdyscyplinom socjologii, ukazuj\u0105ce r\u00f3\u017cne wymiary powi\u0105za\u0144 jednostki ze spo\u0142ecze\u0144stwem (np. socjologia mikrostruktur spo\u0142ecznych, socjologia makrostruktur spo\u0142ecznych, socjologia organizacji czy socjologia polityki). Program kszta\u0142cenia uwzgl\u0119dnia te\u017c tre\u015bci ukierunkowane na rozumienie proces\u00f3w spo\u0142ecznych, kt\u00f3re generuj\u0105 zmian\u0119 spo\u0142eczn\u0105 (np. (teorie zmiany spo\u0142ecznej).<\/p>\n<p>Program studi\u00f3w przewiduje r\u00f3wnie\u017c cykl zaj\u0119\u0107, maj\u0105cych na celu kszta\u0142towanie konkretnych <strong>umiej\u0119tno\u015bci praktycznych i kompetencji spo\u0142ecznych, przydatnych w pracy badacza<\/strong> (np. wprowadzenie do bada\u0144 spo\u0142ecznych, metody ilo\u015bciowe, metody jako\u015bciowe, projekt badawczy czy modu\u0142y zwi\u0105zane z badaniami terenowymi). Program studi\u00f3w zapewnia wi\u0119c <strong>kszta\u0142cenie w oparciu uniwersalny kanon wiedzy socjologicznej, kt\u00f3ra ma by\u0107 mo\u017cliwa do zaaplikowania w praktyce. <\/strong><\/p>\n<p>Ponadto specjalno\u015bciowa formu\u0142a kszta\u0142cenia proponowana zar\u00f3wno na studiach pierwszego, jak i drugiego stopnia umo\u017cliwia studentom rozwijanie swoich zainteresowa\u0144 w taki spos\u00f3b, by podejmowa\u0107 zatrudnienie w wybranych przez siebie zawodach.<\/p>\n<p><u>Specjalno\u015bci<\/u><\/p>\n<p>Osoby studiuj\u0105ce <strong>na<\/strong> <strong>studiach pierwszego stopnia<\/strong> na kierunku socjologia wybieraj\u0105 po trzecim semestrze studi\u00f3w <strong>dwie spo\u015br\u00f3d sze\u015bciu proponowanych \u015bcie\u017cek specjalno\u015bciowych<\/strong>. W programie studi\u00f3w przewidziano nast\u0119puj\u0105ce \u015bcie\u017cki:<\/p>\n<ul>\n<li>Komunikowanie spo\u0142eczne, marketing i reklama<\/li>\n<li>Socjologia organizacji i zarz\u0105dzania<\/li>\n<li>Socjologia w dzia\u0142aniu<\/li>\n<li>Spo\u0142ecze\u0144stwo cyfrowe<\/li>\n<li>Wsp\u00f3\u0142czesne miasto<\/li>\n<li>Wyzwania spo\u0142ecze\u0144stwa wielokulturowego<\/li>\n<\/ul>\n<p>Uruchomienie poszczeg\u00f3lnych \u015bcie\u017cek specjalno\u015bciowych i specjalno\u015bci jest uzale\u017cnione od liczby os\u00f3b zainteresowanych ich wyborem.<\/p>\n<p><u>Co robi\u0105 nasi absolwenci?<\/u><\/p>\n<p>Profil studi\u00f3w predestynuje absolwent\u00f3w do podejmowania pracy na stanowiskach wymagaj\u0105cych elastycznego podej\u015bcia do nowoczesnej gospodarki oraz kompetencji w zakresie komunikacji i kreatywno\u015bci, niezb\u0119dnej dla sprawnego i efektywnego funkcjonowania organizacji. Absolwenci socjologii s\u0105 te\u017c doskonale przygotowani do prowadzenia bada\u0144 spo\u0142ecznych. Perspektywy zatrudnienia absolwent\u00f3w kierunku socjologia s\u0105 szerokie. Mog\u0105 oni znale\u017a\u0107 zatrudnienie w:<\/p>\n<ul>\n<li>o\u015brodkach bada\u0144 opinii spo\u0142ecznej,<\/li>\n<li>przedsi\u0119biorstwach i firmach, kt\u00f3re funkcjonuj\u0105 w obszarze spo\u0142ecze\u0144stwa cyfrowego,<\/li>\n<li>jednostkach samorz\u0105du terytorialnego,<\/li>\n<li>organizacjach pozarz\u0105dowych,<\/li>\n<li>agencjach reklamowych,<\/li>\n<li>firmach konsultingowych,<\/li>\n<li>agencjach PR,<\/li>\n<li>dzia\u0142ach HR oraz kom\u00f3rkach zwi\u0105zanych z zarz\u0105dzaniem kadr\u0105 pracownicz\u0105,<\/li>\n<li>instytucjach zwi\u0105zanych z rynkiem pracy,<\/li>\n<li>instytucjach pomocowych<\/li>\n<\/ul>\n<p>oraz w wielu innych miejscach, w kt\u00f3rych istnieje zapotrzebowanie na specjalist\u00f3w, lider\u00f3w, analityk\u00f3w i badaczy rzeczywisto\u015bci spo\u0142ecznej.<\/p>\n<p>&nbsp;<\/p>\n<p>&nbsp;<\/p>\n<p>\n<\/div>\r\n                    <\/div>\r\n                <\/div>[\/vc_column][\/vc_row]<\/p>","protected":false},"excerpt":{"rendered":"<p>[vc_row][vc_column][\/vc_column][\/vc_row][vc_row][vc_column][\/vc_column][\/vc_row] [&#8230;]<\/p>\n<p><a class=\"btn btn-secondary understrap-read-more-link\" href=\"https:\/\/us.edu.pl\/wydzial\/wns\/studiuj\/kierunki-studiow\/socjologia-i\/\">Read More&#8230;<\/a><\/p>\n","protected":false},"author":134,"featured_media":0,"parent":419,"menu_order":0,"comment_status":"closed","ping_status":"closed","template":"","meta":{"_expiration-date-status":"","_expiration-date":0,"_expiration-date-type":"","_expiration-date-categories":[],"_expiration-date-options":[]},"acf":[],"_links":{"self":[{"href":"https:\/\/us.edu.pl\/wydzial\/wns\/wp-json\/wp\/v2\/pages\/5903"}],"collection":[{"href":"https:\/\/us.edu.pl\/wydzial\/wns\/wp-json\/wp\/v2\/pages"}],"about":[{"href":"https:\/\/us.edu.pl\/wydzial\/wns\/wp-json\/wp\/v2\/types\/page"}],"author":[{"embeddable":true,"href":"https:\/\/us.edu.pl\/wydzial\/wns\/wp-json\/wp\/v2\/users\/134"}],"replies":[{"embeddable":true,"href":"https:\/\/us.edu.pl\/wydzial\/wns\/wp-json\/wp\/v2\/comments?post=5903"}],"version-history":[{"count":2,"href":"https:\/\/us.edu.pl\/wydzial\/wns\/wp-json\/wp\/v2\/pages\/5903\/revisions"}],"predecessor-version":[{"id":165050,"href":"https:\/\/us.edu.pl\/wydzial\/wns\/wp-json\/wp\/v2\/pages\/5903\/revisions\/165050"}],"up":[{"embeddable":true,"href":"https:\/\/us.edu.pl\/wydzial\/wns\/wp-json\/wp\/v2\/pages\/419"}],"wp:attachment":[{"href":"https:\/\/us.edu.pl\/wydzial\/wns\/wp-json\/wp\/v2\/media?parent=5903"}],"curies":[{"name":"wp","href":"https:\/\/api.w.org\/{rel}","templated":true}]}}