{"id":5909,"date":"2021-08-25T12:07:53","date_gmt":"2021-08-25T10:07:53","guid":{"rendered":"https:\/\/us.edu.pl\/wydzial\/wns\/?page_id=5909"},"modified":"2024-03-27T09:01:41","modified_gmt":"2024-03-27T08:01:41","slug":"zarzadzanie-zasobami-ludzkimi","status":"publish","type":"page","link":"https:\/\/us.edu.pl\/wydzial\/wns\/studiuj\/kierunki-studiow\/zarzadzanie-zasobami-ludzkimi\/","title":{"rendered":"Zarz\u0105dzanie Zasobami Ludzkimi"},"content":{"rendered":"<p>[vc_row][vc_column][\/vc_column][\/vc_row][vc_row][vc_column]\r\n                <div class=\"text-modules\">\r\n                    <div class=\"container\">\r\n                        <h3 class=\"page-title text__title\">Zarz\u0105dzanie Zasobami Ludzkimi w Organiazacji, studia I stopnia<\/h3>\r\n                        <div class=\"text-modules__content\"><p>Karta kierunku dost\u0119pna na <a href=\"https:\/\/informator.us.edu.pl\/programmes\/list\/all\/ZZ\/W3-S1ZZ23.2023\/\">stronie<\/a><\/p>\n<p><u>Og\u00f3lna charakterystyka<\/u><\/p>\n<p>Zarz\u0105dzanie zasobami ludzkimi w organizacji to studia na Wydziale Nauk Spo\u0142ecznych Uniwersytetu \u015al\u0105skiego prowadzone na\u00a0<strong>I stopniu<\/strong>\u00a0w trybie\u00a0<strong>stacjonarnym\u00a0<\/strong>oraz\u00a0<strong>niestacjonarnym<\/strong>.<\/p>\n<p>G\u0142\u00f3wnym celem naszego kierunku studi\u00f3w jest rozwijanie wiedzy student\u00f3w, ich umiej\u0119tno\u015bci i postaw, niezb\u0119dnych dopracy w charakterze\u00a0<strong>specjalisty zajmuj\u0105cego si\u0119 zarz\u0105dzaniem zasobami ludzkimi<\/strong>\u00a0w trzech sektorach gospodarki:\u00a0<strong>przedsi\u0119biorstwach<\/strong>,\u00a0<strong>organizacjach administracji publicznej <\/strong>i<strong>\u00a0podmiotach ekonomii spo\u0142ecznej<\/strong>.<\/p>\n<p>Jako student naszego kierunku dowiesz si\u0119 jak\u00a0<strong>zarz\u0105dza\u0107 zasobami ludzkimi\u00a0<\/strong>w spos\u00f3b uwa\u017cny, efektywny i motywuj\u0105cy pracownik\u00f3w. B\u0119dziesz w stanie rozwi\u0105zywa\u0107 problemy natury spo\u0142ecznej, ekonomicznej, finansowej, psychologicznej, prawnej w obszarze zarz\u0105dzania lud\u017ami i komunikacji mi\u0119dzyludzkiej. Realizacj\u0119 tych cel\u00f3w zapewni Ci odpowiednio dobrana kadra naukowo-dydaktyczna sk\u0142adaj\u0105ca si\u0119 w g\u0142\u00f3wnej mierze z przedstawicieli nauk spo\u0142ecznych, takich jak:\u00a0<strong>zarz\u0105dzanie<\/strong>,\u00a0<strong>socjologia, ekonomia<\/strong>,\u00a0<strong>prawo<\/strong>\u00a0oraz\u00a0<strong>psychologia<\/strong>.<\/p>\n<p>Absolwenci zarz\u0105dzania zasobami ludzkimi w organizacji s\u0105 przygotowani do prowadzenia dzia\u0142u kadr, tworzenia warunk\u00f3w pracy sprzyjaj\u0105cych dobrostanowi cz\u0142owieka i jego efektywno\u015bci.<\/p>\n<p>&nbsp;<\/p>\n<p><u>Dlaczego warto u nas studiowa\u0107?<\/u><\/p>\n<p>Program studi\u00f3w na kierunku zarz\u0105dzanie zasobami ludzkimi w organizacji jest realizowany w <strong>profilu og\u00f3lnoakademickim<\/strong>, przy za\u0142o\u017ceniu silnego <strong>powi\u0105zania wiedzy akademickiej z jej praktycznym zastosowaniem<\/strong>.<\/p>\n<p>W programie studi\u00f3w uwzgl\u0119dniono grupy modu\u0142\u00f3w wyposa\u017caj\u0105cych student\u00f3w w <strong>wiedz\u0119 kierunkow\u0105<\/strong>, obejmuj\u0105c\u0105 wszelkie dzia\u0142ania organizacji zwi\u0105zane z pozyskiwaniem, rozwojem i utrzymaniem zasob\u00f3w ludzkich. Wiedza kierunkowa jest uzupe\u0142niona <strong>wiedz\u0105 specjalistyczn\u0105<\/strong> w takich obszarach, jak: rekrutacja i selekcja pracownik\u00f3w, adaptacja i socjalizacja nowego pracownika (<em>onboarding<\/em>), motywacja, komunikacja interpersonalna i marketingowa, zarz\u0105dzanie kompetencjami i talentami, coaching, separacja pracownika opuszczaj\u0105cego organizacj\u0119 (<em>offboarding<\/em>). W programie studi\u00f3w przewidziano te\u017c zaj\u0119cia ukierunkowane na uzyskanie przez studenta wiedzy o <strong>metodach i technikach bada\u0144 spo\u0142ecznych<\/strong>, a tak\u017ce kszta\u0142tuj\u0105ce umiej\u0119tno\u015bci ich zastosowania w praktyce, jak r\u00f3wnie\u017c\u00a0 wiedz\u0119 o instrumentach badawczych w\u0142a\u015bciwych dla nauk o zarz\u0105dzaniu i jako\u015bci w zakresie pozwalaj\u0105cym zrozumie\u0107 i opisywa\u0107 problemy HR \u202fi je rozwi\u0105za\u0107. Nie mniej wa\u017cne jest r\u00f3wnie\u017c wykszta\u0142cenie w studentach umiej\u0119tno\u015bci orientowania si\u0119\u00a0 w <strong>przepisach prawa<\/strong>, kt\u00f3re reguluj\u0105 funkcjonowanie podmiot\u00f3w na rynku pracy.<\/p>\n<p>Kszta\u0142cenie na kierunku zarz\u0105dzanie zasobami ludzkimi w organizacji przewiduje r\u00f3wnie\u017c wyposa\u017cenie student\u00f3w w <strong>umiej\u0119tno\u015b\u0107 obs\u0142ugi narz\u0119dzi informatycznych<\/strong> przydatnych w pracy zawodowej, realizowanej zar\u00f3wno w tradycyjnych, stacjonarnych warunkach, jak i w cyfrowym miejscu pracy (<em>digital<\/em> <em>workplace<\/em>), kt\u00f3re wymaga umiej\u0119tno\u015bci obs\u0142ugi narz\u0119dzi spo\u0142eczno\u015bciowych, aplikacji przeznaczonych do komunikowania si\u0119, obs\u0142ugi system\u00f3w zarz\u0105dzania wiedz\u0105 \u00a0w wersji stacjonarnej i mobilnej.<\/p>\n<p>Program studi\u00f3w zak\u0142ada r\u00f3wnie\u017c zaj\u0119cia ukierunkowane na kszta\u0142towanie <strong>umiej\u0119tno\u015bci mi\u0119kkich <\/strong>takich jak: umiej\u0119tno\u015b\u0107 pracy pod siln\u0105 presj\u0105 czasu, radzenie sobie ze stresem, kreatywno\u015b\u0107, otwarto\u015b\u0107 na nowe rozwi\u0105zania i przystosowanie si\u0119 do zmieniaj\u0105cych si\u0119 warunk\u00f3w otoczenia, umiej\u0119tno\u015b\u0107 pracy \u202fw grupie, ale r\u00f3wnie\u017c dobra organizacja pracy zespo\u0142owi (w tym\u202f umiej\u0119tno\u015b\u0107 delegowania zada\u0144, odpowiednie motywowanie i skuteczne egzekwowanie wynik\u00f3w), umiej\u0119tno\u015b\u0107 negocjacji i wypracowania kompromisu.<\/p>\n<p>&nbsp;<\/p>\n<p><u>Specjalno\u015bci<\/u><\/p>\n<p>Po trzecim semestrze studi\u00f3w tudenci wybieraj\u0105 jedn\u0105 z trzech <strong>\u015bcie\u017cek specjalno\u015bciowych<\/strong>:<\/p>\n<ul>\n<li><strong>marketing w organizacji<\/strong>,<\/li>\n<li><strong>human resources w organizacji<\/strong>,<\/li>\n<li><strong>przedsi\u0119biorczo\u015b\u0107 i zarz\u0105dzanie<\/strong>.<\/li>\n<\/ul>\n<p>W ramach ka\u017cdej ze \u015bcie\u017cek przewidziany jest blok zaj\u0119\u0107 o charakterze praktycznym, obejmuj\u0105cych takie formy zaj\u0119\u0107, jak konwersatoria i warsztaty, kt\u00f3rych tematyka jest \u015bci\u015ble powi\u0105zana z obszarem specjalistycznych zainteresowa\u0144 studenta.<\/p>\n<p><u>Co robi\u0105 nasi absolwenci?<\/u><\/p>\n<p>Absolwent kierunku zasobami ludzkimi w organizacji mo\u017ce podj\u0105\u0107 prac\u0119 jako specjalista ds. zarz\u0105dzania zasobami ludzkimi, specjalista ds. personalnych\/HR Generalist, koordynator ds. personalnych, rekruter, specjalista ds. rekrutacji i proces\u00f3w HR, specjalista ds. kadr i p\u0142ac, HR Office administrator, doradca zawodowy, specjalista ds. szkole\u0144 i rozwoju, analityk HR, asystent HR, HR Biznes Partner, HR Specialist, HR Manager, HR Advisor itp.<\/p>\n<p>Wachlarz mo\u017cliwo\u015bci podj\u0119cia pracy jest bardzo szeroki, bowiem specjali\u015bci ds. zarz\u0105dzania zasobami ludzkimi po\u017c\u0105dani s\u0105 we wszystkich jednostkach (tj. przedsi\u0119biorstwa czy organizacje nie nastawione na zysk) bez wzgl\u0119du na bran\u017c\u0119, rodzaj w\u0142asno\u015bci (jednostki prywatne, jednostki pa\u0144stwowe) czy sektor gospodarki (pierwszy, drugi czy trzeci). Prac\u0119 dla specjalisty ds. HR oferuj\u0105 np. banki, agencje pracy, wydawnictwa i.in.<\/p>\n<p>W\u015br\u00f3d obowi\u0105zk\u00f3w specjalisty HR zatrudnionego na r\u00f3\u017cnych wy\u017cej wymienionych stanowiskach mo\u017cna wymieni\u0107 m.in.:<strong>\u00a0<\/strong><\/p>\n<ul>\n<li>realizacja projekt\u00f3w rekrutacyjnych,<\/li>\n<li>selekcja kandydat\u00f3w,<\/li>\n<li>administracyjna obs\u0142uga spraw pracowniczych oraz prowadzenie dokumentacji kadrowo-p\u0142acowej,<\/li>\n<li>zapewnienie prawid\u0142owego funkcjonowanie proces\u00f3w zarz\u0105dzania personelem,<\/li>\n<li>delegowanie zada\u0144,<\/li>\n<li>realizacja dzia\u0142a\u0144 z zakresu marketingu personalnego, marketingu wewn\u0119trznego, PR\u2019u wewn\u0119trznego, wdra\u017canie kampanii z zakresu employerbrandingu,<\/li>\n<li>digitalworkspace management,in.<\/li>\n<\/ul>\n<p>\n<\/div>\r\n                    <\/div>\r\n                <\/div>[\/vc_column][\/vc_row]<\/p>","protected":false},"excerpt":{"rendered":"<p>[vc_row][vc_column][\/vc_column][\/vc_row][vc_row][vc_column][\/vc_column][\/vc_row] [&#8230;]<\/p>\n<p><a class=\"btn btn-secondary understrap-read-more-link\" href=\"https:\/\/us.edu.pl\/wydzial\/wns\/studiuj\/kierunki-studiow\/zarzadzanie-zasobami-ludzkimi\/\">Read More&#8230;<\/a><\/p>\n","protected":false},"author":134,"featured_media":0,"parent":419,"menu_order":0,"comment_status":"closed","ping_status":"closed","template":"","meta":{"_expiration-date-status":"","_expiration-date":0,"_expiration-date-type":"","_expiration-date-categories":[],"_expiration-date-options":[]},"acf":[],"_links":{"self":[{"href":"https:\/\/us.edu.pl\/wydzial\/wns\/wp-json\/wp\/v2\/pages\/5909"}],"collection":[{"href":"https:\/\/us.edu.pl\/wydzial\/wns\/wp-json\/wp\/v2\/pages"}],"about":[{"href":"https:\/\/us.edu.pl\/wydzial\/wns\/wp-json\/wp\/v2\/types\/page"}],"author":[{"embeddable":true,"href":"https:\/\/us.edu.pl\/wydzial\/wns\/wp-json\/wp\/v2\/users\/134"}],"replies":[{"embeddable":true,"href":"https:\/\/us.edu.pl\/wydzial\/wns\/wp-json\/wp\/v2\/comments?post=5909"}],"version-history":[{"count":3,"href":"https:\/\/us.edu.pl\/wydzial\/wns\/wp-json\/wp\/v2\/pages\/5909\/revisions"}],"predecessor-version":[{"id":165042,"href":"https:\/\/us.edu.pl\/wydzial\/wns\/wp-json\/wp\/v2\/pages\/5909\/revisions\/165042"}],"up":[{"embeddable":true,"href":"https:\/\/us.edu.pl\/wydzial\/wns\/wp-json\/wp\/v2\/pages\/419"}],"wp:attachment":[{"href":"https:\/\/us.edu.pl\/wydzial\/wns\/wp-json\/wp\/v2\/media?parent=5909"}],"curies":[{"name":"wp","href":"https:\/\/api.w.org\/{rel}","templated":true}]}}