{"id":5935,"date":"2021-08-25T13:22:13","date_gmt":"2021-08-25T11:22:13","guid":{"rendered":"https:\/\/us.edu.pl\/wydzial\/wns\/?page_id=5935"},"modified":"2022-09-12T14:14:31","modified_gmt":"2022-09-12T12:14:31","slug":"pedagogika-specjalnosc-edukacja-wczesnoszkolna-i-wychowanie-przedszkolne","status":"publish","type":"page","link":"https:\/\/us.edu.pl\/wydzial\/wns\/studiuj\/kierunki-studiow\/pedagogika-specjalnosc-edukacja-wczesnoszkolna-i-wychowanie-przedszkolne\/","title":{"rendered":"Pedagogika"},"content":{"rendered":"<p>[vc_row][vc_column][\/vc_column][\/vc_row][vc_row][vc_column]\r\n                <div class=\"text-modules\">\r\n                    <div class=\"container\">\r\n                        <h3 class=\"page-title text__title\">Pedagogika<\/h3>\r\n                        <div class=\"text-modules__content\"><\/p>\n<ul>\n<li>Pedagogika opieku\u0144czo-wychowawcza i terapia pedagogiczna<\/li>\n<li>Pedagogika resocjalizacyjna z\u00a0penitencjarystyk\u0105<\/li>\n<\/ul>\n<p><strong>Charakterystyka kierunku oraz oferowanych specjalno\u015bci:<\/strong><\/p>\n<p>Pedagogika jest dyscyplin\u0105 naukow\u0105, kt\u00f3ra bada proces wychowania przebiegaj\u0105cy w r\u00f3\u017cnych \u015brodowiskach wychowawczych (rodzinnym, szkolnym, r\u00f3wie\u015bniczym, kulturowym) oraz dostarcza metod i narz\u0119dzi diagnozowania pozytywnych i negatywnych zjawisk w obszarze wychowania cz\u0142owieka, a tak\u017ce projektowania dzia\u0142a\u0144 optymalizuj\u0105cych rozw\u00f3j cz\u0142owieka na r\u00f3\u017cnych etapach przebiegu jego \u017cycia. Pedagogika resocjalizacyjna z penitencjarystyk\u0105 pozwala na pog\u0142\u0119bione studia w obszarze zaburzonej socjalizacji skutkuj\u0105cej niedostosowaniem spo\u0142ecznym jednostki oraz nad podejmowanymi wobec niej reakcjami (resocjalizacja w \u015brodowisku zamkni\u0119tym lub otwartym). Studia na specjalno\u015bci pedagogika opieku\u0144czo-wychowawcza i terapia pedagogicznej pozwalaj\u0105 za\u015b na zdobycie wiedzy z problematyki prawid\u0142owego b\u0105d\u017a zak\u0142\u00f3conego sprawowania pieczy rodzicielskiej lub instytucjonalnej, a tak\u017ce z problematyki trudno\u015bci w rozwijaniu umiej\u0119tno\u015bci szkolnych przez dzieci i m\u0142odzie\u017c.<\/p>\n<p>Specjalno\u015b\u0107\u00a0<strong>pedagogika opieku\u0144czo-wychowawcza i terapia pedagogiczna\u00a0<\/strong>zapoznaje student\u00f3w m.in. z problematyk\u0105 psychologii kszta\u0142cenia dzieci i m\u0142odzie\u017cy, pedagogik\u0105 szkoln\u0105, pedagogik\u0105 medi\u00f3w, wsparciem i pomoc\u0105 dla rodziny zagro\u017conej, a tak\u017ce z podstawami pracy opieku\u0144czo-wychowawczej, animacj\u0105 spo\u0142eczno-kulturow\u0105, warsztatem pracy pedagoga i terapeuty oraz z prac\u0105 dydaktyczn\u0105 i wychowawcz\u0105 w o\u015bwiacie. Ponadto program studi\u00f3w zawiera blok zaj\u0119\u0107 metodologicznych przygotowuj\u0105cych student\u00f3w do samodzielnej i zespo\u0142owej pracy naukowej (efektem jest powstanie pracy magisterskiej).<\/p>\n<p>Studia przygotowuj\u0105 do zawodu pedagog opieku\u0144czo-wychowawczy oraz s\u0105 <u>drugim etapem<\/u> przygotowania do zawodu nauczyciel pedagog specjalny w zakresie terapii pedagogicznej. Program kszta\u0142cenia przygotowany zgodnie z wytycznymi okre\u015blonymi w za\u0142\u0105czniku 3 do Rozporz\u0105dzenia Ministra Nauki i\u00a0Szkolnictwa Wy\u017cszego z\u00a0dnia 25\u00a0lipca 2019\u00a0r. w\u00a0sprawie standardu kszta\u0142cenia przygotowuj\u0105cego do wykonywania zawodu nauczyciela, Dz.\u00a0U. z dnia 2 sierpnia 2019 r., poz.\u00a01450).<\/p>\n<p>Specjalno\u015b\u0107<strong>\u00a0pedagogika resocjalizacyjna z penitencjarystyk\u0105\u00a0<\/strong>zapoznaje student\u00f3w m.in. z problematyk\u0105 psychologii kszta\u0142cenia dzieci i m\u0142odzie\u017cy, pedagogik\u0105 szkoln\u0105, pedagogik\u0105 medi\u00f3w, wsparciem i pomoc\u0105 dla rodziny zagro\u017conej, a tak\u017ce ze wsp\u00f3\u0142czesnymi tendencjami w resocjalizacji, budow\u0105 program\u00f3w profilaktycznych, teoretycznymi podstawami resocjalizacji,\u00a0 resocjalizacj\u0105 w krajach UE oraz pa\u0144stwach pozaeuropejskich, pedagogik\u0105 penitencjarn\u0105. Ponadto program studi\u00f3w zawiera blok zaj\u0119\u0107 metodologicznych przygotowuj\u0105cych student\u00f3w do samodzielnej i zespo\u0142owej pracy naukowej (efektem jest powstanie pracy magisterskiej).<\/p>\n<p>Studia s\u0105 <u>drugim etapem<\/u> przygotowania do zawodu nauczyciel pedagog specjalny w zakresie pedagogiki resocjalizacyjnej oraz przygotowuj\u0105 do pracy z osadzonymi w zak\u0142adach karnych (program kszta\u0142cenia przygotowany zgodnie z wytycznymi okre\u015blonymi w za\u0142\u0105czniku 3 do Rozporz\u0105dzenia Ministra Nauki i\u00a0Szkolnictwa Wy\u017cszego z\u00a0dnia 25\u00a0lipca 2019\u00a0r. w\u00a0sprawie standardu kszta\u0142cenia przygotowuj\u0105cego do wykonywania zawodu nauczyciela, Dz.\u00a0U. z dnia 2 sierpnia 2019 r., poz.\u00a01450).<\/p>\n<p><strong>Perspektywy zawodowe (sylwetka absolwenta)<\/strong><\/p>\n<p><strong>Pedagogika opieku\u0144czo-wychowawcza i terapia pedagogiczna:<\/strong><\/p>\n<p>Specjalno\u015b\u0107 przeznaczona jest dla os\u00f3b, kt\u00f3re w przysz\u0142o\u015bci pragn\u0105 podj\u0105\u0107 prac\u0119:<\/p>\n<p>&#8211; opieku\u0144czo-wychowawcz\u0105 z dzie\u0107mi, m\u0142odzie\u017c\u0105, osobami doros\u0142ymi, seniorami w plac\u00f3wkach wpierania rodziny i pieczy zast\u0119pczej, opieki spo\u0142ecznej,<\/p>\n<p>&#8211; korekcyjno-kompensacyjn\u0105 z dzie\u0107mi z grupy ryzyka specyficznych trudno\u015bci w uczeniu si\u0119 oraz uczni\u00f3w ze specyficznymi trudno\u015bciami w uczeniu si\u0119 w plac\u00f3wkach o\u015bwiatowych.<\/p>\n<p>Studia daj\u0105 kwalifikacje do pracy w plac\u00f3wkach resortu rodziny, pracy i polityki spo\u0142ecznej, tj.<\/p>\n<p>&#8211; w plac\u00f3wkach wsparcia rodziny np. \u015bwietlicach \u015brodowiskowych, klubach i ogniskach wychowawczych, w pracy podw\u00f3rkowej na stanowisku wychowawcy, pedagoga oraz<\/p>\n<p>&#8211; w plac\u00f3wkach pieczy zast\u0119pczej na stanowisku pedagoga, wychowawcy<\/p>\n<p>&#8211;\u00a0 w pieczy rodzinnej, tj. rodziny zast\u0119pcze zawodowe, pogotowia rodzinne, rodzinne domy dziecka oraz<\/p>\n<p>&#8211; pieczy instytucjonalnej: opieku\u0144czo-wychowawczej typu socjalizacyjnego (domy dziecka), interwencyjnego, rodzinnego, w interwencyjnych o\u015brodkach preadopcyjnych<\/p>\n<p>&#8211; plac\u00f3wkach pomocy spo\u0142ecznej dla os\u00f3b doros\u0142ych np. domach pomocy spo\u0142ecznej, schroniskach dla bezdomnych, klubach samopomocy, o\u015brodkach\/domach dziennego pobytu.<\/p>\n<p>Dzi\u0119ki po\u0142\u0105czeniu specjalno\u015bci opieku\u0144czo-wychowawczej z terapi\u0105 pedagogiczn\u0105 (pedagogik\u0105 korekcyjn\u0105), studenci uzyskuj\u0105 przygotowanie do pracy w plac\u00f3wkach resortu o\u015bwiaty, takich jak: szko\u0142y, poradnie psychologiczno-pedagogiczne, plac\u00f3wki zapewniaj\u0105ce opiek\u0119 i wychowanie uczniom w okresie pobierania nauki poza miejscem sta\u0142ego zamieszkania (bursy, internaty, \u015bwietlice szkolne), plac\u00f3wki doskonalenia nauczycieli itp., plac\u00f3wki o\u015bwiatowo-wychowawcze wychowania pozaszkolnego (pa\u0142ace m\u0142odzie\u017cy, m\u0142odzie\u017cowe domy kultury, szkolne schroniska m\u0142odzie\u017cowe) na stanowisku nauczyciela, wychowawcy.<\/p>\n<p>Przygotowanie w zakresie pedagogiki korekcyjnej daje mo\u017cliwo\u015b\u0107 zatrudnienia na stanowiskach terapeuty, nauczyciela terapeuty, nauczyciela pedagoga specjalnego, stosownie w:<\/p>\n<p>&#8211; specjalistycznych plac\u00f3wkach wparcia rodziny i pieczy zast\u0119pczej np. \u015bwietlicach specjalistycznych, prowadz\u0105cych prac\u0119 terapeutyczn\u0105 oraz<\/p>\n<p>&#8211; specjalistycznych plac\u00f3wkach o\u015bwiatowych szkolnych jak i pozaszkolnych, poradniach specjalistycznych.<\/p>\n<p><strong>Specjalno\u015b\u0107 pedagogika resocjalizacyjna z penitencjarystyk\u0105:<\/strong><\/p>\n<p>Specjalno\u015b\u0107 przeznaczona jest dla os\u00f3b, kt\u00f3re w przysz\u0142o\u015bci pragn\u0105 podj\u0105\u0107 prac\u0119:<\/p>\n<p>&#8211; w plac\u00f3wkach resortu sprawiedliwo\u015bci, takich jak zak\u0142ad poprawczy, schronisko dla nieletnich (na stanowisku nauczyciel-wychowawca), zak\u0142ad karny, areszt \u015bledczy (na stanowisku wychowawcy), zesp\u00f3\u0142 kuratorskiej s\u0142u\u017cby s\u0105dowej (kuratorzy s\u0105dowi dla doros\u0142ych lub rodzinni), o\u015brodek kuratorski, policyjna izba dziecka, opiniodawczy zesp\u00f3\u0142 s\u0105dowych specjalist\u00f3w. A ponadto studenci specjalno\u015bci uzyskuj\u0105 w toku studi\u00f3w kompetencje do pracy w plac\u00f3wkach resortu rodziny, pracy i polityki spo\u0142ecznej, takich jak: \u015bwietlica \u015brodowiskowa i socjoterapeutyczna, ochotniczy hufiec pracy, organizacje pozarz\u0105dowe (NGO) i o\u015brodki pomocy spo\u0142ecznej w roli asystenta rodziny lub pracownika ulicy (streetworking, partyworking);<\/p>\n<p>&#8211; w plac\u00f3wkach resortu o\u015bwiaty, takich jak: m\u0142o\u00addzie\u017cowy o\u015brodek wychowawczy, m\u0142odzie\u017cowy o\u015brodek socjoterapii, szko\u0142y podstawowe i ponadpodstawowe (na stanowisku pedagog specjalny w zakresie pedagogiki resocjalizacyjnej), poradnia psychologiczno-pedagogiczna, plac\u00f3wki wychowania pozaszkolnego (pa\u0142ace m\u0142odzie\u017cy, m\u0142odzie\u017cowe domy kultury, szkolne schroniska m\u0142odzie\u017cowe).<\/p>\n<\/div>\r\n                    <\/div>\r\n                <\/div>[\/vc_column][\/vc_row]<\/p>","protected":false},"excerpt":{"rendered":"<p>[vc_row][vc_column][\/vc_column][\/vc_row][vc_row][vc_column][\/vc_column][\/vc_row] [&#8230;]<\/p>\n<p><a class=\"btn btn-secondary understrap-read-more-link\" href=\"https:\/\/us.edu.pl\/wydzial\/wns\/studiuj\/kierunki-studiow\/pedagogika-specjalnosc-edukacja-wczesnoszkolna-i-wychowanie-przedszkolne\/\">Read More&#8230;<\/a><\/p>\n","protected":false},"author":134,"featured_media":0,"parent":419,"menu_order":0,"comment_status":"closed","ping_status":"closed","template":"","meta":{"_expiration-date-status":"","_expiration-date":0,"_expiration-date-type":"","_expiration-date-categories":[],"_expiration-date-options":[]},"acf":[],"_links":{"self":[{"href":"https:\/\/us.edu.pl\/wydzial\/wns\/wp-json\/wp\/v2\/pages\/5935"}],"collection":[{"href":"https:\/\/us.edu.pl\/wydzial\/wns\/wp-json\/wp\/v2\/pages"}],"about":[{"href":"https:\/\/us.edu.pl\/wydzial\/wns\/wp-json\/wp\/v2\/types\/page"}],"author":[{"embeddable":true,"href":"https:\/\/us.edu.pl\/wydzial\/wns\/wp-json\/wp\/v2\/users\/134"}],"replies":[{"embeddable":true,"href":"https:\/\/us.edu.pl\/wydzial\/wns\/wp-json\/wp\/v2\/comments?post=5935"}],"version-history":[{"count":3,"href":"https:\/\/us.edu.pl\/wydzial\/wns\/wp-json\/wp\/v2\/pages\/5935\/revisions"}],"predecessor-version":[{"id":158199,"href":"https:\/\/us.edu.pl\/wydzial\/wns\/wp-json\/wp\/v2\/pages\/5935\/revisions\/158199"}],"up":[{"embeddable":true,"href":"https:\/\/us.edu.pl\/wydzial\/wns\/wp-json\/wp\/v2\/pages\/419"}],"wp:attachment":[{"href":"https:\/\/us.edu.pl\/wydzial\/wns\/wp-json\/wp\/v2\/media?parent=5935"}],"curies":[{"name":"wp","href":"https:\/\/api.w.org\/{rel}","templated":true}]}}

<p>[vc_row][vc_column][/vc_column][/vc_row][vc_row][vc_column]
                <div class="text-modules">
                    <div class="container">
                        <h3 class="page-title text__title">Pedagogika</h3>
                        <div class="text-modules__content"></p>
<ul>
<li>Pedagogika opiekuńczo-wychowawcza i terapia pedagogiczna</li>
<li>Pedagogika resocjalizacyjna z penitencjarystyką</li>
</ul>
<p><strong>Charakterystyka kierunku oraz oferowanych specjalności:</strong></p>
<p>Pedagogika jest dyscypliną naukową, która bada proces wychowania przebiegający w różnych środowiskach wychowawczych (rodzinnym, szkolnym, rówieśniczym, kulturowym) oraz dostarcza metod i narzędzi diagnozowania pozytywnych i negatywnych zjawisk w obszarze wychowania człowieka, a także projektowania działań optymalizujących rozwój człowieka na różnych etapach przebiegu jego życia. Pedagogika resocjalizacyjna z penitencjarystyką pozwala na pogłębione studia w obszarze zaburzonej socjalizacji skutkującej niedostosowaniem społecznym jednostki oraz nad podejmowanymi wobec niej reakcjami (resocjalizacja w środowisku zamkniętym lub otwartym). Studia na specjalności pedagogika opiekuńczo-wychowawcza i terapia pedagogicznej pozwalają zaś na zdobycie wiedzy z problematyki prawidłowego bądź zakłóconego sprawowania pieczy rodzicielskiej lub instytucjonalnej, a także z problematyki trudności w rozwijaniu umiejętności szkolnych przez dzieci i młodzież.</p>
<p>Specjalność <strong>pedagogika opiekuńczo-wychowawcza i terapia pedagogiczna </strong>zapoznaje studentów m.in. z problematyką psychologii kształcenia dzieci i młodzieży, pedagogiką szkolną, pedagogiką mediów, wsparciem i pomocą dla rodziny zagrożonej, a także z podstawami pracy opiekuńczo-wychowawczej, animacją społeczno-kulturową, warsztatem pracy pedagoga i terapeuty oraz z pracą dydaktyczną i wychowawczą w oświacie. Ponadto program studiów zawiera blok zajęć metodologicznych przygotowujących studentów do samodzielnej i zespołowej pracy naukowej (efektem jest powstanie pracy magisterskiej).</p>
<p>Studia przygotowują do zawodu pedagog opiekuńczo-wychowawczy oraz są <u>drugim etapem</u> przygotowania do zawodu nauczyciel pedagog specjalny w zakresie terapii pedagogicznej. Program kształcenia przygotowany zgodnie z wytycznymi określonymi w załączniku 3 do Rozporządzenia Ministra Nauki i Szkolnictwa Wyższego z dnia 25 lipca 2019 r. w sprawie standardu kształcenia przygotowującego do wykonywania zawodu nauczyciela, Dz. U. z dnia 2 sierpnia 2019 r., poz. 1450).</p>
<p>Specjalność<strong> pedagogika resocjalizacyjna z penitencjarystyką </strong>zapoznaje studentów m.in. z problematyką psychologii kształcenia dzieci i młodzieży, pedagogiką szkolną, pedagogiką mediów, wsparciem i pomocą dla rodziny zagrożonej, a także ze współczesnymi tendencjami w resocjalizacji, budową programów profilaktycznych, teoretycznymi podstawami resocjalizacji,  resocjalizacją w krajach UE oraz państwach pozaeuropejskich, pedagogiką penitencjarną. Ponadto program studiów zawiera blok zajęć metodologicznych przygotowujących studentów do samodzielnej i zespołowej pracy naukowej (efektem jest powstanie pracy magisterskiej).</p>
<p>Studia są <u>drugim etapem</u> przygotowania do zawodu nauczyciel pedagog specjalny w zakresie pedagogiki resocjalizacyjnej oraz przygotowują do pracy z osadzonymi w zakładach karnych (program kształcenia przygotowany zgodnie z wytycznymi określonymi w załączniku 3 do Rozporządzenia Ministra Nauki i Szkolnictwa Wyższego z dnia 25 lipca 2019 r. w sprawie standardu kształcenia przygotowującego do wykonywania zawodu nauczyciela, Dz. U. z dnia 2 sierpnia 2019 r., poz. 1450).</p>
<p><strong>Perspektywy zawodowe (sylwetka absolwenta)</strong></p>
<p><strong>Pedagogika opiekuńczo-wychowawcza i terapia pedagogiczna:</strong></p>
<p>Specjalność przeznaczona jest dla osób, które w przyszłości pragną podjąć pracę:</p>
<p>&#8211; opiekuńczo-wychowawczą z dziećmi, młodzieżą, osobami dorosłymi, seniorami w placówkach wpierania rodziny i pieczy zastępczej, opieki społecznej,</p>
<p>&#8211; korekcyjno-kompensacyjną z dziećmi z grupy ryzyka specyficznych trudności w uczeniu się oraz uczniów ze specyficznymi trudnościami w uczeniu się w placówkach oświatowych.</p>
<p>Studia dają kwalifikacje do pracy w placówkach resortu rodziny, pracy i polityki społecznej, tj.</p>
<p>&#8211; w placówkach wsparcia rodziny np. świetlicach środowiskowych, klubach i ogniskach wychowawczych, w pracy podwórkowej na stanowisku wychowawcy, pedagoga oraz</p>
<p>&#8211; w placówkach pieczy zastępczej na stanowisku pedagoga, wychowawcy</p>
<p>&#8211;  w pieczy rodzinnej, tj. rodziny zastępcze zawodowe, pogotowia rodzinne, rodzinne domy dziecka oraz</p>
<p>&#8211; pieczy instytucjonalnej: opiekuńczo-wychowawczej typu socjalizacyjnego (domy dziecka), interwencyjnego, rodzinnego, w interwencyjnych ośrodkach preadopcyjnych</p>
<p>&#8211; placówkach pomocy społecznej dla osób dorosłych np. domach pomocy społecznej, schroniskach dla bezdomnych, klubach samopomocy, ośrodkach/domach dziennego pobytu.</p>
<p>Dzięki połączeniu specjalności opiekuńczo-wychowawczej z terapią pedagogiczną (pedagogiką korekcyjną), studenci uzyskują przygotowanie do pracy w placówkach resortu oświaty, takich jak: szkoły, poradnie psychologiczno-pedagogiczne, placówki zapewniające opiekę i wychowanie uczniom w okresie pobierania nauki poza miejscem stałego zamieszkania (bursy, internaty, świetlice szkolne), placówki doskonalenia nauczycieli itp., placówki oświatowo-wychowawcze wychowania pozaszkolnego (pałace młodzieży, młodzieżowe domy kultury, szkolne schroniska młodzieżowe) na stanowisku nauczyciela, wychowawcy.</p>
<p>Przygotowanie w zakresie pedagogiki korekcyjnej daje możliwość zatrudnienia na stanowiskach terapeuty, nauczyciela terapeuty, nauczyciela pedagoga specjalnego, stosownie w:</p>
<p>&#8211; specjalistycznych placówkach wparcia rodziny i pieczy zastępczej np. świetlicach specjalistycznych, prowadzących pracę terapeutyczną oraz</p>
<p>&#8211; specjalistycznych placówkach oświatowych szkolnych jak i pozaszkolnych, poradniach specjalistycznych.</p>
<p><strong>Specjalność pedagogika resocjalizacyjna z penitencjarystyką:</strong></p>
<p>Specjalność przeznaczona jest dla osób, które w przyszłości pragną podjąć pracę:</p>
<p>&#8211; w placówkach resortu sprawiedliwości, takich jak zakład poprawczy, schronisko dla nieletnich (na stanowisku nauczyciel-wychowawca), zakład karny, areszt śledczy (na stanowisku wychowawcy), zespół kuratorskiej służby sądowej (kuratorzy sądowi dla dorosłych lub rodzinni), ośrodek kuratorski, policyjna izba dziecka, opiniodawczy zespół sądowych specjalistów. A ponadto studenci specjalności uzyskują w toku studiów kompetencje do pracy w placówkach resortu rodziny, pracy i polityki społecznej, takich jak: świetlica środowiskowa i socjoterapeutyczna, ochotniczy hufiec pracy, organizacje pozarządowe (NGO) i ośrodki pomocy społecznej w roli asystenta rodziny lub pracownika ulicy (streetworking, partyworking);</p>
<p>&#8211; w placówkach resortu oświaty, takich jak: mło­dzieżowy ośrodek wychowawczy, młodzieżowy ośrodek socjoterapii, szkoły podstawowe i ponadpodstawowe (na stanowisku pedagog specjalny w zakresie pedagogiki resocjalizacyjnej), poradnia psychologiczno-pedagogiczna, placówki wychowania pozaszkolnego (pałace młodzieży, młodzieżowe domy kultury, szkolne schroniska młodzieżowe).</p>
</div>
                    </div>
                </div>[/vc_column][/vc_row]</p>
