{"id":5938,"date":"2021-08-25T13:24:47","date_gmt":"2021-08-25T11:24:47","guid":{"rendered":"https:\/\/us.edu.pl\/wydzial\/wns\/?page_id=5938"},"modified":"2021-09-09T14:07:03","modified_gmt":"2021-09-09T12:07:03","slug":"pedagogika-specjalnosc-opiekunczo-wychowawcza","status":"publish","type":"page","link":"https:\/\/us.edu.pl\/wydzial\/wns\/studiuj\/kierunki-studiow\/pedagogika-specjalnosc-opiekunczo-wychowawcza\/","title":{"rendered":"Pedagogika, specjalno\u015b\u0107: opieku\u0144czo-wychowawcza"},"content":{"rendered":"<p>[vc_row][vc_column][\/vc_column][\/vc_row][vc_row][vc_column]\r\n                <div class=\"text-modules\">\r\n                    <div class=\"container\">\r\n                        <h3 class=\"page-title text__title\">Pedagogika, specjalno\u015b\u0107: opieku\u0144czo-wychowawcza, studia II stopnia<\/h3>\r\n                        <div class=\"text-modules__content\"><p>Celem studi\u00f3w jest posze\u00adrzenie wiedzy pedagogicznej absol\u00adwent\u00f3w oraz przygotowanie ich do podj\u0119cia studi\u00f3w III stopnia (dokto\u00adranckich), a tak\u017ce uzyskanie przez nich podstaw teoretycznych i umiej\u0119tno\u015bci dalszego samokszta\u0142cenia. Dotyczy to zw\u0142aszcza metodologii bada\u0144 spo\u0142ecznych oraz seminarium magisterskie\u00adgo. Absolwent poznaje tak\u017ce wsp\u00f3\u0142czesne problemy socjologii i psychologii, wsp\u00f3\u0142czesne kon\u00adcepcje filozofii i etyki, a tak\u017ce logik\u0119. Student jest tak\u017ce przygotowywany do budowania i poszerzania swych kompetencji zawodowych z wykorzystaniem r\u00f3\u017cnych \u017ar\u00f3de\u0142 wiedzy i nowoczesnych technologii oraz do pracy w zespole (pe\u0142nienie r\u00f3\u017cnych r\u00f3l, podejmowanie i delegowanie zada\u0144), zw\u0142aszcza wsp\u00f3\u0142pracy z innymi specjalistami. Absolwent powinien tak\u017ce wykazywa\u0107 zdolno\u015b\u0107 dostrzegania i samodzielnego rozwi\u0105zywania problem\u00f3w naukowych, edukacyjnych i rehabilitacyjnych oraz posiada\u0107 umiej\u0119tno\u015b\u0107 przygotowania publikacji z zakresu swojej dzia\u0142alno\u015bci. Ma r\u00f3wnocze\u015bnie \u015bwiadomo\u015b\u0107 poziomu swojej wiedzy i umiej\u0119tno\u015bci. Rozumie potrzeb\u0119 ci\u0105g\u0142ego dokszta\u0142cania si\u0119 zawodowego i rozwoju osobistego.<\/p>\n<p>Specjalno\u015b\u0107 przygotowuje do pracy we wszystkich pla\u00adc\u00f3wkach, kt\u00f3re wymagaj\u0105 kompetencji wychowawczych, opieku\u0144czych, po\u00admocowych. Absolwent tej specjalno\u015bci mo\u017ce by\u0107 zatrudniony w r\u00f3\u017cnego typu jednostkach o\u015bwiatowo-wychowawczych, poradniach specjalistycznych, in\u00adstytucjach animacji kulturalnej, pomocy spo\u0142ecznej, profilaktyki, edukacji doro\u00ads\u0142ych i opieki nad doros\u0142ymi, s\u0142u\u017cby zdrowia, administracji pa\u0144stwowej i samo\u00adrz\u0105dowej (np. w domach pomocy spo\u0142ecznej, w plac\u00f3wkach opieki zast\u0119pczej, pogotowiu opieku\u0144czym, \u015bwietlicy \u015brodowiskowej, o\u015brodku wychowawczym, internacie, sanatorium, szpitalu, prewentorium, poradni psychologiczno-\u00a0\u00a0\u00a0 pedagogicznej, instytucjach pomocy potrzebuj\u0105cym i uzale\u017cnionym, o\u015brodkach pomocy osobom niepe\u0142nosprawnym i innych plac\u00f3wkach prowadz\u0105cych dzia\u0142alno\u015b\u0107 wychowawcz\u0105, opieku\u0144cz\u0105 i pomocow\u0105).<\/p>\n<\/div>\r\n                    <\/div>\r\n                <\/div>[\/vc_column][\/vc_row]<\/p>","protected":false},"excerpt":{"rendered":"<p>[vc_row][vc_column][\/vc_column][\/vc_row][vc_row][vc_column][\/vc_column][\/vc_row] [&#8230;]<\/p>\n<p><a class=\"btn btn-secondary understrap-read-more-link\" href=\"https:\/\/us.edu.pl\/wydzial\/wns\/studiuj\/kierunki-studiow\/pedagogika-specjalnosc-opiekunczo-wychowawcza\/\">Read More&#8230;<\/a><\/p>\n","protected":false},"author":134,"featured_media":0,"parent":419,"menu_order":0,"comment_status":"closed","ping_status":"closed","template":"","meta":{"_expiration-date-status":"saved","_expiration-date":0,"_expiration-date-type":"","_expiration-date-categories":[],"_expiration-date-options":[]},"acf":[],"_links":{"self":[{"href":"https:\/\/us.edu.pl\/wydzial\/wns\/wp-json\/wp\/v2\/pages\/5938"}],"collection":[{"href":"https:\/\/us.edu.pl\/wydzial\/wns\/wp-json\/wp\/v2\/pages"}],"about":[{"href":"https:\/\/us.edu.pl\/wydzial\/wns\/wp-json\/wp\/v2\/types\/page"}],"author":[{"embeddable":true,"href":"https:\/\/us.edu.pl\/wydzial\/wns\/wp-json\/wp\/v2\/users\/134"}],"replies":[{"embeddable":true,"href":"https:\/\/us.edu.pl\/wydzial\/wns\/wp-json\/wp\/v2\/comments?post=5938"}],"version-history":[{"count":2,"href":"https:\/\/us.edu.pl\/wydzial\/wns\/wp-json\/wp\/v2\/pages\/5938\/revisions"}],"predecessor-version":[{"id":6117,"href":"https:\/\/us.edu.pl\/wydzial\/wns\/wp-json\/wp\/v2\/pages\/5938\/revisions\/6117"}],"up":[{"embeddable":true,"href":"https:\/\/us.edu.pl\/wydzial\/wns\/wp-json\/wp\/v2\/pages\/419"}],"wp:attachment":[{"href":"https:\/\/us.edu.pl\/wydzial\/wns\/wp-json\/wp\/v2\/media?parent=5938"}],"curies":[{"name":"wp","href":"https:\/\/api.w.org\/{rel}","templated":true}]}}