{"id":7462,"date":"2021-12-07T11:11:37","date_gmt":"2021-12-07T10:11:37","guid":{"rendered":"https:\/\/us.edu.pl\/wydzial\/wns\/?page_id=7462"},"modified":"2025-10-14T10:33:07","modified_gmt":"2025-10-14T08:33:07","slug":"harmonogram-konkursow-ncn","status":"publish","type":"page","link":"https:\/\/us.edu.pl\/wydzial\/wns\/harmonogram-konkursow-ncn\/","title":{"rendered":"harmonogram konkurs\u00f3w ncn"},"content":{"rendered":"<p>[vc_row][vc_column][vc_column_text][\/vc_column_text][\/vc_column][\/vc_row][vc_row][vc_column]\r\n                <div class=\"text-modules\">\r\n                    <div class=\"container\">\r\n                        \r\n                        <div class=\"text-modules__content\"><p><a href=\"https:\/\/us.edu.pl\/pracownik\/sprawy-naukowe\/strefa-projektow\/wykaz-otwartych-konkursow\/\"><strong>https:\/\/us.edu.pl\/pracownik\/sprawy-naukowe\/strefa-projektow\/wykaz-otwartych-konkursow\/<\/strong><\/a><\/p>\n<p><strong>\u00a0<\/strong><\/p>\n<p><a href=\"https:\/\/www.ncn.gov.pl\/finansowanie-nauki\/konkursy\/harmonogram\"><strong>Aktualny harmonogram konkurs\u00f3w NCN<\/strong><\/a><\/p>\n<p>&nbsp;<\/p>\n<p><img class=\"alignnone wp-image-172028 size-large\" src=\"https:\/\/us.edu.pl\/wydzial\/wns\/wp-content\/uploads\/sites\/17\/Bez-kategorii\/harmonogram-konkursow-NCN-2025-pl-1024x737.png\" alt=\"\" width=\"640\" height=\"461\" srcset=\"https:\/\/us.edu.pl\/wydzial\/wns\/wp-content\/uploads\/sites\/17\/Bez-kategorii\/harmonogram-konkursow-NCN-2025-pl-1024x737.png 1024w, https:\/\/us.edu.pl\/wydzial\/wns\/wp-content\/uploads\/sites\/17\/Bez-kategorii\/harmonogram-konkursow-NCN-2025-pl-300x216.png 300w, https:\/\/us.edu.pl\/wydzial\/wns\/wp-content\/uploads\/sites\/17\/Bez-kategorii\/harmonogram-konkursow-NCN-2025-pl-768x553.png 768w, https:\/\/us.edu.pl\/wydzial\/wns\/wp-content\/uploads\/sites\/17\/Bez-kategorii\/harmonogram-konkursow-NCN-2025-pl-575x414.png 575w, https:\/\/us.edu.pl\/wydzial\/wns\/wp-content\/uploads\/sites\/17\/Bez-kategorii\/harmonogram-konkursow-NCN-2025-pl.png 1200w\" sizes=\"(max-width: 640px) 100vw, 640px\" \/><\/p>\n<p>&nbsp;<\/p>\n<p>&nbsp;<\/p>\n<p>&nbsp;<\/p>\n<p>Dane Uniwersytetu przydatne do przygotowywania wniosk\u00f3w:<\/p>\n<p>&nbsp;<\/p>\n<p>Adres skrzynki ePUAP: \/USKat\/SkrytkaESP<\/p>\n<p>&nbsp;<\/p>\n<p>NIP: 634 019 71 34<\/p>\n<p>&nbsp;<\/p>\n<p>REGON: 000001347<\/p>\n<p>&nbsp;<\/p>\n<p><img class=\"alignnone size-medium wp-image-7598\" src=\"https:\/\/us.edu.pl\/wydzial\/wns\/wp-content\/uploads\/sites\/17\/Nieprzypisane\/NCN-300x35.png\" alt=\"logotym Narodowego Centrum Nauki\" width=\"300\" height=\"35\" srcset=\"https:\/\/us.edu.pl\/wydzial\/wns\/wp-content\/uploads\/sites\/17\/Nieprzypisane\/NCN-300x35.png 300w, https:\/\/us.edu.pl\/wydzial\/wns\/wp-content\/uploads\/sites\/17\/Nieprzypisane\/NCN-575x68.png 575w, https:\/\/us.edu.pl\/wydzial\/wns\/wp-content\/uploads\/sites\/17\/Nieprzypisane\/NCN.png 594w\" sizes=\"(max-width: 300px) 100vw, 300px\" \/><\/p>\n<p>&nbsp;<\/p>\n<p><strong>SONATA 21<\/strong><\/p>\n<p>Konkurs przeznaczony dla naukowc\u00f3w, kt\u00f3rzy uzyskali stopie\u0144 doktora w okresie od 2 do 7 lat przed rokiem wyst\u0105pienia z wnioskiem. Wnioskodawcy mog\u0105 ubiega\u0107 si\u0119 o finansowanie projekt\u00f3w obejmuj\u0105cych badania podstawowe, trwaj\u0105cych 12 miesi\u0119cy, 24 miesi\u0105ce lub 36 miesi\u0119cy.<\/p>\n<p>Nab\u00f3r wniosk\u00f3w potrwa do 15 grudnia 2025 r. do godziny 14:00.<\/p>\n<p><a href=\"https:\/\/www.ncn.gov.pl\/ogloszenia\/konkursy\/sonata21\">https:\/\/www.ncn.gov.pl\/ogloszenia\/konkursy\/sonata21<\/a><\/p>\n<p>&nbsp;<\/p>\n<p>&nbsp;<\/p>\n<p>&nbsp;<\/p>\n<p><strong>OPUS 30 LAP\/Weave <\/strong><\/p>\n<p>Konkurs ten otwiera mo\u017cliwo\u015b\u0107 ubiegania si\u0119 o finansowanie projekt\u00f3w badawczych prowadzonych we wsp\u00f3\u0142pracy mi\u0119dzynarodowej dwustronnej lub tr\u00f3jstronnej w ramach programu Weave, a tak\u017ce przedsi\u0119wzi\u0119\u0107 realizowanych przy wykorzystaniu przez polskie zespo\u0142y badawcze wielkich mi\u0119dzynarodowych urz\u0105dze\u0144 badawczych. Konkurs przeznaczony jest dla naukowc\u00f3w na wszystkich etapach kariery naukowej, kt\u00f3rzy planuj\u0105 realizacj\u0119 bada\u0144.<\/p>\n<p>Nab\u00f3r wniosk\u00f3w potrwa do 15 grudnia 2025 r. do godziny 14:00.<\/p>\n<p><a href=\"https:\/\/www.ncn.gov.pl\/ogloszenia\/konkursy\/opus30\">https:\/\/www.ncn.gov.pl\/ogloszenia\/konkursy\/opus30<\/a><\/p>\n<p>&nbsp;<\/p>\n<p>\n<\/div>\r\n                    <\/div>\r\n                <\/div>[\/vc_column][\/vc_row][vc_row][vc_column][vc_column_text][\/vc_column_text][\/vc_column][\/vc_row]<\/p>","protected":false},"excerpt":{"rendered":"<p>[vc_row][vc_column][vc_column_text][\/vc_column_text][\/vc_column][\/vc_row][vc_row][vc_column][\/vc_column][\/vc_row][vc_row][vc_column][vc_column_text][\/vc_column_text][\/vc_column][\/vc_row] [&#8230;]<\/p>\n<p><a class=\"btn btn-secondary understrap-read-more-link\" href=\"https:\/\/us.edu.pl\/wydzial\/wns\/harmonogram-konkursow-ncn\/\">Read More&#8230;<\/a><\/p>\n","protected":false},"author":133,"featured_media":0,"parent":0,"menu_order":0,"comment_status":"closed","ping_status":"closed","template":"","meta":{"_expiration-date-status":"","_expiration-date":0,"_expiration-date-type":"","_expiration-date-categories":[],"_expiration-date-options":[]},"acf":[],"_links":{"self":[{"href":"https:\/\/us.edu.pl\/wydzial\/wns\/wp-json\/wp\/v2\/pages\/7462"}],"collection":[{"href":"https:\/\/us.edu.pl\/wydzial\/wns\/wp-json\/wp\/v2\/pages"}],"about":[{"href":"https:\/\/us.edu.pl\/wydzial\/wns\/wp-json\/wp\/v2\/types\/page"}],"author":[{"embeddable":true,"href":"https:\/\/us.edu.pl\/wydzial\/wns\/wp-json\/wp\/v2\/users\/133"}],"replies":[{"embeddable":true,"href":"https:\/\/us.edu.pl\/wydzial\/wns\/wp-json\/wp\/v2\/comments?post=7462"}],"version-history":[{"count":10,"href":"https:\/\/us.edu.pl\/wydzial\/wns\/wp-json\/wp\/v2\/pages\/7462\/revisions"}],"predecessor-version":[{"id":182613,"href":"https:\/\/us.edu.pl\/wydzial\/wns\/wp-json\/wp\/v2\/pages\/7462\/revisions\/182613"}],"wp:attachment":[{"href":"https:\/\/us.edu.pl\/wydzial\/wns\/wp-json\/wp\/v2\/media?parent=7462"}],"curies":[{"name":"wp","href":"https:\/\/api.w.org\/{rel}","templated":true}]}}