{"id":882,"date":"2019-11-25T10:16:25","date_gmt":"2019-11-25T09:16:25","guid":{"rendered":"https:\/\/us.edu.pl\/wydzial\/wns\/?page_id=882"},"modified":"2025-12-11T08:59:35","modified_gmt":"2025-12-11T07:59:35","slug":"akademicki-zwiazek-sportowy","status":"publish","type":"page","link":"https:\/\/us.edu.pl\/wydzial\/wns\/akademicki-zwiazek-sportowy\/","title":{"rendered":"Akademicki Zwi\u0105zek Sportowy"},"content":{"rendered":"<p>[vc_row][vc_column][\/vc_column][\/vc_row][vc_row][vc_column]\r\n                <div class=\"text-modules\">\r\n                    <div class=\"container\">\r\n                        <h3 class=\"page-title text__title\">Akademicki Zwi\u0105zek Sportowy<\/h3>\r\n                        <div class=\"text-modules__content\"><p><strong>Akademicki Zwi\u0105zek Sportowy<\/strong> skupia student\u00f3w zar\u00f3wno pragn\u0105cych kontynuowa\u0107 trenowanie r\u00f3\u017cnych dyscyplin sportowych, jak i tych, chc\u0105cych \u00a0rozpocz\u0105\u0107 swoj\u0105 przygod\u0119 ze sportem. \u00a0To r\u00f3wnie\u017c mn\u00f3stwo korzy\u015bci dla student\u00f3w naszej uczelni, mi\u0119dzy innymi:<\/p>\n<ul>\n<li>ponad 50 (!) sekcji rekreacyjnych (m.in. aerobik, fitness, e-sport, zumba, futsal, taniec towarzyski, wspinaczka, sporty walki, snowboard) i wyczynowych (futsal kobiet i m\u0119\u017cczyzn, lacrosse, koszyk\u00f3wka kobiet, tenis sto\u0142owy),<\/li>\n<li>ubezpieczenie NNW na terenie ca\u0142ego \u015bwiata,<\/li>\n<li>darmowy wst\u0119p na uczelnian\u0105 si\u0142owni\u0119 i basen,<\/li>\n<li>atrakcyjne zni\u017cki programu ISIC,<\/li>\n<li>obozy zimowe i letnie,<\/li>\n<li>mo\u017cliwo\u015b\u0107 startu w Akademickich Mistrzostwach \u015al\u0105ska i Polski.<\/li>\n<\/ul>\n<p>Wi\u0119cej informacji na stronach:<\/p>\n<p><a href=\"https:\/\/azsus.pl\/\" target=\"_blank\" rel=\"noopener\">AZS Uniwersytetu \u015al\u0105skiego<\/a><\/p>\n<p><a href=\"http:\/\/www.facebook.com\/AZS.UniwersytetuSlaskiego\/\" target=\"_blank\" rel=\"noopener\">www.facebook.com\/AZS.UniwersytetuSlaskiego\/<\/a><\/p>\n<p>oraz w biurze AZS U\u015a &#8211; Bankowa 14 pok\u00f3j 230, 40-007 Katowice (klub@azsus.pl)<\/p>\n<\/div>\r\n                    <\/div>\r\n                <\/div>[\/vc_column][\/vc_row]<\/p>","protected":false},"excerpt":{"rendered":"<p>[vc_row][vc_column][\/vc_column][\/vc_row][vc_row][vc_column][\/vc_column][\/vc_row] [&#8230;]<\/p>\n<p><a class=\"btn btn-secondary understrap-read-more-link\" href=\"https:\/\/us.edu.pl\/wydzial\/wns\/akademicki-zwiazek-sportowy\/\">Read More&#8230;<\/a><\/p>\n","protected":false},"author":130,"featured_media":0,"parent":0,"menu_order":0,"comment_status":"closed","ping_status":"closed","template":"","meta":{"_expiration-date-status":"","_expiration-date":0,"_expiration-date-type":"","_expiration-date-categories":[],"_expiration-date-options":[]},"acf":[],"_links":{"self":[{"href":"https:\/\/us.edu.pl\/wydzial\/wns\/wp-json\/wp\/v2\/pages\/882"}],"collection":[{"href":"https:\/\/us.edu.pl\/wydzial\/wns\/wp-json\/wp\/v2\/pages"}],"about":[{"href":"https:\/\/us.edu.pl\/wydzial\/wns\/wp-json\/wp\/v2\/types\/page"}],"author":[{"embeddable":true,"href":"https:\/\/us.edu.pl\/wydzial\/wns\/wp-json\/wp\/v2\/users\/130"}],"replies":[{"embeddable":true,"href":"https:\/\/us.edu.pl\/wydzial\/wns\/wp-json\/wp\/v2\/comments?post=882"}],"version-history":[{"count":6,"href":"https:\/\/us.edu.pl\/wydzial\/wns\/wp-json\/wp\/v2\/pages\/882\/revisions"}],"predecessor-version":[{"id":183611,"href":"https:\/\/us.edu.pl\/wydzial\/wns\/wp-json\/wp\/v2\/pages\/882\/revisions\/183611"}],"wp:attachment":[{"href":"https:\/\/us.edu.pl\/wydzial\/wns\/wp-json\/wp\/v2\/media?parent=882"}],"curies":[{"name":"wp","href":"https:\/\/api.w.org\/{rel}","templated":true}]}}