{"id":890,"date":"2019-11-25T10:30:18","date_gmt":"2019-11-25T09:30:18","guid":{"rendered":"https:\/\/us.edu.pl\/wydzial\/wns\/?page_id=890"},"modified":"2025-10-28T13:55:43","modified_gmt":"2025-10-28T12:55:43","slug":"wsparcie","status":"publish","type":"page","link":"https:\/\/us.edu.pl\/wydzial\/wns\/wsparcie\/","title":{"rendered":"Wsparcie"},"content":{"rendered":"<p>[vc_row][vc_column]\r\n                <div class=\"text-modules\">\r\n                    <div class=\"container\">\r\n                        \r\n                        <div class=\"text-modules__content\"><p>Wydzia\u0142 Nauk Spo\u0142ecznych jest otwarty i przygotowany do zapewnienia wszystkim studentom\/doktorantom pe\u0142nej realizacji programu studi\u00f3w oraz komfortu studiowania.<\/p>\n<p>Na Wydziale Nauk Spo\u0142ecznych funkcj\u0119 <strong>koordynatora ds. wsparcia<\/strong> pe\u0142ni\u0105:<\/p>\n<p><strong>dr Daniela Dzienniak-Pulina<br \/>\n<\/strong>ul. Bankowa 11<br \/>\n<a href=\"mailto:daniela.dzienniak-pulina@us.edu.pl\">daniela.dzienniak-pulina@us.edu.pl<\/a><br \/>\ntel. 32 359 16 57<\/p>\n<p><b>dr Sabina Pawlik<br \/>\n<\/b>ul. Gra\u017cy\u0144skiego 53<br \/>\n<a href=\"mailto:sabina.pawlik@us.edu.pl\">sabina.pawlik@us.edu.pl<\/a><br \/>\ntel. 32 359 97 39<\/p>\n<p><strong>Indywidualne dostosowanie studi\u00f3w (IDS)<\/strong>\u00a0 to\u00a0 rodzaj wsparcia dla os\u00f3b ze szczeg\u00f3lnymi potrzebami edukacyjnymi. IDS realizowane jest w oparciu o zasady: indywidualizacji, podmiotowo\u015bci, rozwoju potencja\u0142u studenta\/doktoranta, racjonalno\u015bci dostosowania, utrzymania standardu akademickiego, dostosowania najbli\u017cszego standardowemu sposobowi prowadzenia zaj\u0119\u0107 oraz r\u00f3wnych praw i obowi\u0105zk\u00f3w.<\/p>\n<p><strong>JAK UZYSKA\u0106 IDS?<\/strong><\/p>\n<p>krok 1.<br \/>\nZ\u0142\u00f3\u017c w Centrum Obs\u0142ugi Student\u00f3w dokumenty:<\/p>\n<ul>\n<li>wniosek o IDS (<a href=\"http:\/\/www.bon.us.edu.pl\/files\/ids_2019_wniosek.doc\" class=\"mtli_attachment mtli_doc\" data-mtli=\"mtli_filesize4,00kB\" class=\"mtli_attachment mtli_doc\" data-mtli=\"mtli_filesize4,00kB\">wniosek o IDS<\/a>),<\/li>\n<li>kart\u0119 informacyjn\u0105 (<a href=\"http:\/\/www.bon.us.edu.pl\/files\/ids_2019_karta_informacyjna.doc\" class=\"mtli_attachment mtli_doc\" data-mtli=\"mtli_filesize4,00kB\" class=\"mtli_attachment mtli_doc\" data-mtli=\"mtli_filesize4,00kB\">karta informacyjna<\/a>),<\/li>\n<li>aktualne orzeczenie o niepe\u0142nosprawno\u015bci lub inny r\u00f3wnowa\u017cny dokument (je\u015bli masz).<\/li>\n<\/ul>\n<p>Wype\u0142nione i podpisane dokumenty mo\u017cesz z\u0142o\u017cy\u0107:<\/p>\n<ul>\n<li>osobi\u015bcie lub poczt\u0105 tradycyjn\u0105 &#8211; Centrum Obs\u0142ugi Student\u00f3w, ul. Bankowa 12, 40-007 Katowice, pok\u00f3j 132 (rektorat),<\/li>\n<li>drog\u0105 elektroniczn\u0105 &#8211; zeskanuj dokumenty i wy\u015blij na adres:\u00a0<a href=\"mailto:dlastudenta@us.edu.pl\">dlastudenta@us.edu.pl<\/a>\u00a0w temacie wiadomo\u015bci wpisz:\u00a0IDS \u2013 swoje imi\u0119 i nazwisko.<\/li>\n<\/ul>\n<p>Orygina\u0142y dokument\u00f3w przynie\u015b na indywidualne spotkanie.<\/p>\n<p>krok 2.<br \/>\nIndywidualne spotkanie z przedstawicielami COS i koordynatorem ds. wsparcia z Wydzia\u0142u, podczas kt\u00f3rego om\u00f3wione b\u0119d\u0105 \u00a0potrzeby i mo\u017cliwo\u015bci zwi\u0105zane z IDS. Wsp\u00f3lnie ustalone zostan\u0105 najkorzystniejsze formy wsparcia. Informacj\u0119 o terminie spotkania przeka\u017c\u0105 Ci pracownicy COS.<\/p>\n<p>krok 3.<br \/>\nZaopiniowany wniosek o IDS zostanie przekazany do Dziekana, kt\u00f3ry podejmie decyzj\u0119 o zakresie IDS.<\/p>\n<p>krok 4.<br \/>\nW ci\u0105gu 7 dni od otrzymania pozytywnej decyzji o przyznaniu IDS, przeka\u017c do koordynatora ds. wsparcia list\u0119 wyk\u0142adowc\u00f3w, z kt\u00f3rymi b\u0119dziesz mie\u0107 zaj\u0119cia w danym semestrze i chcesz mie\u0107 IDS (list\u0119 mo\u017cesz przes\u0142a\u0107 mailem). Koordynator skontaktuje si\u0119 z nimi, \u017ceby przekaza\u0107 informacj\u0119 o decyzji Dziekana dotycz\u0105cej Twojego IDS.<br \/>\nJe\u015bli w ci\u0105gu 7 dni nie dostarczysz listy wyk\u0142adowc\u00f3w, o decyzji dotycz\u0105cej IDS musisz poinformowa\u0107 wyk\u0142adowc\u00f3w samodzielnie. Je\u015bli w ramach IDS b\u0119dziesz nagrywa\u0107 zaj\u0119cia, dodatkowo dostaniesz do wype\u0142nienia o\u015bwiadczenie dotycz\u0105ce ochrony praw autorskich.<\/p>\n<p>krok 5.<br \/>\nPo uzyskaniu od koordynatora informacji, \u017ce skontaktowa\u0142 si\u0119 z Twoimi wyk\u0142adowcami, ustal z nimi spos\u00f3b realizacji IDS. Orygina\u0142 ustale\u0144 przeka\u017c do koordynatora ds. wsparcia.<\/p>\n<p>Do pobrania:<\/p>\n<p><a href=\"http:\/\/www.bon.us.edu.pl\/files\/ids_2019_wniosek.doc\" class=\"mtli_attachment mtli_doc\" data-mtli=\"mtli_filesize4,00kB\" class=\"mtli_attachment mtli_doc\" data-mtli=\"mtli_filesize4,00kB\">IDS 2019 wniosek o przyznanie IDS<\/a><\/p>\n<p><a href=\"http:\/\/www.bon.us.edu.pl\/files\/ids_2019_karta_informacyjna.doc\" class=\"mtli_attachment mtli_doc\" data-mtli=\"mtli_filesize4,00kB\" class=\"mtli_attachment mtli_doc\" data-mtli=\"mtli_filesize4,00kB\">IDS 2019 karta informacyjna<\/a><\/p>\n<p><a href=\"http:\/\/bip.us.edu.pl\/sites\/bip.us.edu.pl\/files\/prawo\/zal_do_368_2019.pdf\" class=\"mtli_attachment mtli_pdf\" data-mtli=\"mtli_filesize36,44kB\" class=\"mtli_attachment mtli_pdf\" data-mtli=\"mtli_filesize36,44kB\">Regulamin studi\u00f3w w Uniwersytecie \u015al\u0105skim obowi\u0105zuj\u0105cy od 1 pa\u017adziernika 2019 r.<\/a><\/p>\n<p><strong>Specjalistami administracyjnymi ds. dost\u0119pno\u015bci na\u00a0 Wydziale Nauk Spo\u0142ecznych s\u0105:<\/strong><\/p>\n<p><strong>Beata Kalisz<br \/>\n<\/strong>ul. Bankowa 11, 40-007 Katowice, pok\u00f3j nr 24a<br \/>\n<a href=\"mailto:beata.kalisz@us.edu.pl\">beata.kalisz@us.edu.pl<\/a><br \/>\ntel. 032 359 1807<\/p>\n<p><b>Agnieszka Frankiewicz<br \/>\n<\/b>ul. Gra\u017cy\u0144skiego 53, 40-126 Katowice, pok\u00f3j 10<br \/>\n<a href=\"mailto:agnieszka.frankiewicz@us.edu.pl\">agnieszka.frankiewicz@us.edu.pl<\/a><br \/>\ntel. 032 359 9741<\/p>\n<p><strong>Wi\u0119cej informacji na stronie <\/strong><a href=\"http:\/\/bon.us.edu.pl\/Zawnioskuj-o-dostosowanie\">http:\/\/bon.us.edu.pl\/Zawnioskuj-o-dostosowanie<\/a><\/p>\n<style type=\"text\/css\">a[data-mtli~=\"mtli_filesize4,00kB\"]:after {content:\" (4,00 kB)\"}a[data-mtli~=\"mtli_filesize36,44kB\"]:after {content:\" (36,44 kB)\"}<\/style><\/div>\r\n                    <\/div>\r\n                <\/div>[\/vc_column][\/vc_row]<\/p>\n<style type=\"text\/css\">a[data-mtli~=\"mtli_filesize4,00kB\"]:after {content:\" (4,00 kB)\"}a[data-mtli~=\"mtli_filesize36,44kB\"]:after {content:\" (36,44 kB)\"}<\/style>","protected":false},"excerpt":{"rendered":"<p>[vc_row][vc_column][\/vc_column][\/vc_row] [&#8230;]<\/p>\n<p><a class=\"btn btn-secondary understrap-read-more-link\" href=\"https:\/\/us.edu.pl\/wydzial\/wns\/wsparcie\/\">Read More&#8230;<\/a><\/p>\n","protected":false},"author":130,"featured_media":0,"parent":0,"menu_order":0,"comment_status":"closed","ping_status":"closed","template":"","meta":{"_expiration-date-status":"","_expiration-date":0,"_expiration-date-type":"","_expiration-date-categories":[],"_expiration-date-options":[]},"acf":[],"_links":{"self":[{"href":"https:\/\/us.edu.pl\/wydzial\/wns\/wp-json\/wp\/v2\/pages\/890"}],"collection":[{"href":"https:\/\/us.edu.pl\/wydzial\/wns\/wp-json\/wp\/v2\/pages"}],"about":[{"href":"https:\/\/us.edu.pl\/wydzial\/wns\/wp-json\/wp\/v2\/types\/page"}],"author":[{"embeddable":true,"href":"https:\/\/us.edu.pl\/wydzial\/wns\/wp-json\/wp\/v2\/users\/130"}],"replies":[{"embeddable":true,"href":"https:\/\/us.edu.pl\/wydzial\/wns\/wp-json\/wp\/v2\/comments?post=890"}],"version-history":[{"count":7,"href":"https:\/\/us.edu.pl\/wydzial\/wns\/wp-json\/wp\/v2\/pages\/890\/revisions"}],"predecessor-version":[{"id":182930,"href":"https:\/\/us.edu.pl\/wydzial\/wns\/wp-json\/wp\/v2\/pages\/890\/revisions\/182930"}],"wp:attachment":[{"href":"https:\/\/us.edu.pl\/wydzial\/wns\/wp-json\/wp\/v2\/media?parent=890"}],"curies":[{"name":"wp","href":"https:\/\/api.w.org\/{rel}","templated":true}]}}