{"id":894,"date":"2019-11-25T10:35:27","date_gmt":"2019-11-25T09:35:27","guid":{"rendered":"https:\/\/us.edu.pl\/wydzial\/wns\/?page_id=894"},"modified":"2025-12-11T09:02:25","modified_gmt":"2025-12-11T08:02:25","slug":"kola-naukowe","status":"publish","type":"page","link":"https:\/\/us.edu.pl\/wydzial\/wns\/kola-naukowe\/","title":{"rendered":"Ko\u0142a Naukowe"},"content":{"rendered":"<p>[vc_row][vc_column][\/vc_column][\/vc_row][vc_row][vc_column]\r\n                <div class=\"text-modules\">\r\n                    <div class=\"container\">\r\n                        <h3 class=\"page-title text__title\">Ko\u0142a Naukowe<\/h3>\r\n                        <div class=\"text-modules__content\"><p><strong>Chcesz pozna\u0107 wielu warto\u015bciowych ludzi, kt\u00f3rzy maj\u0105 t\u0105 sam\u0105 pasj\u0119, ambicje i podobne zainteresowania?<\/strong><\/p>\n<p><strong>Ko\u0142o naukowe czyli organizacja zrzeszaj\u0105ca student\u00f3w<\/strong> dla os\u00f3b, kt\u00f3re chc\u0105 rozwija\u0107 swoje naukowe pasje r\u00f3wnie\u017c poza zaj\u0119ciami, wsp\u00f3lnie projektowa\u0107 badania, spotkania z ciekawymi lud\u017ami, prowadzi\u0107 dyskusje i publikowa\u0107. Cz\u0142onkostwo w organizacji studenckiej\u00a0 u\u0142atwi Ci\u00a0 studiowanie, bo nawi\u0105\u017cesz kontakt z osobami z innych rocznik\u00f3w\u00a0 i poszerzy Twoje horyzonty.<\/p>\n<p>Wykaz wszystkich k\u00f3\u0142 naukowych znajduje si\u0119 na stronie <a href=\"http:\/\/student.us.edu.pl\/organizacje-i-kola-naukowe\" target=\"_blank\" rel=\"noopener\">http:\/\/student.us.edu.pl\/organizacje-i-kola-naukowe<\/a>, gdzie jest na bie\u017c\u0105co aktualizowany.<\/p>\n<p><strong>Kwestie formalne?<\/strong><\/p>\n<p>Za\u0142o\u017cenie ko\u0142a tradycyjnie przysparza studentom niema\u0142o problem\u00f3w. Aby u\u0142atwi\u0107 Wam wdro\u017cenie si\u0119 w te procedury, Centrum Obs\u0142ugi Student\u00f3w we wsp\u00f3\u0142pracy ze Studenckim Studiem Radiowym &#8222;Egida&#8221;, przygotowa\u0142o dla Was audioporadnik dzia\u0142alno\u015bci studenckiej &#8211; zawiera on odpowiedzi na pytania, kt\u00f3re studenci zadaj\u0105 najcz\u0119\u015bciej.<br \/>\nDodatkowo, aby u\u0142atwi\u0107 Wam\u00a0odnalezienie si\u0119\u00a0w g\u0105szczu administracyjnych regulacji, wi\u0119kszo\u015b\u0107 pozycji zawiera\u00a0linki do odpowiedniego dokumentu lub opisu procedury.<br \/>\nWi\u0119cej informacji na stronach:<\/p>\n<p><a href=\"https:\/\/us.edu.pl\/student\/dzialalnosc-studencka\/organizacje-studenckie\/\" target=\"_blank\" rel=\"noopener\">Organizacje studenckie | Student | Informacje, wiadomo\u015bci i komunikaty | Uniwersytet \u015al\u0105ski w Katowicach<\/a><\/p>\n<p>\n<\/div>\r\n                    <\/div>\r\n                <\/div>[\/vc_column][\/vc_row]<\/p>","protected":false},"excerpt":{"rendered":"<p>[vc_row][vc_column][\/vc_column][\/vc_row][vc_row][vc_column][\/vc_column][\/vc_row] [&#8230;]<\/p>\n<p><a class=\"btn btn-secondary understrap-read-more-link\" href=\"https:\/\/us.edu.pl\/wydzial\/wns\/kola-naukowe\/\">Read More&#8230;<\/a><\/p>\n","protected":false},"author":130,"featured_media":0,"parent":0,"menu_order":0,"comment_status":"closed","ping_status":"closed","template":"","meta":{"_expiration-date-status":"","_expiration-date":0,"_expiration-date-type":"","_expiration-date-categories":[],"_expiration-date-options":[]},"acf":[],"_links":{"self":[{"href":"https:\/\/us.edu.pl\/wydzial\/wns\/wp-json\/wp\/v2\/pages\/894"}],"collection":[{"href":"https:\/\/us.edu.pl\/wydzial\/wns\/wp-json\/wp\/v2\/pages"}],"about":[{"href":"https:\/\/us.edu.pl\/wydzial\/wns\/wp-json\/wp\/v2\/types\/page"}],"author":[{"embeddable":true,"href":"https:\/\/us.edu.pl\/wydzial\/wns\/wp-json\/wp\/v2\/users\/130"}],"replies":[{"embeddable":true,"href":"https:\/\/us.edu.pl\/wydzial\/wns\/wp-json\/wp\/v2\/comments?post=894"}],"version-history":[{"count":2,"href":"https:\/\/us.edu.pl\/wydzial\/wns\/wp-json\/wp\/v2\/pages\/894\/revisions"}],"predecessor-version":[{"id":183612,"href":"https:\/\/us.edu.pl\/wydzial\/wns\/wp-json\/wp\/v2\/pages\/894\/revisions\/183612"}],"wp:attachment":[{"href":"https:\/\/us.edu.pl\/wydzial\/wns\/wp-json\/wp\/v2\/media?parent=894"}],"curies":[{"name":"wp","href":"https:\/\/api.w.org\/{rel}","templated":true}]}}