{"id":962,"date":"2019-12-04T13:10:19","date_gmt":"2019-12-04T12:10:19","guid":{"rendered":"https:\/\/us.edu.pl\/wydzial\/wns\/?page_id=962"},"modified":"2025-12-09T13:31:08","modified_gmt":"2025-12-09T12:31:08","slug":"962-2","status":"publish","type":"page","link":"https:\/\/us.edu.pl\/wydzial\/wns\/962-2\/","title":{"rendered":"Psychologia"},"content":{"rendered":"<p>[vc_row][vc_column]\r\n                <div class=\"text-modules reverse\">\r\n                    <div class=\"container\">\r\n                        <h3 class=\"section-title section-title_border-bottom\">Dyrektor Kierunku Psychologia<\/h3> \r\n                        <div class=\"row m-0\">\r\n                            <div class=\"text-modules__content\">\r\n                                Dyrektor Kierunku<br \/>\nPsychologia<\/p>\n<p>dr Maciej Janowski<\/p>\n<p><a href=\"mailto:maciej.janowski@us.edu.pl\">maciej.janowski@us.edu.pl<\/a> \r\n                                <div class=\"mt-3\"><\/div>\r\n                            <\/div>\r\n                            \r\n                            <div class=\"text-modules__img\"><img src=\"https:\/\/us.edu.pl\/wydzial\/wns\/wp-content\/uploads\/sites\/17\/Bez-kategorii\/janowski-scaled.jpg\" alt=\"img\"><\/div>\r\n                        <\/div>\r\n                    <\/div>\r\n                <\/div>\r\n                <div class=\"text-modules reverse\">\r\n                    <div class=\"container\">\r\n                         \r\n                        <div class=\"row m-0\">\r\n                            <div class=\"text-modules__content\">\r\n                                Zast\u0119pca Dyrektora Kierunku<br \/>\nPsychologia<\/p>\n<p>dr Joanna Kucharewicz<\/p>\n<p><a href=\"mailto:joanna.kucharewicz@us.edu.pl\">joanna.kucharewicz@us.edu.pl<\/a> \r\n                                <div class=\"mt-3\"><\/div>\r\n                            <\/div>\r\n                            \r\n                            <div class=\"text-modules__img\"><img src=\"https:\/\/us.edu.pl\/wydzial\/wns\/wp-content\/uploads\/sites\/17\/Bez-kategorii\/Kucharewicz_zdjecie-2024-10-22-at-12.32.11-0021.jpeg\" alt=\"img\"><\/div>\r\n                        <\/div>\r\n                    <\/div>\r\n                <\/div>[\/vc_column][\/vc_row][vc_row][vc_column]\r\n                <div class=\"text-modules\">\r\n                    <div class=\"container\">\r\n                        \r\n                        <div class=\"text-modules__content\"><p><strong>Podstawowy zakres obowi\u0105zk\u00f3w Dyrektora i Zast\u0119pcy Dyrektora Kierunku Psychologia:<\/strong><\/p>\n<p>&nbsp;<\/p>\n<p><strong>Dyrektor Kierunku oraz Zast\u0119pca Dyrektora Kierunku<\/strong> <strong>Psychologia<\/strong> zajmuj\u0105 si\u0119 sprawami i problemami student\u00f3w dotycz\u0105cymi ich procesu kszta\u0142cenia.<\/p>\n<p><strong>Zadania Dyrektora Kierunku Psychologia<\/strong> wi\u0105\u017c\u0105 si\u0119 g\u0142\u00f3wnie z dba\u0142o\u015bci\u0105 o prawid\u0142owy przebieg procesu kszta\u0142cenia oraz o jego wysok\u0105 jako\u015b\u0107. Dyrektor inicjuje i koordynuje dzia\u0142ania w zakresie doskonalenia programu studi\u00f3w; sprawuje nadz\u00f3r merytoryczny nad zaj\u0119ciami prowadzonymi na danym kierunku studi\u00f3w, w tym nadz\u00f3r nad procesem dyplomowania. Opiniuje wnioski student\u00f3w dotycz\u0105ce r\u00f3\u017cnorodnych form indywidualnej organizacji studi\u00f3w, wsp\u00f3\u0142pracuje z samorz\u0105dem studenckim.<\/p>\n<p><strong>Zadania Zast\u0119pcy Dyrektora Kierunku Psychologia<\/strong> w g\u0142\u00f3wnej mierze dotycz\u0105 wszelkich spraw zwi\u0105zanych z organizacj\u0105 procesu kszta\u0142cenia. G\u0142\u00f3wne problemy, kt\u00f3rymi zajmuje si\u0119 zast\u0119pca dyrektora to:<\/p>\n<ul>\n<li>koordynowanie zapis\u00f3w na zaj\u0119cia obligatoryjne i fakultatywne, rozpatrywanie wniosk\u00f3w dotycz\u0105cych zmiany grup zaj\u0119ciowych,<\/li>\n<li>koordynowanie przebiegu praktyk studenckich,<\/li>\n<li>analizowanie i opiniowanie mo\u017cliwo\u015bci zaliczania efekt\u00f3w uczenia si\u0119 osi\u0105gni\u0119tych przez studenta w ramach zaj\u0119\u0107 realizowanych na innych kierunkach,<\/li>\n<li>wyznaczanie dla studenta wznawiaj\u0105cego studia lub studenta, kt\u00f3ry przeni\u00f3s\u0142 si\u0119 z innej uczelni r\u00f3\u017cnic programowych, bior\u0105c pod uwag\u0119 aktualnie obowi\u0105zuj\u0105cy program studi\u00f3w,<\/li>\n<li>koordynowanie zaj\u0119\u0107 Bloku Kszta\u0142cenia Nauczycieli dla student\u00f3w psychologii.<\/li>\n<\/ul>\n<p>\n<\/div>\r\n                    <\/div>\r\n                <\/div>[\/vc_column][\/vc_row][vc_row][vc_column]\r\n                <div class=\"text-modules\">\r\n                    <div class=\"container\">\r\n                        \r\n                        <div class=\"text-modules__content\"><p><strong>Pracownicy dydaktyczni:<\/strong><\/p>\n<p>dr Karina At\u0142as &#8211; adiunkt<br \/>\ndr Magdalena Bolek-Kochanowska &#8211; adiunkt<br \/>\ndr Maciej Bo\u017cek &#8211; Profesor Uczelni<br \/>\ndr Micha\u0142 Brol &#8211; Profesor Uczelni<br \/>\ndr Marianna D\u0105browska-Wnuk &#8211; adiunkt<br \/>\ndr Maciej Janowski &#8211; adiunkt<br \/>\nmgr Anna Jaz\u0142owska &#8211; asystent<br \/>\ndr Joanna Kucharewicz &#8211; adiunkt<br \/>\ndr Anna Latusek &#8211; adiunkt<br \/>\ndr Joanna Mateusiak &#8211; Profesor Uczelni<br \/>\ndr Izabela Rajska-Kulik &#8211; adiunkt<br \/>\ndr Teresa Sikora &#8211; adiunkt<br \/>\ndr Justyna Trepka-Starosta &#8211; adiunkt<strong><br \/>\n<\/strong><\/p>\n<p>\n<\/div>\r\n                    <\/div>\r\n                <\/div>[\/vc_column][\/vc_row]<\/p>","protected":false},"excerpt":{"rendered":"<p>[vc_row][vc_column][\/vc_column][\/vc_row][vc_row][vc_column][\/vc_column][\/vc_row][vc_row][vc_column][\/vc_column][\/vc_row] [&#8230;]<\/p>\n<p><a class=\"btn btn-secondary understrap-read-more-link\" href=\"https:\/\/us.edu.pl\/wydzial\/wns\/962-2\/\">Read More&#8230;<\/a><\/p>\n","protected":false},"author":130,"featured_media":0,"parent":0,"menu_order":0,"comment_status":"closed","ping_status":"closed","template":"","meta":{"_expiration-date-status":"","_expiration-date":0,"_expiration-date-type":"","_expiration-date-categories":[],"_expiration-date-options":[]},"acf":[],"_links":{"self":[{"href":"https:\/\/us.edu.pl\/wydzial\/wns\/wp-json\/wp\/v2\/pages\/962"}],"collection":[{"href":"https:\/\/us.edu.pl\/wydzial\/wns\/wp-json\/wp\/v2\/pages"}],"about":[{"href":"https:\/\/us.edu.pl\/wydzial\/wns\/wp-json\/wp\/v2\/types\/page"}],"author":[{"embeddable":true,"href":"https:\/\/us.edu.pl\/wydzial\/wns\/wp-json\/wp\/v2\/users\/130"}],"replies":[{"embeddable":true,"href":"https:\/\/us.edu.pl\/wydzial\/wns\/wp-json\/wp\/v2\/comments?post=962"}],"version-history":[{"count":10,"href":"https:\/\/us.edu.pl\/wydzial\/wns\/wp-json\/wp\/v2\/pages\/962\/revisions"}],"predecessor-version":[{"id":183583,"href":"https:\/\/us.edu.pl\/wydzial\/wns\/wp-json\/wp\/v2\/pages\/962\/revisions\/183583"}],"wp:attachment":[{"href":"https:\/\/us.edu.pl\/wydzial\/wns\/wp-json\/wp\/v2\/media?parent=962"}],"curies":[{"name":"wp","href":"https:\/\/api.w.org\/{rel}","templated":true}]}}