{"id":171564,"date":"2023-11-17T10:42:01","date_gmt":"2023-11-17T09:42:01","guid":{"rendered":"https:\/\/us.edu.pl\/wydzial\/wnst\/?post_type=event&#038;p=171564"},"modified":"2023-11-30T08:33:32","modified_gmt":"2023-11-30T07:33:32","slug":"rok-kopernika-kosmos-i-my-panel-dyskusyjny-2023","status":"publish","type":"event","link":"https:\/\/us.edu.pl\/wydzial\/wnst\/event\/rok-kopernika-kosmos-i-my-panel-dyskusyjny-2023\/","title":{"rendered":"Rok Kopernika: Kosmos i my | Panel dyskusyjny 2023"},"content":{"rendered":"<p>[vc_row][vc_column width=&#8221;2\/3&#8243;]\r\n                <div class=\"text-modules\">\r\n                    <div class=\"container\">\r\n                        \r\n                        <div class=\"text-modules__content\"><p><a href=\"https:\/\/us.edu.pl\/instytut\/ifiz\" target=\"_blank\" rel=\"noopener\">Instytut Fizyki im A. Che\u0142kowskiego<\/a>\u00a0oraz<a href=\"https:\/\/www.ptf.us.edu.pl\/wordpress\/?p=1394\" target=\"_blank\" rel=\"noopener\"> Polskie Towarzystwo Fizyczne Oddzia\u0142 w Katowicach<\/a> zapraszaj\u0105 na kolejn\u0105 dyskusj\u0119 panelow\u0105: &#8222;Rok Kopernika: Kosmos i my&#8221;. Tegoroczne wydarzenie to niepowtarzalna okazja, aby zg\u0142\u0119bi\u0107 tajemnice kosmosu ale te\u017c pozna\u0107 bli\u017cej \u017cycie oraz dokonania Miko\u0142aja Kopernika.<\/p>\n<p>W ramach wydarzenia zaproszeni naukowcy odkryj\u0105 przed uczestnikami nieznane fakty z m\u0142odo\u015bci Miko\u0142aja Kopernika. Zabior\u0105 uczestnik\u00f3w w podr\u00f3\u017c przez fascynuj\u0105c\u0105 ewolucj\u0119 Wszech\u015bwiata. Poka\u017c\u0105, w jaki spos\u00f3b obserwacje astronomiczne potwierdzaj\u0105 kopernika\u0144sk\u0105 teori\u0119 heliocentryczn\u0105 i przedstawi\u0105 fascynuj\u0105ce aspekty gwiazd neutronowych. Odkryj\u0105 sekrety promieniowania kosmicznego i opowiedz\u0105 o badaniach prowadzonych na Mi\u0119dzynarodowej Stacji Kosmicznej. Przybli\u017c\u0105 tak\u017ce nowoczesne technologie pozwalaj\u0105ce na odkrywanie niewidocznych aspekt\u00f3w kosmosu i opowiedz\u0105 o kosmosie pe\u0142nym nierozwik\u0142anych zagadek.<\/p>\n<p>Szczeg\u00f3\u0142owe informacje dost\u0119pne s\u0105 na stronie: <a href=\"https:\/\/www.ptf.us.edu.pl\/wordpress\/?p=1394\">https:\/\/www.ptf.us.edu.pl<\/a><\/p>\n<p style=\"text-align: center;\"><strong>Wydarzenie odb\u0119dzie si\u0119 w pi\u0105tek, 1 grudnia 2023 r. w Auli P\/0\/05 na terenie kampusu chorzowskiego Uniwersytetu \u015al\u0105skiego (ul. 75. Pu\u0142ku Piechoty 1a, Chorz\u00f3w). <\/strong><\/p>\n<p style=\"text-align: center;\"><strong>Wydarzenie b\u0119dzie transmitowane online na kanale YouTube Uniwersytetu \u015al\u0105skiego:<br \/>\n<a href=\"https:\/\/www.youtube.com\/watch?v=dxPFDjahrCs\">Rok Kopernika: Kosmos i my &#8211; transmisja: 01.12.2023 g. 08:00<\/a><\/strong><\/p>\n<p style=\"text-align: center;\"><strong>Wydarzenie jest bezp\u0142atne, nie obowi\u0105zuj\u0105 zapisy.<\/strong><\/p>\n<p>\n<\/div>\r\n                    <\/div>\r\n                <\/div>[\/vc_column][vc_column width=&#8221;1\/3&#8243;][vc_single_image image=&#8221;171561&#8243; img_size=&#8221;large&#8221; add_caption=&#8221;yes&#8221; alignment=&#8221;center&#8221; style=&#8221;vc_box_rounded&#8221;][\/vc_column][\/vc_row]<\/p>","protected":false},"excerpt":{"rendered":"<p>[vc_row][vc_column width=&#8221;2\/3&#8243;][\/vc_column][vc_column width=&#8221;1\/3&#8243;][vc_single_image image=&#8221;171561&#8243; img_size=&#8221;large&#8221; add_caption=&#8221;yes&#8221; alignment=&#8221;center&#8221; style=&#8221;vc_box_rounded&#8221;][\/vc_column][\/vc_row] [&#8230;]<\/p>\n<p><a class=\"btn btn-secondary understrap-read-more-link\" href=\"https:\/\/us.edu.pl\/wydzial\/wnst\/event\/rok-kopernika-kosmos-i-my-panel-dyskusyjny-2023\/\">Read More&#8230;<\/a><\/p>\n","protected":false},"author":92,"featured_media":0,"template":"","meta":{"_expiration-date-status":"","_expiration-date":0,"_expiration-date-type":"","_expiration-date-categories":[],"_expiration-date-options":[]},"acf":[],"_links":{"self":[{"href":"https:\/\/us.edu.pl\/wydzial\/wnst\/wp-json\/wp\/v2\/event\/171564"}],"collection":[{"href":"https:\/\/us.edu.pl\/wydzial\/wnst\/wp-json\/wp\/v2\/event"}],"about":[{"href":"https:\/\/us.edu.pl\/wydzial\/wnst\/wp-json\/wp\/v2\/types\/event"}],"author":[{"embeddable":true,"href":"https:\/\/us.edu.pl\/wydzial\/wnst\/wp-json\/wp\/v2\/users\/92"}],"version-history":[{"count":6,"href":"https:\/\/us.edu.pl\/wydzial\/wnst\/wp-json\/wp\/v2\/event\/171564\/revisions"}],"predecessor-version":[{"id":171837,"href":"https:\/\/us.edu.pl\/wydzial\/wnst\/wp-json\/wp\/v2\/event\/171564\/revisions\/171837"}],"wp:attachment":[{"href":"https:\/\/us.edu.pl\/wydzial\/wnst\/wp-json\/wp\/v2\/media?parent=171564"}],"curies":[{"name":"wp","href":"https:\/\/api.w.org\/{rel}","templated":true}]}}

<p>[vc_row][vc_column width=&#8221;2/3&#8243;]
                <div class="text-modules">
                    <div class="container">
                        
                        <div class="text-modules__content"><p><a href="https://us.edu.pl/instytut/ifiz" target="_blank" rel="noopener">Instytut Fizyki im A. Chełkowskiego</a> oraz<a href="https://www.ptf.us.edu.pl/wordpress/?p=1394" target="_blank" rel="noopener"> Polskie Towarzystwo Fizyczne Oddział w Katowicach</a> zapraszają na kolejną dyskusję panelową: &#8222;Rok Kopernika: Kosmos i my&#8221;. Tegoroczne wydarzenie to niepowtarzalna okazja, aby zgłębić tajemnice kosmosu ale też poznać bliżej życie oraz dokonania Mikołaja Kopernika.</p>
<p>W ramach wydarzenia zaproszeni naukowcy odkryją przed uczestnikami nieznane fakty z młodości Mikołaja Kopernika. Zabiorą uczestników w podróż przez fascynującą ewolucję Wszechświata. Pokażą, w jaki sposób obserwacje astronomiczne potwierdzają kopernikańską teorię heliocentryczną i przedstawią fascynujące aspekty gwiazd neutronowych. Odkryją sekrety promieniowania kosmicznego i opowiedzą o badaniach prowadzonych na Międzynarodowej Stacji Kosmicznej. Przybliżą także nowoczesne technologie pozwalające na odkrywanie niewidocznych aspektów kosmosu i opowiedzą o kosmosie pełnym nierozwikłanych zagadek.</p>
<p>Szczegółowe informacje dostępne są na stronie: <a href="https://www.ptf.us.edu.pl/wordpress/?p=1394">https://www.ptf.us.edu.pl</a></p>
<p style="text-align: center;"><strong>Wydarzenie odbędzie się w piątek, 1 grudnia 2023 r. w Auli P/0/05 na terenie kampusu chorzowskiego Uniwersytetu Śląskiego (ul. 75. Pułku Piechoty 1a, Chorzów). </strong></p>
<p style="text-align: center;"><strong>Wydarzenie będzie transmitowane online na kanale YouTube Uniwersytetu Śląskiego:<br />
<a href="https://www.youtube.com/watch?v=dxPFDjahrCs">Rok Kopernika: Kosmos i my &#8211; transmisja: 01.12.2023 g. 08:00</a></strong></p>
<p style="text-align: center;"><strong>Wydarzenie jest bezpłatne, nie obowiązują zapisy.</strong></p>
<p>
</div>
                    </div>
                </div>[/vc_column][vc_column width=&#8221;1/3&#8243;][vc_single_image image=&#8221;171561&#8243; img_size=&#8221;large&#8221; add_caption=&#8221;yes&#8221; alignment=&#8221;center&#8221; style=&#8221;vc_box_rounded&#8221;][/vc_column][/vc_row]</p>
