{"id":196007,"date":"2025-06-11T08:36:06","date_gmt":"2025-06-11T06:36:06","guid":{"rendered":"https:\/\/us.edu.pl\/wydzial\/wnst\/?post_type=event&#038;p=196007"},"modified":"2025-06-11T09:28:08","modified_gmt":"2025-06-11T07:28:08","slug":"gala-wreczenia-nagrod-laureatom-i-wyroznionym-w-12-ogolnopolskim-konkursie-wzrostu-krysztalow","status":"publish","type":"event","link":"https:\/\/us.edu.pl\/wydzial\/wnst\/event\/gala-wreczenia-nagrod-laureatom-i-wyroznionym-w-12-ogolnopolskim-konkursie-wzrostu-krysztalow\/","title":{"rendered":"Gala wr\u0119czenia nagr\u00f3d laureatom i wyr\u00f3\u017cnionym w 12. Og\u00f3lnopolskim Konkursie Wzrostu Kryszta\u0142\u00f3w"},"content":{"rendered":"<p>[vc_row][vc_column width=&#8221;2\/3&#8243;]\r\n                <div class=\"text-modules\">\r\n                    <div class=\"container\">\r\n                        \r\n                        <div class=\"text-modules__content\"><p>Dyrektor Instytutu Fizyki im. Augusta Che\u0142kowskiego oraz Komitet organizacyjny serdecznie zapraszaj\u0105 spo\u0142eczno\u015b\u0107 Wydzia\u0142u Nauk \u015acis\u0142ych i Technicznych na Gal\u0119 Wr\u0119czenia Nagr\u00f3d Laureatom i Wyr\u00f3\u017cnionym w tegorocznej edycji Og\u00f3lnopolskiego Konkursu Wzrostu Kryszta\u0142\u00f3w, kt\u00f3ra b\u0119dzie po\u0142\u0105czona z seminarium pt. &#8222;<strong>Kryszta\u0142y &#8211; porz\u0105dek, pi\u0119kno i u\u017cyteczno\u015b\u0107<\/strong>&#8221;<\/p>\n<p>Wyniki 12. edycji Konkursu dost\u0119pne s\u0105 na stronie internetowej: <a href=\"https:\/\/us.edu.pl\/wydzial\/wnst\/2025\/06\/03\/195128\">https:\/\/us.edu.pl\/wydzial\/wnst<\/a><\/p>\n<p><strong>Program seminarium<\/strong><\/p>\n<p style=\"padding-left: 40px;\">11.00 &#8211; powitanie go\u015bci prodziekan ds. promocji i rozwoju dr hab. Agnieszka Nowak:-Brzezi\u0144ska, prof. U\u015a<\/p>\n<p style=\"padding-left: 40px;\">11.15 &#8211; wyst\u0105pienie Dyrektora Instytutu Fizyki prof. dr hab. Sebastian Pawlus<\/p>\n<p style=\"padding-left: 40px;\">11.20 &#8211; prezentacja laureat\u00f3w i wyr\u00f3\u017cnionych w Konkursie, wr\u0119czenie nagr\u00f3d<\/p>\n<p style=\"padding-left: 40px;\">11.30 &#8211; wyk\u0142ad <strong>&#8222;Czy kolory istniej\u0105 naprawd\u0119?&#8221;<\/strong> dr Piotr Piotrowski z Wydzia\u0142u Chemii Uniwersytetu Warszawskiego<\/p>\n<p style=\"padding-left: 40px;\">12.00 &#8211; wyk\u0142ad <strong>&#8222;Wok\u00f3\u0142 kryszta\u0142\u00f3w wody i konsekwencji dla ocean\u00f3w i \u017cycia na Ziemi&#8221;<\/strong> dr Andrzej Boczarowski z Wydzia\u0142u Nauk Przyrodniczych Uniwersytetu \u015al\u0105skiego<\/p>\n<p style=\"padding-left: 40px;\">12.40 &#8211; przerwa kawowa<\/p>\n<p style=\"padding-left: 40px;\">13.00 &#8211; Pizza Meeting: wyk\u0142ad <strong>&#8222;Spektroskopia oscylacyjna i chemometria: nieroz\u0142\u0105czny duet w zg\u0142\u0119bianiu tajemnic proces\u00f3w biologicznych&#8221;<\/strong> dr Katarzyna Majzner z Wydzia\u0142u Chemii Uniwersytetu Jagiello\u0144skiego<\/p>\n<p style=\"padding-left: 40px;\">14.00 &#8211; zako\u0144czenie seminarium, pocz\u0119stunek<\/p>\n<hr \/>\n<p>Uroczysto\u015b\u0107 odb\u0119dzie si\u0119 12 czerwca br. o godz. 11.00 w kampusie Chorzowskim aula P\/0\/05<\/p>\n<hr \/>\n<p>Z duma informujemy tak\u017ce, \u017ce najlepsze prace w poprzedniej, 11., edycji Konkursu zosta\u0142y zg\u0142oszone do mi\u0119dzynarodowej edycji IUCr Crystal Growing Competition for Schoolchildren organizowanym przez Mi\u0119dzynarodow\u0105 Uni\u0119 Krystalografii, w kt\u00f3rym dw\u00f3jka naszych laureat\u00f3w zdoby\u0142a srebrne medale! <a href=\"https:\/\/www.iucr.org\/news\/newsletter\">https:\/\/www.iucr.org\/news\/newsletter<\/a><\/p>\n<\/div>\r\n                    <\/div>\r\n                <\/div>[\/vc_column][vc_column width=&#8221;1\/3&#8243;][vc_single_image image=&#8221;196011&#8243; img_size=&#8221;large&#8221; add_caption=&#8221;yes&#8221; alignment=&#8221;center&#8221; style=&#8221;vc_box_rounded&#8221; onclick=&#8221;img_link_large&#8221;][\/vc_column][\/vc_row]<\/p>","protected":false},"excerpt":{"rendered":"<p>[vc_row][vc_column width=&#8221;2\/3&#8243;][\/vc_column][vc_column width=&#8221;1\/3&#8243;][vc_single_image image=&#8221;196011&#8243; img_size=&#8221;large&#8221; add_caption=&#8221;yes&#8221; alignment=&#8221;center&#8221; style=&#8221;vc_box_rounded&#8221; onclick=&#8221;img_link_large&#8221;][\/vc_column][\/vc_row] [&#8230;]<\/p>\n<p><a class=\"btn btn-secondary understrap-read-more-link\" href=\"https:\/\/us.edu.pl\/wydzial\/wnst\/event\/gala-wreczenia-nagrod-laureatom-i-wyroznionym-w-12-ogolnopolskim-konkursie-wzrostu-krysztalow\/\">Read More&#8230;<\/a><\/p>\n","protected":false},"author":92,"featured_media":0,"template":"","meta":{"_expiration-date-status":"","_expiration-date":0,"_expiration-date-type":"","_expiration-date-categories":[],"_expiration-date-options":[]},"acf":[],"_links":{"self":[{"href":"https:\/\/us.edu.pl\/wydzial\/wnst\/wp-json\/wp\/v2\/event\/196007"}],"collection":[{"href":"https:\/\/us.edu.pl\/wydzial\/wnst\/wp-json\/wp\/v2\/event"}],"about":[{"href":"https:\/\/us.edu.pl\/wydzial\/wnst\/wp-json\/wp\/v2\/types\/event"}],"author":[{"embeddable":true,"href":"https:\/\/us.edu.pl\/wydzial\/wnst\/wp-json\/wp\/v2\/users\/92"}],"version-history":[{"count":9,"href":"https:\/\/us.edu.pl\/wydzial\/wnst\/wp-json\/wp\/v2\/event\/196007\/revisions"}],"predecessor-version":[{"id":196036,"href":"https:\/\/us.edu.pl\/wydzial\/wnst\/wp-json\/wp\/v2\/event\/196007\/revisions\/196036"}],"wp:attachment":[{"href":"https:\/\/us.edu.pl\/wydzial\/wnst\/wp-json\/wp\/v2\/media?parent=196007"}],"curies":[{"name":"wp","href":"https:\/\/api.w.org\/{rel}","templated":true}]}}

Gala wręczenia nagród laureatom i wyróżnionym w 12. Ogólnopolskim Konkursie Wzrostu Kryształów

<p>[vc_row][vc_column width=&#8221;2/3&#8243;]
                <div class="text-modules">
                    <div class="container">
                        
                        <div class="text-modules__content"><p>Dyrektor Instytutu Fizyki im. Augusta Chełkowskiego oraz Komitet organizacyjny serdecznie zapraszają społeczność Wydziału Nauk Ścisłych i Technicznych na Galę Wręczenia Nagród Laureatom i Wyróżnionym w tegorocznej edycji Ogólnopolskiego Konkursu Wzrostu Kryształów, która będzie połączona z seminarium pt. &#8222;<strong>Kryształy &#8211; porządek, piękno i użyteczność</strong>&#8221;</p>
<p>Wyniki 12. edycji Konkursu dostępne są na stronie internetowej: <a href="https://us.edu.pl/wydzial/wnst/2025/06/03/195128">https://us.edu.pl/wydzial/wnst</a></p>
<p><strong>Program seminarium</strong></p>
<p style="padding-left: 40px;">11.00 &#8211; powitanie gości prodziekan ds. promocji i rozwoju dr hab. Agnieszka Nowak:-Brzezińska, prof. UŚ</p>
<p style="padding-left: 40px;">11.15 &#8211; wystąpienie Dyrektora Instytutu Fizyki prof. dr hab. Sebastian Pawlus</p>
<p style="padding-left: 40px;">11.20 &#8211; prezentacja laureatów i wyróżnionych w Konkursie, wręczenie nagród</p>
<p style="padding-left: 40px;">11.30 &#8211; wykład <strong>&#8222;Czy kolory istnieją naprawdę?&#8221;</strong> dr Piotr Piotrowski z Wydziału Chemii Uniwersytetu Warszawskiego</p>
<p style="padding-left: 40px;">12.00 &#8211; wykład <strong>&#8222;Wokół kryształów wody i konsekwencji dla oceanów i życia na Ziemi&#8221;</strong> dr Andrzej Boczarowski z Wydziału Nauk Przyrodniczych Uniwersytetu Śląskiego</p>
<p style="padding-left: 40px;">12.40 &#8211; przerwa kawowa</p>
<p style="padding-left: 40px;">13.00 &#8211; Pizza Meeting: wykład <strong>&#8222;Spektroskopia oscylacyjna i chemometria: nierozłączny duet w zgłębianiu tajemnic procesów biologicznych&#8221;</strong> dr Katarzyna Majzner z Wydziału Chemii Uniwersytetu Jagiellońskiego</p>
<p style="padding-left: 40px;">14.00 &#8211; zakończenie seminarium, poczęstunek</p>
<hr />
<p>Uroczystość odbędzie się 12 czerwca br. o godz. 11.00 w kampusie Chorzowskim aula P/0/05</p>
<hr />
<p>Z duma informujemy także, że najlepsze prace w poprzedniej, 11., edycji Konkursu zostały zgłoszone do międzynarodowej edycji IUCr Crystal Growing Competition for Schoolchildren organizowanym przez Międzynarodową Unię Krystalografii, w którym dwójka naszych laureatów zdobyła srebrne medale! <a href="https://www.iucr.org/news/newsletter">https://www.iucr.org/news/newsletter</a></p>
</div>
                    </div>
                </div>[/vc_column][vc_column width=&#8221;1/3&#8243;][vc_single_image image=&#8221;196011&#8243; img_size=&#8221;large&#8221; add_caption=&#8221;yes&#8221; alignment=&#8221;center&#8221; style=&#8221;vc_box_rounded&#8221; onclick=&#8221;img_link_large&#8221;][/vc_column][/vc_row]</p>
