{"id":206608,"date":"2026-09-01T10:38:44","date_gmt":"2026-09-01T08:38:44","guid":{"rendered":"https:\/\/us.edu.pl\/wydzial\/wnst\/?post_type=event&#038;p=206608"},"modified":"2026-09-01T13:07:16","modified_gmt":"2026-09-01T11:07:16","slug":"inauguracja-roku-akademickiego-2026-2027-na-wydziale-nauk-scislych-i-technicznych","status":"publish","type":"event","link":"https:\/\/us.edu.pl\/wydzial\/wnst\/event\/inauguracja-roku-akademickiego-2026-2027-na-wydziale-nauk-scislych-i-technicznych\/","title":{"rendered":"Inauguracja roku akademickiego 2026\/2027 na Wydziale Nauk \u015acis\u0142ych i Technicznych"},"content":{"rendered":"<p>[vc_row][vc_column][vc_separator color=&#8221;sky&#8221;][vc_tta_tabs section_title_tag=&#8221;h2&#8243; style=&#8221;outline&#8221; color=&#8221;sky&#8221; active_section=&#8221;1&#8243;][vc_tta_section title=&#8221;O inauguracji&#8221; tab_id=&#8221;1631793153053-e7f575d9-01c0&#8243;][vc_row_inner][vc_column_inner width=&#8221;2\/3&#8243;]\r\n                <div class=\"text-modules\">\r\n                    <div class=\"container\">\r\n                        \r\n                        <div class=\"text-modules__content\"><p>Uroczysta inauguracja roku akademickiego 2025\/2026 na Wydziale Nauk \u015acis\u0142ych i Technicznych odb\u0119dzie si\u0119 6 pa\u017adziernika 2025 roku o godz. 11.00 w Kampusie Chorzowskim: Chorz\u00f3w, ul. 75. Pu\u0142ku Piechoty 1A w auli P\/0\/05.<\/p>\n<\/div>\r\n                    <\/div>\r\n                <\/div>\r\n                <div class=\"text-modules\">\r\n                    <div class=\"container\">\r\n                        \r\n                        <div class=\"text-modules__content\"><p><strong>\u00a0W programie wydarzenia:<\/strong><\/p>\n<ul>\n<li>Przem\u00f3wienie inauguracyjne Dziekana Wydzia\u0142u Nauk \u015acis\u0142ych i Technicznych.<\/li>\n<li>Przem\u00f3wienie Rektora.<\/li>\n<li>Uroczysta immatrykulacja nowo przyj\u0119tych student\u00f3w.<\/li>\n<li>Wyk\u0142ad inauguracyjny pt.: \u201e<strong>Szukaj\u0105c choroby &#8211; diagnostyka obrazowa w ocenie &#8222;zmian entropii&#8221; organizmu cz\u0142owieka&#8221;<\/strong> wyg\u0142osi <strong>prof. dr n. fiz. hab. n. med. Armand Cholewka.<\/strong><\/li>\n<\/ul>\n<p>\n<\/div>\r\n                    <\/div>\r\n                <\/div>[\/vc_column_inner][vc_column_inner width=&#8221;1\/3&#8243;][vc_single_image image=&#8221;206609&#8243; img_size=&#8221;full&#8221; alignment=&#8221;center&#8221; style=&#8221;vc_box_rounded&#8221;][\/vc_column_inner][\/vc_row_inner][\/vc_tta_section][vc_tta_section title=&#8221;O wyk\u0142adowcy&#8221; tab_id=&#8221;1694165893323-bc3ff628-532e&#8221;][vc_row_inner][vc_column_inner width=&#8221;2\/3&#8243;]\r\n                <div class=\"text-modules\">\r\n                    <div class=\"container\">\r\n                        \r\n                        <div class=\"text-modules__content\"><\/p>\n<h3><span style=\"color: #002e5a;\"><strong>Prof. dr n. fiz. hab. n. med. Armand Cholewka o sobie<\/strong><\/span><\/h3>\n<p>Jako nastolatek by\u0142em mistrzem makroregionu \u015bl\u0105skiego w pchni\u0119ciu kul\u0105 wi\u0119c chcia\u0142em by\u0107 lekkoatlet\u0105 ale jad\u0142em za du\u017co kotlet\u00f3w\u2026<\/p>\n<p>Na studiach zdoby\u0142em mistrzostwo pierwszych lat w Uniwersyteckiej Lidze Koszyk\u00f3wki Amatorskiej organizowanej w Uniwersytecie \u015al\u0105skim, wi\u0119c chcia\u0142em by\u0107 koszykarzem, ale szybko zrozumia\u0142em, \u017ce za du\u017co wa\u017c\u0119\ud83d\ude0a.<\/p>\n<p>Zawsze chcia\u0142em by\u0107 lekarzem i to pozosta\u0142o w sferze marze\u0144\u2026 To marzenie, lecz z nieco innej strony, realizuj\u0119 i jestem z tego bardzo zadowolony.<\/p>\n<\/div>\r\n                    <\/div>\r\n                <\/div>[\/vc_column_inner][vc_column_inner width=&#8221;1\/3&#8243;][vc_single_image image=&#8221;199912&#8243; img_size=&#8221;large&#8221; add_caption=&#8221;yes&#8221; alignment=&#8221;center&#8221; style=&#8221;vc_box_rounded&#8221;][\/vc_column_inner][\/vc_row_inner][vc_row_inner][vc_column_inner][vc_separator color=&#8221;sky&#8221;]\r\n                <div class=\"text-modules\">\r\n                    <div class=\"container\">\r\n                        \r\n                        <div class=\"text-modules__content\"><p><strong>Czym si\u0119 zajmuj\u0119?<\/strong><\/p>\n<p>Obecnie jako fizyk medyczny w Instytucie In\u017cynierii Biomedycznej, Wydzia\u0142u Nauk \u015acis\u0142ych i Technicznych Uniwersytetu \u015al\u0105skiego, prowadz\u0119 badania naukowe wykorzystuj\u0105c najnowsze technologie stosowane w medycynie. Od prawie 20 lat zajmuj\u0119 si\u0119 wprowadzaniem \u00a0r\u00f3\u017cnych metod obrazowania w diagnostyce medycznej. G\u0142\u00f3wne moje zainteresowania naukowe to szeroko rozumiana fizyka medyczna. Marzenie o medycynie spe\u0142niam wsp\u00f3\u0142pracuj\u0105c z pe\u0142nymi pasji lekarzami w wielu klinikach na terenie \u015al\u0105ska oraz poza nim. Jednak\u017ce to, co naprawd\u0119 daje mi si\u0142\u0119 i ch\u0119\u0107 do pracy to moi najbli\u017csi, a poza rodzin\u0105 s\u0105 to w zasadzie najbli\u017csze wsp\u00f3\u0142pracowniczki oraz studenci z grupy badawczej Fizyka Medyczna, bez kt\u00f3rych nie by\u0142bym w miejscu, w kt\u00f3rym obecnie si\u0119 znajduj\u0119. Dzi\u0119kuj\u0119 Wszystkim za wsparcie\u2026<\/p>\n<p>W swoich badaniach wykorzystuj\u0119 przede wszystkim termowizj\u0119, kt\u00f3rej mo\u017cliwo\u015bci zastosowania staram si\u0119 pokaza\u0107 w r\u00f3\u017cnych dziedzinach medycyny takich jak: medycyna fizykalna, onkologia, stomatologia, medycyna\u00a0 sportowa, ortopedia i rehabilitacja, a ostatnio tak\u017ce weterynaria. Dlatego te\u017c moje marzenie spe\u0142niam dzia\u0142aj\u0105c w medycynie i dla medycyny, cho\u0107 nie jako lekarz. Zar\u00f3wno jako naukowiec, jak i fizyk medyczny, jestem zmuszony do ci\u0105g\u0142ego rozwoju i kszta\u0142cenia nie tylko student\u00f3w, ale te\u017c siebie, co ma wiele dobrych stron (np. bardzo rzadko si\u0119 nudz\u0119 \ud83d\ude0a). Dzi\u0119ki szerokiej wsp\u00f3\u0142pracy z lekarzami z r\u00f3\u017cnych dzia\u0142\u00f3w medycyny mam mo\u017cliwo\u015b\u0107 ci\u0105g\u0142ego poszukiwania i wskazywania mo\u017cliwo\u015bci aplikacji nauk \u015bcis\u0142ych i technik badawczych w tych dziedzinach, co daje satysfakcj\u0119 robienia czego\u015b, z praktycznego punktu widzenia, przydatnego (gdy\u017c ka\u017cdy z nas, pr\u0119dzej czy p\u00f3\u017aniej staje si\u0119 pacjentem).<\/p>\n<p>W ostatnim czasie, w kampusie w Chorzowie, z grup\u0105 fizyki medycznej zorganizowali\u015bmy laboratorium medycyny sportowej, gdzie ka\u017cdy b\u0119dzie m\u00f3g\u0142 sprawdzi\u0107 swoj\u0105 kondycj\u0119 oraz progres w wytrenowaniu organizmu. Laboratorium wykorzystuje standardowe techniki stosowane w badaniach sportowc\u00f3w na ca\u0142ym \u015bwiecie, ale tak\u017ce rozwi\u0105zania nowatorskie takie jak termowizja (kt\u00f3rej przydatno\u015b\u0107 w ocenie wydolno\u015bci grupa badawcza fizyki medycznej Instytutu In\u017cynierii Biomedycznej pokaza\u0142a w wielu pracach naukowych).<\/p>\n<p>W swoim dorobku naukowym mog\u0119 pochwali\u0107 si\u0119 wsp\u00f3\u0142autorstwem w blisko 150 publikacjach naukowych oraz rozdzia\u0142ach w monografiach o zasi\u0119gu krajowym i zagranicznym. Odby\u0142em 2 sta\u017ce naukowe zagraniczne i 4 krajowe z zakresu praktycznego wykorzystania wiedzy z fizyki medycznej. \u00a0By\u0142em kierownikiem 2 grant\u00f3w oraz wykonawc\u0105 2 kolejnych. Wypromowa\u0142em 8 doktor\u00f3w (nauk fizycznych oraz medycznych) oraz \u00a080 magistrant\u00f3w i dyplomant\u00f3w z zakresu fizyki medycznej. Opracowa\u0142em blisko 70 ekspertyz na zam\u00f3wienie otoczenia gospodarczego dot. innowacyjno\u015bci r\u00f3\u017cnych technik obrazowych w medycynie.<\/p>\n<p>Obecnie pe\u0142ni\u0119 m.in. funkcj\u0119 v-ce Prezesa Polskiego Towarzystwa Diagnostyki Termowizyjnej w Medycynie oraz \u00a0v-ce Prezesa Polskiego Towarzystwa Fizyki Medycznej.<\/p>\n<p>Prywatnie jestem szcz\u0119\u015bliwym m\u0119\u017cem i ojcem, uwielbiam sport, gram na gitarze i nie\u017ale \u015bpiewam \u2026jednak nie ta\u0144cz\u0119.<\/p>\n<\/div>\r\n                    <\/div>\r\n                <\/div>[\/vc_column_inner][\/vc_row_inner][\/vc_tta_section][vc_tta_section title=&#8221;O wyk\u0142adzie&#8221; tab_id=&#8221;1631793153068-40297d44-4e9c&#8221;][vc_row_inner content_placement=&#8221;middle&#8221;][vc_column_inner]\r\n                <div class=\"text-modules\">\r\n                    <div class=\"container\">\r\n                        \r\n                        <div class=\"text-modules__content\"><\/p>\n<h3><span style=\"color: #002e5a;\"> \u201eSzukaj\u0105c choroby &#8211; diagnostyka obrazowa w ocenie &#8222;zmian entropii&#8221; organizmu cz\u0142owieka&#8221;<\/span><\/h3>\n<p><strong>Streszczenie<\/strong><br \/>\nEntropia jest miar\u0105 nieuporz\u0105dkowania, ba\u0142aganu energetycznego. To nieuporz\u0105dkowanie energetyczne\/metaboliczne zmienia si\u0119, gdy organizm si\u0119 rozwija, jest doros\u0142y a nast\u0119pnie umiera. \u017bywy ustr\u00f3j stale wymienia energi\u0119 z otoczeniem w g\u0142\u00f3wnej mierze stabilizuj\u0105c niski poziom entropii w najd\u0142u\u017cszym (doros\u0142ym, w pe\u0142ni rozwini\u0119tym organizmie) okresie swojego \u017cycia dzi\u0119ki procesom metabolicznym. Niekt\u00f3re z tych proces\u00f3w wymuszamy sami dla poprawy naszego zdrowia, kondycji fizycznej. Niestety s\u0105 te\u017c takie, kt\u00f3rych nie chcemy indukowa\u0107, ale wyst\u0119puj\u0105 i mog\u0105 by\u0107 nie tylko chwilowo szkodliwe, ale nawet zab\u00f3jcze dla ustroju.<\/p>\n<p>Podczas wyk\u0142adu przedstawione zostan\u0105\u00a0 r\u00f3\u017cne zmiany metaboliczne (w tym chorobowe). Dowiemy si\u0119, jak mo\u017cemy je &#8222;\u015bledzi\u0107&#8221;, mierzy\u0107, a nawet wcze\u015bnie wykrywa\u0107 dzi\u0119ki dost\u0119pnej w medycynie nowoczesnej technologii. Opowie\u015b\u0107 b\u0119dzie dotyczy\u0142a g\u0142\u00f3wnie proces\u00f3w metabolicznych i ich diagnostyki. Wyk\u0142adowca poka\u017ce i kr\u00f3tko om\u00f3wi zar\u00f3wno rol\u0119 metod obrazowych w diagnostyce, jak i wykorzystania r\u00f3\u017cnych technik obrazowych w ocenie efekt\u00f3w leczenia. Podczas wyk\u0142adu u\u015bwiadomimy sobie tak\u017ce, dlaczego rola m.in. <strong>fizyka medycznego, informatyka i in\u017cyniera biomedycznego<\/strong> b\u0119dzie w najbli\u017cszych latach ros\u0142a na rynku medycznym.<\/p>\n<\/div>\r\n                    <\/div>\r\n                <\/div>[\/vc_column_inner][\/vc_row_inner][\/vc_tta_section][\/vc_tta_tabs]\r\n                <div class=\"text-modules\">\r\n                    <div class=\"container\">\r\n                        \r\n                        <div class=\"text-modules__content\"><\/p>\n<p style=\"text-align: center;\"><span style=\"color: #002e5a;\"><strong>Serdecznie zapraszamy do wzi\u0119cia udzia\u0142u w uroczysto\u015bci.<\/strong><\/span><\/p>\n<p>\n<\/div>\r\n                    <\/div>\r\n                <\/div>[\/vc_column][\/vc_row]<\/p>","protected":false},"excerpt":{"rendered":"<p>[vc_row][vc_column][vc_separator color=&#8221;sky&#8221;][vc_tta_tabs section_title_tag=&#8221;h2&#8243; style=&#8221;outline&#8221; color=&#8221;sky&#8221; active_section=&#8221;1&#8243;][vc_tta_section title=&#8221;O inauguracji&#8221; tab_id=&#8221;1631793153053-e7f575d9-01c0&#8243;][vc_row_inner][vc_column_inner width=&#8221;2\/3&#8243;][\/vc_column_inner][vc_column_inner width=&#8221;1\/3&#8243;][vc_single_image image=&#8221;206609&#8243; img_size=&#8221;full&#8221; alignment=&#8221;center&#8221; style=&#8221;vc_box_rounded&#8221;][\/vc_column_inner][\/vc_row_inner][\/vc_tta_section][vc_tta_section title=&#8221;O wyk\u0142adowcy&#8221; tab_id=&#8221;1694165893323-bc3ff628-532e&#8221;][vc_row_inner][vc_column_inner width=&#8221;2\/3&#8243;][\/vc_column_inner][vc_column_inner width=&#8221;1\/3&#8243;][vc_single_image image=&#8221;199912&#8243; img_size=&#8221;large&#8221; add_caption=&#8221;yes&#8221; alignment=&#8221;center&#8221; style=&#8221;vc_box_rounded&#8221;][\/vc_column_inner][\/vc_row_inner][vc_row_inner][vc_column_inner][vc_separator color=&#8221;sky&#8221;][\/vc_column_inner][\/vc_row_inner][\/vc_tta_section][vc_tta_section title=&#8221;O wyk\u0142adzie&#8221; tab_id=&#8221;1631793153068-40297d44-4e9c&#8221;][vc_row_inner content_placement=&#8221;middle&#8221;][vc_column_inner][\/vc_column_inner][\/vc_row_inner][\/vc_tta_section][\/vc_tta_tabs][\/vc_column][\/vc_row] [&#8230;]<\/p>\n<p><a class=\"btn btn-secondary understrap-read-more-link\" href=\"https:\/\/us.edu.pl\/wydzial\/wnst\/event\/inauguracja-roku-akademickiego-2026-2027-na-wydziale-nauk-scislych-i-technicznych\/\">Read More&#8230;<\/a><\/p>\n","protected":false},"author":92,"featured_media":0,"template":"","meta":{"_expiration-date-status":"","_expiration-date":0,"_expiration-date-type":"","_expiration-date-categories":[],"_expiration-date-options":[]},"acf":[],"_links":{"self":[{"href":"https:\/\/us.edu.pl\/wydzial\/wnst\/wp-json\/wp\/v2\/event\/206608"}],"collection":[{"href":"https:\/\/us.edu.pl\/wydzial\/wnst\/wp-json\/wp\/v2\/event"}],"about":[{"href":"https:\/\/us.edu.pl\/wydzial\/wnst\/wp-json\/wp\/v2\/types\/event"}],"author":[{"embeddable":true,"href":"https:\/\/us.edu.pl\/wydzial\/wnst\/wp-json\/wp\/v2\/users\/92"}],"version-history":[{"count":7,"href":"https:\/\/us.edu.pl\/wydzial\/wnst\/wp-json\/wp\/v2\/event\/206608\/revisions"}],"predecessor-version":[{"id":206620,"href":"https:\/\/us.edu.pl\/wydzial\/wnst\/wp-json\/wp\/v2\/event\/206608\/revisions\/206620"}],"wp:attachment":[{"href":"https:\/\/us.edu.pl\/wydzial\/wnst\/wp-json\/wp\/v2\/media?parent=206608"}],"curies":[{"name":"wp","href":"https:\/\/api.w.org\/{rel}","templated":true}]}}

Inauguracja roku akademickiego 2026/2027 na Wydziale Nauk Ścisłych i Technicznych

<p>[vc_row][vc_column][vc_separator color=&#8221;sky&#8221;][vc_tta_tabs section_title_tag=&#8221;h2&#8243; style=&#8221;outline&#8221; color=&#8221;sky&#8221; active_section=&#8221;1&#8243;][vc_tta_section title=&#8221;O inauguracji&#8221; tab_id=&#8221;1631793153053-e7f575d9-01c0&#8243;][vc_row_inner][vc_column_inner width=&#8221;2/3&#8243;]
                <div class="text-modules">
                    <div class="container">
                        
                        <div class="text-modules__content"><p>Uroczysta inauguracja roku akademickiego 2025/2026 na Wydziale Nauk Ścisłych i Technicznych odbędzie się 6 października 2025 roku o godz. 11.00 w Kampusie Chorzowskim: Chorzów, ul. 75. Pułku Piechoty 1A w auli P/0/05.</p>
</div>
                    </div>
                </div>
                <div class="text-modules">
                    <div class="container">
                        
                        <div class="text-modules__content"><p><strong> W programie wydarzenia:</strong></p>
<ul>
<li>Przemówienie inauguracyjne Dziekana Wydziału Nauk Ścisłych i Technicznych.</li>
<li>Przemówienie Rektora.</li>
<li>Uroczysta immatrykulacja nowo przyjętych studentów.</li>
<li>Wykład inauguracyjny pt.: „<strong>Szukając choroby &#8211; diagnostyka obrazowa w ocenie &#8222;zmian entropii&#8221; organizmu człowieka&#8221;</strong> wygłosi <strong>prof. dr n. fiz. hab. n. med. Armand Cholewka.</strong></li>
</ul>
<p>
</div>
                    </div>
                </div>[/vc_column_inner][vc_column_inner width=&#8221;1/3&#8243;][vc_single_image image=&#8221;206609&#8243; img_size=&#8221;full&#8221; alignment=&#8221;center&#8221; style=&#8221;vc_box_rounded&#8221;][/vc_column_inner][/vc_row_inner][/vc_tta_section][vc_tta_section title=&#8221;O wykładowcy&#8221; tab_id=&#8221;1694165893323-bc3ff628-532e&#8221;][vc_row_inner][vc_column_inner width=&#8221;2/3&#8243;]
                <div class="text-modules">
                    <div class="container">
                        
                        <div class="text-modules__content"></p>
<h3><span style="color: #002e5a;"><strong>Prof. dr n. fiz. hab. n. med. Armand Cholewka o sobie</strong></span></h3>
<p>Jako nastolatek byłem mistrzem makroregionu śląskiego w pchnięciu kulą więc chciałem być lekkoatletą ale jadłem za dużo kotletów…</p>
<p>Na studiach zdobyłem mistrzostwo pierwszych lat w Uniwersyteckiej Lidze Koszykówki Amatorskiej organizowanej w Uniwersytecie Śląskim, więc chciałem być koszykarzem, ale szybko zrozumiałem, że za dużo ważę😊.</p>
<p>Zawsze chciałem być lekarzem i to pozostało w sferze marzeń… To marzenie, lecz z nieco innej strony, realizuję i jestem z tego bardzo zadowolony.</p>
</div>
                    </div>
                </div>[/vc_column_inner][vc_column_inner width=&#8221;1/3&#8243;][vc_single_image image=&#8221;199912&#8243; img_size=&#8221;large&#8221; add_caption=&#8221;yes&#8221; alignment=&#8221;center&#8221; style=&#8221;vc_box_rounded&#8221;][/vc_column_inner][/vc_row_inner][vc_row_inner][vc_column_inner][vc_separator color=&#8221;sky&#8221;]
                <div class="text-modules">
                    <div class="container">
                        
                        <div class="text-modules__content"><p><strong>Czym się zajmuję?</strong></p>
<p>Obecnie jako fizyk medyczny w Instytucie Inżynierii Biomedycznej, Wydziału Nauk Ścisłych i Technicznych Uniwersytetu Śląskiego, prowadzę badania naukowe wykorzystując najnowsze technologie stosowane w medycynie. Od prawie 20 lat zajmuję się wprowadzaniem  różnych metod obrazowania w diagnostyce medycznej. Główne moje zainteresowania naukowe to szeroko rozumiana fizyka medyczna. Marzenie o medycynie spełniam współpracując z pełnymi pasji lekarzami w wielu klinikach na terenie Śląska oraz poza nim. Jednakże to, co naprawdę daje mi siłę i chęć do pracy to moi najbliżsi, a poza rodziną są to w zasadzie najbliższe współpracowniczki oraz studenci z grupy badawczej Fizyka Medyczna, bez których nie byłbym w miejscu, w którym obecnie się znajduję. Dziękuję Wszystkim za wsparcie…</p>
<p>W swoich badaniach wykorzystuję przede wszystkim termowizję, której możliwości zastosowania staram się pokazać w różnych dziedzinach medycyny takich jak: medycyna fizykalna, onkologia, stomatologia, medycyna  sportowa, ortopedia i rehabilitacja, a ostatnio także weterynaria. Dlatego też moje marzenie spełniam działając w medycynie i dla medycyny, choć nie jako lekarz. Zarówno jako naukowiec, jak i fizyk medyczny, jestem zmuszony do ciągłego rozwoju i kształcenia nie tylko studentów, ale też siebie, co ma wiele dobrych stron (np. bardzo rzadko się nudzę 😊). Dzięki szerokiej współpracy z lekarzami z różnych działów medycyny mam możliwość ciągłego poszukiwania i wskazywania możliwości aplikacji nauk ścisłych i technik badawczych w tych dziedzinach, co daje satysfakcję robienia czegoś, z praktycznego punktu widzenia, przydatnego (gdyż każdy z nas, prędzej czy później staje się pacjentem).</p>
<p>W ostatnim czasie, w kampusie w Chorzowie, z grupą fizyki medycznej zorganizowaliśmy laboratorium medycyny sportowej, gdzie każdy będzie mógł sprawdzić swoją kondycję oraz progres w wytrenowaniu organizmu. Laboratorium wykorzystuje standardowe techniki stosowane w badaniach sportowców na całym świecie, ale także rozwiązania nowatorskie takie jak termowizja (której przydatność w ocenie wydolności grupa badawcza fizyki medycznej Instytutu Inżynierii Biomedycznej pokazała w wielu pracach naukowych).</p>
<p>W swoim dorobku naukowym mogę pochwalić się współautorstwem w blisko 150 publikacjach naukowych oraz rozdziałach w monografiach o zasięgu krajowym i zagranicznym. Odbyłem 2 staże naukowe zagraniczne i 4 krajowe z zakresu praktycznego wykorzystania wiedzy z fizyki medycznej.  Byłem kierownikiem 2 grantów oraz wykonawcą 2 kolejnych. Wypromowałem 8 doktorów (nauk fizycznych oraz medycznych) oraz  80 magistrantów i dyplomantów z zakresu fizyki medycznej. Opracowałem blisko 70 ekspertyz na zamówienie otoczenia gospodarczego dot. innowacyjności różnych technik obrazowych w medycynie.</p>
<p>Obecnie pełnię m.in. funkcję v-ce Prezesa Polskiego Towarzystwa Diagnostyki Termowizyjnej w Medycynie oraz  v-ce Prezesa Polskiego Towarzystwa Fizyki Medycznej.</p>
<p>Prywatnie jestem szczęśliwym mężem i ojcem, uwielbiam sport, gram na gitarze i nieźle śpiewam …jednak nie tańczę.</p>
</div>
                    </div>
                </div>[/vc_column_inner][/vc_row_inner][/vc_tta_section][vc_tta_section title=&#8221;O wykładzie&#8221; tab_id=&#8221;1631793153068-40297d44-4e9c&#8221;][vc_row_inner content_placement=&#8221;middle&#8221;][vc_column_inner]
                <div class="text-modules">
                    <div class="container">
                        
                        <div class="text-modules__content"></p>
<h3><span style="color: #002e5a;"> „Szukając choroby &#8211; diagnostyka obrazowa w ocenie &#8222;zmian entropii&#8221; organizmu człowieka&#8221;</span></h3>
<p><strong>Streszczenie</strong><br />
Entropia jest miarą nieuporządkowania, bałaganu energetycznego. To nieuporządkowanie energetyczne/metaboliczne zmienia się, gdy organizm się rozwija, jest dorosły a następnie umiera. Żywy ustrój stale wymienia energię z otoczeniem w głównej mierze stabilizując niski poziom entropii w najdłuższym (dorosłym, w pełni rozwiniętym organizmie) okresie swojego życia dzięki procesom metabolicznym. Niektóre z tych procesów wymuszamy sami dla poprawy naszego zdrowia, kondycji fizycznej. Niestety są też takie, których nie chcemy indukować, ale występują i mogą być nie tylko chwilowo szkodliwe, ale nawet zabójcze dla ustroju.</p>
<p>Podczas wykładu przedstawione zostaną  różne zmiany metaboliczne (w tym chorobowe). Dowiemy się, jak możemy je &#8222;śledzić&#8221;, mierzyć, a nawet wcześnie wykrywać dzięki dostępnej w medycynie nowoczesnej technologii. Opowieść będzie dotyczyła głównie procesów metabolicznych i ich diagnostyki. Wykładowca pokaże i krótko omówi zarówno rolę metod obrazowych w diagnostyce, jak i wykorzystania różnych technik obrazowych w ocenie efektów leczenia. Podczas wykładu uświadomimy sobie także, dlaczego rola m.in. <strong>fizyka medycznego, informatyka i inżyniera biomedycznego</strong> będzie w najbliższych latach rosła na rynku medycznym.</p>
</div>
                    </div>
                </div>[/vc_column_inner][/vc_row_inner][/vc_tta_section][/vc_tta_tabs]
                <div class="text-modules">
                    <div class="container">
                        
                        <div class="text-modules__content"></p>
<p style="text-align: center;"><span style="color: #002e5a;"><strong>Serdecznie zapraszamy do wzięcia udziału w uroczystości.</strong></span></p>
<p>
</div>
                    </div>
                </div>[/vc_column][/vc_row]</p>

<p>[vc_row][vc_column][vc_separator color=&#8221;sky&#8221;][vc_tta_tabs section_title_tag=&#8221;h2&#8243; style=&#8221;outline&#8221; color=&#8221;sky&#8221; active_section=&#8221;1&#8243;][vc_tta_section title=&#8221;O inauguracji&#8221; tab_id=&#8221;1631793153053-e7f575d9-01c0&#8243;][vc_row_inner][vc_column_inner width=&#8221;2/3&#8243;][/vc_column_inner][vc_column_inner width=&#8221;1/3&#8243;][vc_single_image image=&#8221;206609&#8243; img_size=&#8221;full&#8221; alignment=&#8221;center&#8221; style=&#8221;vc_box_rounded&#8221;][/vc_column_inner][/vc_row_inner][/vc_tta_section][vc_tta_section title=&#8221;O wykładowcy&#8221; tab_id=&#8221;1694165893323-bc3ff628-532e&#8221;][vc_row_inner][vc_column_inner width=&#8221;2/3&#8243;][/vc_column_inner][vc_column_inner width=&#8221;1/3&#8243;][vc_single_image image=&#8221;199912&#8243; img_size=&#8221;large&#8221; add_caption=&#8221;yes&#8221; alignment=&#8221;center&#8221; style=&#8221;vc_box_rounded&#8221;][/vc_column_inner][/vc_row_inner][vc_row_inner][vc_column_inner][vc_separator color=&#8221;sky&#8221;][/vc_column_inner][/vc_row_inner][/vc_tta_section][vc_tta_section title=&#8221;O wykładzie&#8221; tab_id=&#8221;1631793153068-40297d44-4e9c&#8221;][vc_row_inner content_placement=&#8221;middle&#8221;][vc_column_inner][/vc_column_inner][/vc_row_inner][/vc_tta_section][/vc_tta_tabs][/vc_column][/vc_row] [&#8230;]</p>
<p><a class="btn btn-secondary understrap-read-more-link" href="https://us.edu.pl/wydzial/wnst/event/inauguracja-roku-akademickiego-2026-2027-na-wydziale-nauk-scislych-i-technicznych/">Read More&#8230;</a></p>
