{"id":161435,"date":"2022-11-04T08:57:50","date_gmt":"2022-11-04T07:57:50","guid":{"rendered":"https:\/\/us.edu.pl\/wydzial\/wnst\/?post_type=komunikaty&#038;p=161435"},"modified":"2022-11-04T09:23:00","modified_gmt":"2022-11-04T08:23:00","slug":"16-11-2022-r-wyklad-materialy-inteligentne-stopy-z-pamiecia-ksztaltu","status":"publish","type":"komunikaty","link":"https:\/\/us.edu.pl\/wydzial\/wnst\/komunikaty\/16-11-2022-r-wyklad-materialy-inteligentne-stopy-z-pamiecia-ksztaltu\/","title":{"rendered":"16.11.2022 r. Wyk\u0142ad &#8222;Materia\u0142y inteligentne &#8211; stopy z pami\u0119ci\u0105 kszta\u0142tu&#8221;"},"content":{"rendered":"<p>[vc_row][vc_column width=&#8221;2\/3&#8243;]\r\n                <div class=\"text-modules\">\r\n                    <div class=\"container\">\r\n                        \r\n                        <div class=\"text-modules__content\"><\/p>\n<h3><span style=\"color: #003366;\">Z najlepszymi przez nauk\u0119 &#8211; Wyk\u0142ady popularnonaukowe<\/span><\/h3>\n<p>Zapraszamy na wyk\u0142ad pod tytu\u0142em <span style=\"color: #003366;\"><em>Materia\u0142y inteligentne &#8211; stopy z pami\u0119ci\u0105 kszta\u0142tu<\/em><\/span>, kt\u00f3ry wyg\u0142osi Pani Dziekan Wydzia\u0142u Nauk \u015acis\u0142ych i Technicznych <strong>prof. dr hab. Danuta Str\u00f3\u017c.<\/strong><\/p>\n<p><span style=\"color: #003366;\"><strong>Kiedy:<\/strong><\/span> 16 listopada (\u015broda) 2022 roku o godzinie 10:00<\/p>\n<p><span style=\"color: #003366;\"><strong>Gdzie:<\/strong><\/span> Sala audytoryjna P\/0\/05<br \/>\nWydzia\u0142 Nauk \u015acis\u0142ych i Technicznych Uniwersytetu \u015al\u0105skiego<br \/>\nul. 75. Pu\u0142ku Piechoty 1A, 41-500 Chorz\u00f3w<\/p>\n<p><span style=\"color: #003366;\"><a style=\"color: #003366;\" href=\"https:\/\/formularze.us.edu.pl\/pinuswyklady\"><span style=\"font-size: 12pt;\"><strong>Zapisz si\u0119!<\/strong><\/span><\/a><\/span><\/p>\n<p>Wyk\u0142ad bezp\u0142atny, a liczba miejsc ograniczona<\/p>\n<p><span style=\"color: #003366;\"><strong>Opis wyk\u0142adu<\/strong><\/span><br \/>\nMateria\u0142y inteligentne to takie materia\u0142y, kt\u00f3re reaguj\u0105 na bod\u017ace zewn\u0119trzne poprzez istotn\u0105 zmian\u0119 swych w\u0142a\u015bciwo\u015bci. Stanowi ona odpowied\u017a materia\u0142u na dany bodziec i jest zmian\u0105 po\u017c\u0105dan\u0105 i wykorzystywan\u0105. Przyk\u0142adowo, szk\u0142o w okularach zmieniaj\u0105ce kolor pod wp\u0142ywem \u015bwiat\u0142a jest materia\u0142em inteligentnym, nazywanym materia\u0142em fotochromowym.<\/p>\n<p>Jedn\u0105 z grup materia\u0142\u00f3w inteligentnych s\u0105 materia\u0142y zmieniaj\u0105ce sw\u00f3j kszta\u0142t a w\u015br\u00f3d nich stopy z pami\u0119ci\u0105 kszta\u0142tu. W materia\u0142ach tych wyst\u0119puj\u0105 jedno-kierunkowy efekt pami\u0119ci kszta\u0142tu, dwu-kierunkowy efekt pami\u0119ci kszta\u0142tu oraz efekt pseudospr\u0119\u017cysto\u015bci. Spowodowane s\u0105 przemian\u0105 strukturaln\u0105 zachodz\u0105c\u0105 w materiale pod wp\u0142ywem zmiany temperatury b\u0105d\u017a zewn\u0119trznego napr\u0119\u017cenia tzw. odwracaln\u0105, termospr\u0119\u017cyst\u0105 przemian\u0105 martenzytyczn\u0105.\u00a0 Podczas wyk\u0142adu om\u00f3wiony zostanie mechanizm efekt\u00f3w pami\u0119ci kszta\u0142tu oraz przedstawione b\u0119d\u0105 r\u00f3\u017cnorodne przyk\u0142ady zastosowa\u0144 tych materia\u0142\u00f3w od najprostszych np. klamry do \u0142\u0105czenia z\u0142amanych ko\u015bci po bardziej spektakularne np. w \u0142azikach wykorzystywanych przez NASA do bada\u0144 powierzchni Marsa.<\/p>\n<p>Wi\u0119cej informacji o projekcie na <strong><a href=\"http:\/\/pinus.us.edu.pl\">stronie<\/a><\/strong>.<\/p>\n<\/div>\r\n                    <\/div>\r\n                <\/div>[\/vc_column][vc_column width=&#8221;1\/3&#8243;][vc_column_text]<img class=\"alignnone wp-image-157308 size-full\" src=\"https:\/\/us.edu.pl\/wydzial\/wnst\/wp-content\/uploads\/sites\/18\/2022\/06\/pin-us-logo.png\" alt=\"logo projektu pin us\" width=\"100%\" height=\"auto\" srcset=\"https:\/\/us.edu.pl\/wydzial\/wnst\/wp-content\/uploads\/sites\/18\/2022\/06\/pin-us-logo.png 500w, https:\/\/us.edu.pl\/wydzial\/wnst\/wp-content\/uploads\/sites\/18\/2022\/06\/pin-us-logo-300x117.png 300w\" sizes=\"(max-width: 500px) 100vw, 500px\" \/>[\/vc_column_text][\/vc_column][\/vc_row][vc_row][vc_column]<div class=\"container\"><div class=\"separator\" style=\"background-color: #ebebeb\"><\/div><\/div>[vc_column_text]<img class=\"alignnone wp-image-157602 size-full\" src=\"https:\/\/us.edu.pl\/wydzial\/wnst\/wp-content\/uploads\/sites\/18\/Bez-kategorii\/loga-1.png\" alt=\"\" width=\"100%\" height=\"auto\" srcset=\"https:\/\/us.edu.pl\/wydzial\/wnst\/wp-content\/uploads\/sites\/18\/Bez-kategorii\/loga-1.png 1000w, https:\/\/us.edu.pl\/wydzial\/wnst\/wp-content\/uploads\/sites\/18\/Bez-kategorii\/loga-1-300x44.png 300w, https:\/\/us.edu.pl\/wydzial\/wnst\/wp-content\/uploads\/sites\/18\/Bez-kategorii\/loga-1-768x113.png 768w, https:\/\/us.edu.pl\/wydzial\/wnst\/wp-content\/uploads\/sites\/18\/Bez-kategorii\/loga-1-575x85.png 575w\" sizes=\"(max-width: 1000px) 100vw, 1000px\" \/><\/p>\n<p style=\"text-align: center;\">Projekt dofinansowano w ramach programu &#8222;Spo\u0142eczna odpowiedzialno\u015b\u0107 nauki&#8221; Ministerstwa Edukacji i Nauki<\/p>\n<p>[\/vc_column_text][\/vc_column][\/vc_row]<\/p>","protected":false},"excerpt":{"rendered":"<p>[vc_row][vc_column width=&#8221;2\/3&#8243;][\/vc_column][vc_column width=&#8221;1\/3&#8243;][vc_column_text][\/vc_column_text][\/vc_column][\/vc_row][vc_row][vc_column][vc_column_text] Projekt dofinansowano w ramach programu &#8222;Spo\u0142eczna odpowiedzialno\u015b\u0107 nauki&#8221; Ministerstwa Edukacji i Nauki [\/vc_column_text][\/vc_column][\/vc_row] [&#8230;]<\/p>\n<p><a class=\"btn btn-secondary understrap-read-more-link\" href=\"https:\/\/us.edu.pl\/wydzial\/wnst\/komunikaty\/16-11-2022-r-wyklad-materialy-inteligentne-stopy-z-pamiecia-ksztaltu\/\">Read More&#8230;<\/a><\/p>\n","protected":false},"author":3553,"featured_media":0,"template":"","meta":{"_expiration-date-status":"","_expiration-date":0,"_expiration-date-type":"","_expiration-date-categories":[],"_expiration-date-options":[]},"acf":[],"_links":{"self":[{"href":"https:\/\/us.edu.pl\/wydzial\/wnst\/wp-json\/wp\/v2\/komunikaty\/161435"}],"collection":[{"href":"https:\/\/us.edu.pl\/wydzial\/wnst\/wp-json\/wp\/v2\/komunikaty"}],"about":[{"href":"https:\/\/us.edu.pl\/wydzial\/wnst\/wp-json\/wp\/v2\/types\/komunikaty"}],"author":[{"embeddable":true,"href":"https:\/\/us.edu.pl\/wydzial\/wnst\/wp-json\/wp\/v2\/users\/3553"}],"version-history":[{"count":3,"href":"https:\/\/us.edu.pl\/wydzial\/wnst\/wp-json\/wp\/v2\/komunikaty\/161435\/revisions"}],"predecessor-version":[{"id":161444,"href":"https:\/\/us.edu.pl\/wydzial\/wnst\/wp-json\/wp\/v2\/komunikaty\/161435\/revisions\/161444"}],"wp:attachment":[{"href":"https:\/\/us.edu.pl\/wydzial\/wnst\/wp-json\/wp\/v2\/media?parent=161435"}],"curies":[{"name":"wp","href":"https:\/\/api.w.org\/{rel}","templated":true}]}}

16.11.2022 r. Wykład &#8222;Materiały inteligentne &#8211; stopy z pamięcią kształtu&#8221;

<p>[vc_row][vc_column width=&#8221;2/3&#8243;]
                <div class="text-modules">
                    <div class="container">
                        
                        <div class="text-modules__content"></p>
<h3><span style="color: #003366;">Z najlepszymi przez naukę &#8211; Wykłady popularnonaukowe</span></h3>
<p>Zapraszamy na wykład pod tytułem <span style="color: #003366;"><em>Materiały inteligentne &#8211; stopy z pamięcią kształtu</em></span>, który wygłosi Pani Dziekan Wydziału Nauk Ścisłych i Technicznych <strong>prof. dr hab. Danuta Stróż.</strong></p>
<p><span style="color: #003366;"><strong>Kiedy:</strong></span> 16 listopada (środa) 2022 roku o godzinie 10:00</p>
<p><span style="color: #003366;"><strong>Gdzie:</strong></span> Sala audytoryjna P/0/05<br />
Wydział Nauk Ścisłych i Technicznych Uniwersytetu Śląskiego<br />
ul. 75. Pułku Piechoty 1A, 41-500 Chorzów</p>
<p><span style="color: #003366;"><a style="color: #003366;" href="https://formularze.us.edu.pl/pinuswyklady"><span style="font-size: 12pt;"><strong>Zapisz się!</strong></span></a></span></p>
<p>Wykład bezpłatny, a liczba miejsc ograniczona</p>
<p><span style="color: #003366;"><strong>Opis wykładu</strong></span><br />
Materiały inteligentne to takie materiały, które reagują na bodźce zewnętrzne poprzez istotną zmianę swych właściwości. Stanowi ona odpowiedź materiału na dany bodziec i jest zmianą pożądaną i wykorzystywaną. Przykładowo, szkło w okularach zmieniające kolor pod wpływem światła jest materiałem inteligentnym, nazywanym materiałem fotochromowym.</p>
<p>Jedną z grup materiałów inteligentnych są materiały zmieniające swój kształt a wśród nich stopy z pamięcią kształtu. W materiałach tych występują jedno-kierunkowy efekt pamięci kształtu, dwu-kierunkowy efekt pamięci kształtu oraz efekt pseudosprężystości. Spowodowane są przemianą strukturalną zachodzącą w materiale pod wpływem zmiany temperatury bądź zewnętrznego naprężenia tzw. odwracalną, termosprężystą przemianą martenzytyczną.  Podczas wykładu omówiony zostanie mechanizm efektów pamięci kształtu oraz przedstawione będą różnorodne przykłady zastosowań tych materiałów od najprostszych np. klamry do łączenia złamanych kości po bardziej spektakularne np. w łazikach wykorzystywanych przez NASA do badań powierzchni Marsa.</p>
<p>Więcej informacji o projekcie na <strong><a href="http://pinus.us.edu.pl">stronie</a></strong>.</p>
</div>
                    </div>
                </div>[/vc_column][vc_column width=&#8221;1/3&#8243;][vc_column_text]<img class="alignnone wp-image-157308 size-full" src="https://us.edu.pl/wydzial/wnst/wp-content/uploads/sites/18/2022/06/pin-us-logo.png" alt="logo projektu pin us" width="100%" height="auto" srcset="https://us.edu.pl/wydzial/wnst/wp-content/uploads/sites/18/2022/06/pin-us-logo.png 500w, https://us.edu.pl/wydzial/wnst/wp-content/uploads/sites/18/2022/06/pin-us-logo-300x117.png 300w" sizes="(max-width: 500px) 100vw, 500px" />[/vc_column_text][/vc_column][/vc_row][vc_row][vc_column]<div class="container"><div class="separator" style="background-color: #ebebeb"></div></div>[vc_column_text]<img class="alignnone wp-image-157602 size-full" src="https://us.edu.pl/wydzial/wnst/wp-content/uploads/sites/18/Bez-kategorii/loga-1.png" alt="" width="100%" height="auto" srcset="https://us.edu.pl/wydzial/wnst/wp-content/uploads/sites/18/Bez-kategorii/loga-1.png 1000w, https://us.edu.pl/wydzial/wnst/wp-content/uploads/sites/18/Bez-kategorii/loga-1-300x44.png 300w, https://us.edu.pl/wydzial/wnst/wp-content/uploads/sites/18/Bez-kategorii/loga-1-768x113.png 768w, https://us.edu.pl/wydzial/wnst/wp-content/uploads/sites/18/Bez-kategorii/loga-1-575x85.png 575w" sizes="(max-width: 1000px) 100vw, 1000px" /></p>
<p style="text-align: center;">Projekt dofinansowano w ramach programu &#8222;Społeczna odpowiedzialność nauki&#8221; Ministerstwa Edukacji i Nauki</p>
<p>[/vc_column_text][/vc_column][/vc_row]</p>

<p>[vc_row][vc_column width=&#8221;2/3&#8243;][/vc_column][vc_column width=&#8221;1/3&#8243;][vc_column_text][/vc_column_text][/vc_column][/vc_row][vc_row][vc_column][vc_column_text] Projekt dofinansowano w ramach programu &#8222;Społeczna odpowiedzialność nauki&#8221; Ministerstwa Edukacji i Nauki [/vc_column_text][/vc_column][/vc_row] [&#8230;]</p>
<p><a class="btn btn-secondary understrap-read-more-link" href="https://us.edu.pl/wydzial/wnst/komunikaty/16-11-2022-r-wyklad-materialy-inteligentne-stopy-z-pamiecia-ksztaltu/">Read More&#8230;</a></p>
