{"id":167187,"date":"2023-05-10T11:24:00","date_gmt":"2023-05-10T09:24:00","guid":{"rendered":"https:\/\/us.edu.pl\/wydzial\/wnst\/?post_type=komunikaty&#038;p=167187"},"modified":"2023-05-10T11:28:00","modified_gmt":"2023-05-10T09:28:00","slug":"godziny-rektorskie-na-juwenalia-2","status":"publish","type":"komunikaty","link":"https:\/\/us.edu.pl\/wydzial\/wnst\/komunikaty\/godziny-rektorskie-na-juwenalia-2\/","title":{"rendered":"25-26.05.2023 r. | Godziny rektorskie na Juwenalia"},"content":{"rendered":"<p>[vc_row][vc_column]\r\n                <div class=\"text-modules\">\r\n                    <div class=\"container\">\r\n                        \r\n                        <div class=\"text-modules__content\"><p>W zwi\u0105zku z organizacj\u0105\u00a0<a href=\"https:\/\/juwenaliaslaskie.pl\/\">Juwenali\u00f3w \u015al\u0105skich 2023<\/a>, na wniosek Uczelnianej Rady Samorz\u0105du Studenckiego, 25 i 26 maja (czwartek, pi\u0105tek) zostaj\u0105 og\u0142oszone nast\u0119puj\u0105ce godziny rektorskie (nie dotyczy studentek i student\u00f3w Wydzia\u0142u Sztuki i Edukacji w Cieszynie):<span id=\"more-40260\"><\/span><\/p>\n<ul>\n<li>do 9.45 (odwo\u0142any I blok dydaktyczny);<\/li>\n<li>od 15.30 (odwo\u0142ane V, VI i VII bloki dydaktyczne).<\/li>\n<\/ul>\n<p>Usprawiedliwienia nieobecno\u015bci na zaj\u0119ciach b\u0119d\u0105 wydawane studentom uczestnicz\u0105cym we wtorkowym (23 bm.) korowodzie przez przewodnicz\u0105cego\u00a0<a href=\"https:\/\/www.samorzad.us.edu.pl\/\">Samorz\u0105du<\/a>.<\/p>\n<p><a class=\"mtli_attachment mtli_pdf mtli_attachment mtli_pdf mtli_attachment mtli_pdf\" href=\"https:\/\/us.edu.pl\/student\/wp-content\/uploads\/sites\/3\/dokumenty\/Samorzad-Studencki\/202305100719.pdf\" data-mtli=\"mtli_filesize217,58kB\">\u00a0Komunikat z dn. 9 maja 2023 r.<\/a><\/p>\n<\/div>\r\n                    <\/div>\r\n                <\/div>[\/vc_column][\/vc_row]<\/p>","protected":false},"excerpt":{"rendered":"<p>[vc_row][vc_column][\/vc_column][\/vc_row] [&#8230;]<\/p>\n<p><a class=\"btn btn-secondary understrap-read-more-link\" href=\"https:\/\/us.edu.pl\/wydzial\/wnst\/komunikaty\/godziny-rektorskie-na-juwenalia-2\/\">Read More&#8230;<\/a><\/p>\n","protected":false},"author":92,"featured_media":0,"template":"","meta":{"_expiration-date-status":"","_expiration-date":0,"_expiration-date-type":"","_expiration-date-categories":[],"_expiration-date-options":[]},"acf":[],"_links":{"self":[{"href":"https:\/\/us.edu.pl\/wydzial\/wnst\/wp-json\/wp\/v2\/komunikaty\/167187"}],"collection":[{"href":"https:\/\/us.edu.pl\/wydzial\/wnst\/wp-json\/wp\/v2\/komunikaty"}],"about":[{"href":"https:\/\/us.edu.pl\/wydzial\/wnst\/wp-json\/wp\/v2\/types\/komunikaty"}],"author":[{"embeddable":true,"href":"https:\/\/us.edu.pl\/wydzial\/wnst\/wp-json\/wp\/v2\/users\/92"}],"version-history":[{"count":3,"href":"https:\/\/us.edu.pl\/wydzial\/wnst\/wp-json\/wp\/v2\/komunikaty\/167187\/revisions"}],"predecessor-version":[{"id":167190,"href":"https:\/\/us.edu.pl\/wydzial\/wnst\/wp-json\/wp\/v2\/komunikaty\/167187\/revisions\/167190"}],"wp:attachment":[{"href":"https:\/\/us.edu.pl\/wydzial\/wnst\/wp-json\/wp\/v2\/media?parent=167187"}],"curies":[{"name":"wp","href":"https:\/\/api.w.org\/{rel}","templated":true}]}}

<p>[vc_row][vc_column]
                <div class="text-modules">
                    <div class="container">
                        
                        <div class="text-modules__content"><p>W związku z organizacją <a href="https://juwenaliaslaskie.pl/">Juwenaliów Śląskich 2023</a>, na wniosek Uczelnianej Rady Samorządu Studenckiego, 25 i 26 maja (czwartek, piątek) zostają ogłoszone następujące godziny rektorskie (nie dotyczy studentek i studentów Wydziału Sztuki i Edukacji w Cieszynie):<span id="more-40260"></span></p>
<ul>
<li>do 9.45 (odwołany I blok dydaktyczny);</li>
<li>od 15.30 (odwołane V, VI i VII bloki dydaktyczne).</li>
</ul>
<p>Usprawiedliwienia nieobecności na zajęciach będą wydawane studentom uczestniczącym we wtorkowym (23 bm.) korowodzie przez przewodniczącego <a href="https://www.samorzad.us.edu.pl/">Samorządu</a>.</p>
<p><a class="mtli_attachment mtli_pdf mtli_attachment mtli_pdf mtli_attachment mtli_pdf" href="https://us.edu.pl/student/wp-content/uploads/sites/3/dokumenty/Samorzad-Studencki/202305100719.pdf" data-mtli="mtli_filesize217,58kB"> Komunikat z dn. 9 maja 2023 r.</a></p>
</div>
                    </div>
                </div>[/vc_column][/vc_row]</p>
