{"id":184085,"date":"2024-12-17T14:47:03","date_gmt":"2024-12-17T13:47:03","guid":{"rendered":"https:\/\/us.edu.pl\/wydzial\/wnst\/?post_type=komunikaty&#038;p=184085"},"modified":"2024-12-18T09:38:56","modified_gmt":"2024-12-18T08:38:56","slug":"praca-biura-organizacyjnego-i-dziekanatu-w-okresie-swiateczno-nworocznym","status":"publish","type":"komunikaty","link":"https:\/\/us.edu.pl\/wydzial\/wnst\/komunikaty\/praca-biura-organizacyjnego-i-dziekanatu-w-okresie-swiateczno-nworocznym\/","title":{"rendered":"Praca Biura Organizacyjnego i Dziekanatu w okresie \u015bwi\u0105teczno-noworocznym"},"content":{"rendered":"<p>[vc_row][vc_column width=&#8221;2\/3&#8243;]\r\n                <div class=\"text-modules\">\r\n                    <div class=\"container\">\r\n                        \r\n                        <div class=\"text-modules__content\"><p>W dniach 24 i 27 grudnia br. Biura Organizacyjne i Dziekanaty w Katowicach, w Sosnowcu i w Chorzowie b\u0119d\u0105 nieczynne.<\/p>\n<p>W pozosta\u0142e dni, ze wzgl\u0119du na urlopy pracownik\u00f3w, prosimy o wcze\u015bniejszy kontakt przed wizyt\u0105 w Dziekanacie. Napisz do nas email: <a title=\"napisz do dziekanatu, link otwiera si\u0119 w nowym oknie\" href=\"mailto:dziekanat.wnst@us.edu.pl\" target=\"_blank\" rel=\"noopener\">dziekanat.wnst@us.edu.pl<\/a><\/p>\n<p>\u017byczymy spokojnych i radosnych \u015awi\u0105t oraz pomy\u015blno\u015bci w Nowym Roku.<\/p>\n<\/div>\r\n                    <\/div>\r\n                <\/div>[\/vc_column][vc_column width=&#8221;1\/3&#8243;][vc_single_image image=&#8221;18524&#8243; img_size=&#8221;large&#8221; style=&#8221;vc_box_rounded&#8221;][\/vc_column][\/vc_row]<\/p>","protected":false},"excerpt":{"rendered":"<p>[vc_row][vc_column width=&#8221;2\/3&#8243;][\/vc_column][vc_column width=&#8221;1\/3&#8243;][vc_single_image image=&#8221;18524&#8243; img_size=&#8221;large&#8221; style=&#8221;vc_box_rounded&#8221;][\/vc_column][\/vc_row] [&#8230;]<\/p>\n<p><a class=\"btn btn-secondary understrap-read-more-link\" href=\"https:\/\/us.edu.pl\/wydzial\/wnst\/komunikaty\/praca-biura-organizacyjnego-i-dziekanatu-w-okresie-swiateczno-nworocznym\/\">Read More&#8230;<\/a><\/p>\n","protected":false},"author":92,"featured_media":0,"template":"","meta":{"_expiration-date-status":"","_expiration-date":0,"_expiration-date-type":"","_expiration-date-categories":[],"_expiration-date-options":[]},"acf":[],"_links":{"self":[{"href":"https:\/\/us.edu.pl\/wydzial\/wnst\/wp-json\/wp\/v2\/komunikaty\/184085"}],"collection":[{"href":"https:\/\/us.edu.pl\/wydzial\/wnst\/wp-json\/wp\/v2\/komunikaty"}],"about":[{"href":"https:\/\/us.edu.pl\/wydzial\/wnst\/wp-json\/wp\/v2\/types\/komunikaty"}],"author":[{"embeddable":true,"href":"https:\/\/us.edu.pl\/wydzial\/wnst\/wp-json\/wp\/v2\/users\/92"}],"version-history":[{"count":5,"href":"https:\/\/us.edu.pl\/wydzial\/wnst\/wp-json\/wp\/v2\/komunikaty\/184085\/revisions"}],"predecessor-version":[{"id":184145,"href":"https:\/\/us.edu.pl\/wydzial\/wnst\/wp-json\/wp\/v2\/komunikaty\/184085\/revisions\/184145"}],"wp:attachment":[{"href":"https:\/\/us.edu.pl\/wydzial\/wnst\/wp-json\/wp\/v2\/media?parent=184085"}],"curies":[{"name":"wp","href":"https:\/\/api.w.org\/{rel}","templated":true}]}}

Praca Biura Organizacyjnego i Dziekanatu w okresie świąteczno-noworocznym

<p>[vc_row][vc_column width=&#8221;2/3&#8243;]
                <div class="text-modules">
                    <div class="container">
                        
                        <div class="text-modules__content"><p>W dniach 24 i 27 grudnia br. Biura Organizacyjne i Dziekanaty w Katowicach, w Sosnowcu i w Chorzowie będą nieczynne.</p>
<p>W pozostałe dni, ze względu na urlopy pracowników, prosimy o wcześniejszy kontakt przed wizytą w Dziekanacie. Napisz do nas email: <a title="napisz do dziekanatu, link otwiera się w nowym oknie" href="mailto:dziekanat.wnst@us.edu.pl" target="_blank" rel="noopener">dziekanat.wnst@us.edu.pl</a></p>
<p>Życzymy spokojnych i radosnych Świąt oraz pomyślności w Nowym Roku.</p>
</div>
                    </div>
                </div>[/vc_column][vc_column width=&#8221;1/3&#8243;][vc_single_image image=&#8221;18524&#8243; img_size=&#8221;large&#8221; style=&#8221;vc_box_rounded&#8221;][/vc_column][/vc_row]</p>
