{"id":205170,"date":"2026-04-28T14:30:17","date_gmt":"2026-04-28T12:30:17","guid":{"rendered":"https:\/\/us.edu.pl\/wydzial\/wnst\/?post_type=komunikaty&#038;p=205170"},"modified":"2026-04-28T17:05:39","modified_gmt":"2026-04-28T15:05:39","slug":"godziny-dziekanskie-30-kwietnia-2026-r","status":"publish","type":"komunikaty","link":"https:\/\/us.edu.pl\/wydzial\/wnst\/komunikaty\/godziny-dziekanskie-30-kwietnia-2026-r\/","title":{"rendered":"Godziny dzieka\u0144skie 30 kwietnia 2026 r."},"content":{"rendered":"<p>[vc_row][vc_column width=&#8221;2\/3&#8243;]\r\n                <div class=\"text-modules\">\r\n                    <div class=\"container\">\r\n                        \r\n                        <div class=\"text-modules__content\"><p>Na wniosek Wydzia\u0142owej Rady Samorz\u0105du Studenckiego Dziekan WNST dr hab. Seweryn Kowalski, prof. U\u015a og\u0142asza dzie\u0144 <b>30 kwietnia 2026 r.<\/b> (czwartek) dniem wolnym od zaj\u0119\u0107 dydaktycznych.<\/p>\n<\/div>\r\n                    <\/div>\r\n                <\/div>[\/vc_column][vc_column width=&#8221;1\/3&#8243;][vc_single_image image=&#8221;18524&#8243; img_size=&#8221;large&#8221;][\/vc_column][\/vc_row]<\/p>","protected":false},"excerpt":{"rendered":"<p>[vc_row][vc_column width=&#8221;2\/3&#8243;][\/vc_column][vc_column width=&#8221;1\/3&#8243;][vc_single_image image=&#8221;18524&#8243; img_size=&#8221;large&#8221;][\/vc_column][\/vc_row] [&#8230;]<\/p>\n<p><a class=\"btn btn-secondary understrap-read-more-link\" href=\"https:\/\/us.edu.pl\/wydzial\/wnst\/komunikaty\/godziny-dziekanskie-30-kwietnia-2026-r\/\">Read More&#8230;<\/a><\/p>\n","protected":false},"author":3553,"featured_media":0,"template":"","meta":{"_expiration-date-status":"","_expiration-date":0,"_expiration-date-type":"","_expiration-date-categories":[],"_expiration-date-options":[]},"acf":[],"_links":{"self":[{"href":"https:\/\/us.edu.pl\/wydzial\/wnst\/wp-json\/wp\/v2\/komunikaty\/205170"}],"collection":[{"href":"https:\/\/us.edu.pl\/wydzial\/wnst\/wp-json\/wp\/v2\/komunikaty"}],"about":[{"href":"https:\/\/us.edu.pl\/wydzial\/wnst\/wp-json\/wp\/v2\/types\/komunikaty"}],"author":[{"embeddable":true,"href":"https:\/\/us.edu.pl\/wydzial\/wnst\/wp-json\/wp\/v2\/users\/3553"}],"version-history":[{"count":1,"href":"https:\/\/us.edu.pl\/wydzial\/wnst\/wp-json\/wp\/v2\/komunikaty\/205170\/revisions"}],"predecessor-version":[{"id":205171,"href":"https:\/\/us.edu.pl\/wydzial\/wnst\/wp-json\/wp\/v2\/komunikaty\/205170\/revisions\/205171"}],"wp:attachment":[{"href":"https:\/\/us.edu.pl\/wydzial\/wnst\/wp-json\/wp\/v2\/media?parent=205170"}],"curies":[{"name":"wp","href":"https:\/\/api.w.org\/{rel}","templated":true}]}}

Godziny dziekańskie 30 kwietnia 2026 r.

<p>[vc_row][vc_column width=&#8221;2/3&#8243;]
                <div class="text-modules">
                    <div class="container">
                        
                        <div class="text-modules__content"><p>Na wniosek Wydziałowej Rady Samorządu Studenckiego Dziekan WNST dr hab. Seweryn Kowalski, prof. UŚ ogłasza dzień <b>30 kwietnia 2026 r.</b> (czwartek) dniem wolnym od zajęć dydaktycznych.</p>
</div>
                    </div>
                </div>[/vc_column][vc_column width=&#8221;1/3&#8243;][vc_single_image image=&#8221;18524&#8243; img_size=&#8221;large&#8221;][/vc_column][/vc_row]</p>
