{"id":9160,"date":"2021-02-15T08:01:07","date_gmt":"2021-02-15T07:01:07","guid":{"rendered":"https:\/\/us.edu.pl\/wydzial\/wnst\/?post_type=komunikaty&#038;p=9160"},"modified":"2021-02-15T08:01:07","modified_gmt":"2021-02-15T07:01:07","slug":"nowy-wykaz-czasopism-naukowych-mein","status":"publish","type":"komunikaty","link":"https:\/\/us.edu.pl\/wydzial\/wnst\/komunikaty\/nowy-wykaz-czasopism-naukowych-mein\/","title":{"rendered":"Nowy wykaz czasopism naukowych MEiN"},"content":{"rendered":"<p>[vc_row][vc_column width=&#8221;2\/3&#8243;]\r\n                <div class=\"text-modules\">\r\n                    <div class=\"container\">\r\n                        \r\n                        <div class=\"text-modules__content\"><p>Uprzejmie informujemy, i\u017c 9\/02\/2021 r. na stronie Ministerstwa Edukacji i Nauki ukaza\u0142 si\u0119 komunikat Ministra w sprawie publikacji nowego, rozszerzonego wykazu punktowanych czasopism naukowych i recenzowanych materia\u0142\u00f3w z konferencji mi\u0119dzynarodowych.<br \/>\nTre\u015b\u0107 komunikatu oraz za\u0142\u0105cznik z nowym wykazem dla wszystkich dyscyplin naukowych zamieszczone s\u0105 na stronie <a href=\"https:\/\/www.gov.pl\/web\/edukacja-i-nauka\/nowy-rozszerzony-wykaz-czasopism-naukowych-i-recenzowanych-materialow-z-konferencji-miedzynarodowych?fbclid=IwAR0JcExfogbaZO5Bid0HDUFHDYIZiEA2b9yz2gNLol5dO-odCJro3_l_Z2Q\">Ministerstwa Edukacji Nauki<\/a>.<\/p>\n<p>\n<\/div>\r\n                    <\/div>\r\n                <\/div>[\/vc_column][vc_column width=&#8221;1\/3&#8243;][\/vc_column][\/vc_row]<\/p>","protected":false},"excerpt":{"rendered":"<p>[vc_row][vc_column width=&#8221;2\/3&#8243;][\/vc_column][vc_column width=&#8221;1\/3&#8243;][\/vc_column][\/vc_row] [&#8230;]<\/p>\n<p><a class=\"btn btn-secondary understrap-read-more-link\" href=\"https:\/\/us.edu.pl\/wydzial\/wnst\/komunikaty\/nowy-wykaz-czasopism-naukowych-mein\/\">Read More&#8230;<\/a><\/p>\n","protected":false},"author":92,"featured_media":0,"template":"","meta":{"_expiration-date-status":"saved","_expiration-date":0,"_expiration-date-type":"","_expiration-date-categories":[],"_expiration-date-options":[]},"acf":[],"_links":{"self":[{"href":"https:\/\/us.edu.pl\/wydzial\/wnst\/wp-json\/wp\/v2\/komunikaty\/9160"}],"collection":[{"href":"https:\/\/us.edu.pl\/wydzial\/wnst\/wp-json\/wp\/v2\/komunikaty"}],"about":[{"href":"https:\/\/us.edu.pl\/wydzial\/wnst\/wp-json\/wp\/v2\/types\/komunikaty"}],"author":[{"embeddable":true,"href":"https:\/\/us.edu.pl\/wydzial\/wnst\/wp-json\/wp\/v2\/users\/92"}],"version-history":[{"count":1,"href":"https:\/\/us.edu.pl\/wydzial\/wnst\/wp-json\/wp\/v2\/komunikaty\/9160\/revisions"}],"predecessor-version":[{"id":9161,"href":"https:\/\/us.edu.pl\/wydzial\/wnst\/wp-json\/wp\/v2\/komunikaty\/9160\/revisions\/9161"}],"wp:attachment":[{"href":"https:\/\/us.edu.pl\/wydzial\/wnst\/wp-json\/wp\/v2\/media?parent=9160"}],"curies":[{"name":"wp","href":"https:\/\/api.w.org\/{rel}","templated":true}]}}

<p>[vc_row][vc_column width=&#8221;2/3&#8243;]
                <div class="text-modules">
                    <div class="container">
                        
                        <div class="text-modules__content"><p>Uprzejmie informujemy, iż 9/02/2021 r. na stronie Ministerstwa Edukacji i Nauki ukazał się komunikat Ministra w sprawie publikacji nowego, rozszerzonego wykazu punktowanych czasopism naukowych i recenzowanych materiałów z konferencji międzynarodowych.<br />
Treść komunikatu oraz załącznik z nowym wykazem dla wszystkich dyscyplin naukowych zamieszczone są na stronie <a href="https://www.gov.pl/web/edukacja-i-nauka/nowy-rozszerzony-wykaz-czasopism-naukowych-i-recenzowanych-materialow-z-konferencji-miedzynarodowych?fbclid=IwAR0JcExfogbaZO5Bid0HDUFHDYIZiEA2b9yz2gNLol5dO-odCJro3_l_Z2Q">Ministerstwa Edukacji Nauki</a>.</p>
<p>
</div>
                    </div>
                </div>[/vc_column][vc_column width=&#8221;1/3&#8243;][/vc_column][/vc_row]</p>
