{"id":13557,"date":"2021-06-04T18:06:30","date_gmt":"2021-06-04T16:06:30","guid":{"rendered":"https:\/\/us.edu.pl\/wydzial\/wnst\/?post_type=multimedia&#038;p=13557"},"modified":"2021-06-08T11:27:13","modified_gmt":"2021-06-08T09:27:13","slug":"festiwal-slowa-im-jerzego-pilcha-granatowe-gory","status":"publish","type":"multimedia","link":"https:\/\/us.edu.pl\/wydzial\/wnst\/multimedia\/festiwal-slowa-im-jerzego-pilcha-granatowe-gory\/","title":{"rendered":"Festiwal S\u0142owa im. Jerzego Pilcha \u201eGranatowe G\u00f3ry\u201d"},"content":{"rendered":"<p>[vc_row][vc_column]\r\n                <div class=\"text-modules\">\r\n                    <div class=\"container\">\r\n                        \r\n                        <div class=\"text-modules__content\"><p>W dniach 28-30 maja w Wi\u015ble odby\u0142 si\u0119 <strong>Festiwal S\u0142owa im. Jerzego Pilcha \u201cGranatowe G\u00f3ry\u201d<\/strong>. \u201e<strong>Od s\u0142owa do do\u015bwiadczenia<\/strong>\u201d to has\u0142o przewodnie strefy \u015al\u0105skiego Festiwalu Nauki KATOWICE \u2013 \u201e<strong>\u015aFNonTour<\/strong>\u201d, kt\u00f3re towarzyszy\u0142o, wraz z mobiln\u0105 stref\u0105 naukow\u0105, Festiwalowi. Strefa naukowa zosta\u0142a zorganizowana przez pracownik\u00f3w <a href=\"https:\/\/us.edu.pl\/instytut\/iim\">Instytutu In\u017cynierii Materia\u0142owej<\/a> Wydzia\u0142u Nauk \u015acis\u0142ych i Technicznych.<\/p>\n<p>Uczestnicy Festiwalu mogli wzi\u0105\u0107 udzia\u0142 w pokazach i warsztatach, kt\u00f3rych g\u0142\u00f3wnym celem by\u0142o zaprezentowanie r\u00f3\u017cnorodnych materia\u0142\u00f3w. Nasi naukowcy prezentowali wp\u0142yw budowy materia\u0142\u00f3w na ich w\u0142a\u015bciwo\u015bci i znaczenie, jakie to ma w praktyce. Zaprezentowali materia\u0142y inteligentne wykorzystywane w najr\u00f3\u017cniejszych dziedzinach \u017cycia, od kosmonautyki do przedmiot\u00f3w codziennego u\u017cytku. Cz\u0119\u015b\u0107 warsztat\u00f3w i pokaz\u00f3w: \u201d<em>\u017byj\u0105cy\u201d drut czyli materia\u0142y inteligentne<\/em>\u201d, \u201e<em>Jajko to czy z\u0105b?<\/em>\u201d, \u201e<em>Czary-Mary<\/em>\u201d, \u201e<em>Zr\u00f3b to sam<\/em>\u201d trwa\u0142a w trybie ci\u0105g\u0142ym przez ca\u0142y czas festiwalu i cieszy\u0142a si\u0119 du\u017cym zainteresowaniem zwiedzaj\u0105cych. <strong>\u015aFNonTour<\/strong> trwa\u0142 3 dni i by\u0142y to dni pe\u0142ne wra\u017ce\u0144.<\/p>\n<p>W Festiwalu udzia\u0142 wzi\u0119li pracownicy i doktoranci <a href=\"https:\/\/us.edu.pl\/instytut\/iim\">Instytutu In\u017cynierii Materia\u0142owej<\/a>: mgr in\u017c. Karsten Glowka , mgr in\u017c. Iza Matu\u0142a, , dr Magdalena Szklarska i mgr in\u017c. Pawe\u0142 \u015awiec. Opiekunem stoiska by\u0142a dr hab. Ma\u0142gorzata Karolus, prof. U\u015a.<\/p>\n<p>Zapraszamy do obejrzenia paru fotografii w relacji Pani Profesor Ma\u0142gorzaty Karolus.<\/p>\n<p><a href=\"https:\/\/us.edu.pl\/event\/festiwal-slowa-im-jerzego-pilcha-granatowe-gory\/\">Strona wydarzenia<\/a><\/p>\n<\/div>\r\n                    <\/div>\r\n                <\/div>[\/vc_column][\/vc_row]<\/p>","protected":false},"excerpt":{"rendered":"<p>[vc_row][vc_column][\/vc_column][\/vc_row] [&#8230;]<\/p>\n<p><a class=\"btn btn-secondary understrap-read-more-link\" href=\"https:\/\/us.edu.pl\/wydzial\/wnst\/multimedia\/festiwal-slowa-im-jerzego-pilcha-granatowe-gory\/\">Read More&#8230;<\/a><\/p>\n","protected":false},"author":92,"featured_media":13519,"template":"","meta":{"_expiration-date-status":"saved","_expiration-date":0,"_expiration-date-type":"","_expiration-date-categories":[],"_expiration-date-options":[]},"acf":[],"_links":{"self":[{"href":"https:\/\/us.edu.pl\/wydzial\/wnst\/wp-json\/wp\/v2\/multimedia\/13557"}],"collection":[{"href":"https:\/\/us.edu.pl\/wydzial\/wnst\/wp-json\/wp\/v2\/multimedia"}],"about":[{"href":"https:\/\/us.edu.pl\/wydzial\/wnst\/wp-json\/wp\/v2\/types\/multimedia"}],"author":[{"embeddable":true,"href":"https:\/\/us.edu.pl\/wydzial\/wnst\/wp-json\/wp\/v2\/users\/92"}],"version-history":[{"count":10,"href":"https:\/\/us.edu.pl\/wydzial\/wnst\/wp-json\/wp\/v2\/multimedia\/13557\/revisions"}],"predecessor-version":[{"id":13652,"href":"https:\/\/us.edu.pl\/wydzial\/wnst\/wp-json\/wp\/v2\/multimedia\/13557\/revisions\/13652"}],"wp:featuredmedia":[{"embeddable":true,"href":"https:\/\/us.edu.pl\/wydzial\/wnst\/wp-json\/wp\/v2\/media\/13519"}],"wp:attachment":[{"href":"https:\/\/us.edu.pl\/wydzial\/wnst\/wp-json\/wp\/v2\/media?parent=13557"}],"curies":[{"name":"wp","href":"https:\/\/api.w.org\/{rel}","templated":true}]}}

Festiwal Słowa im. Jerzego Pilcha „Granatowe Góry”

<p>[vc_row][vc_column]
                <div class="text-modules">
                    <div class="container">
                        
                        <div class="text-modules__content"><p>W dniach 28-30 maja w Wiśle odbył się <strong>Festiwal Słowa im. Jerzego Pilcha “Granatowe Góry”</strong>. „<strong>Od słowa do doświadczenia</strong>” to hasło przewodnie strefy Śląskiego Festiwalu Nauki KATOWICE – „<strong>ŚFNonTour</strong>”, które towarzyszyło, wraz z mobilną strefą naukową, Festiwalowi. Strefa naukowa została zorganizowana przez pracowników <a href="https://us.edu.pl/instytut/iim">Instytutu Inżynierii Materiałowej</a> Wydziału Nauk Ścisłych i Technicznych.</p>
<p>Uczestnicy Festiwalu mogli wziąć udział w pokazach i warsztatach, których głównym celem było zaprezentowanie różnorodnych materiałów. Nasi naukowcy prezentowali wpływ budowy materiałów na ich właściwości i znaczenie, jakie to ma w praktyce. Zaprezentowali materiały inteligentne wykorzystywane w najróżniejszych dziedzinach życia, od kosmonautyki do przedmiotów codziennego użytku. Część warsztatów i pokazów: ”<em>Żyjący” drut czyli materiały inteligentne</em>”, „<em>Jajko to czy ząb?</em>”, „<em>Czary-Mary</em>”, „<em>Zrób to sam</em>” trwała w trybie ciągłym przez cały czas festiwalu i cieszyła się dużym zainteresowaniem zwiedzających. <strong>ŚFNonTour</strong> trwał 3 dni i były to dni pełne wrażeń.</p>
<p>W Festiwalu udział wzięli pracownicy i doktoranci <a href="https://us.edu.pl/instytut/iim">Instytutu Inżynierii Materiałowej</a>: mgr inż. Karsten Glowka , mgr inż. Iza Matuła, , dr Magdalena Szklarska i mgr inż. Paweł Świec. Opiekunem stoiska była dr hab. Małgorzata Karolus, prof. UŚ.</p>
<p>Zapraszamy do obejrzenia paru fotografii w relacji Pani Profesor Małgorzaty Karolus.</p>
<p><a href="https://us.edu.pl/event/festiwal-slowa-im-jerzego-pilcha-granatowe-gory/">Strona wydarzenia</a></p>
</div>
                    </div>
                </div>[/vc_column][/vc_row]</p>
