{"id":10497,"date":"2021-03-31T13:04:39","date_gmt":"2021-03-31T11:04:39","guid":{"rendered":"https:\/\/us.edu.pl\/wydzial\/wnst\/?page_id=10497"},"modified":"2024-07-22T13:08:58","modified_gmt":"2024-07-22T11:08:58","slug":"biofizyka-ii-stopnia","status":"publish","type":"page","link":"https:\/\/us.edu.pl\/wydzial\/wnst\/studia\/kandydat\/oferta-dydaktyczna\/biofizyka\/biofizyka-ii-stopnia\/","title":{"rendered":"biofizyka"},"content":{"rendered":"<p>[vc_row el_class=&#8221;container&#8221;][vc_column]\r\n                <div class=\"text-modules reverse\">\r\n                    <div class=\"container\">\r\n                        <h3 class=\"section-title section-title_border-bottom\">Biofizyka - studia II stopnia<\/h3> \r\n                        <div class=\"row m-0\">\r\n                            <div class=\"text-modules__content\">\r\n                                Studia trwaj\u0105 4 semestry (2 lata), ko\u0144cz\u0105 si\u0119 zrealizowaniem pracy magisterskiej i uzyskaniem tytu\u0142u magistra biofizyki. Pierwsze dwa semestry studi\u00f3w s\u0105 wsp\u00f3lne dla wszystkich specjalno\u015bci. Pod koniec pierwszego semestru studenci dokonuj\u0105 wyboru jednej z trzech specjalno\u015bci: biofizyka lek\u00f3w, biofizyka molekularna, optometria.Podczas studi\u00f3w studenci pog\u0142\u0119biaj\u0105 wiedz\u0119 i umiej\u0119tno\u015bci w ramach tzw. przedmiot\u00f3w wsp\u00f3lnych: z zaawansowanej matematyki wy\u017cszej, matematycznych podstaw modelowania komputerowego, w tym pracowni modelowania komputerowego, biofizyki molekularnej. Uzyskuj\u0105 wiedz\u0119 z anatomii cz\u0142owieka, wp\u0142ywu zjawisk elektrycznych i magnetycznych na organizmy \u017cywe oraz naturalne i sztuczne \u017ar\u00f3d\u0142a promieniowania w \u015brodowisku cz\u0142owieka. Ma mo\u017cliwo\u015b\u0107 wys\u0142uchania wyk\u0142ad\u00f3w o najnowocze\u015bniejszych zastosowaniach nanomateria\u0142\u00f3w w biologii i medycynie czy o fizyce biomateria\u0142\u00f3w.<\/p>\n<p>Specjali\u015bci z zakresu <strong>biofizyki<\/strong> mog\u0105 podj\u0105\u0107 prac\u0119 w plac\u00f3wkach farmaceutycznych, instytutach naukowych, \u00a0 przedsi\u0119biorstwach zwi\u0105zanych z ochron\u0105 zdrowia oraz ochron\u0105 \u015brodowiska, a tak\u017ce w dziedzinach gospodarki zwi\u0105zanych z biotechnologi\u0105, okulistyk\u0105 czy optometri\u0105. Studia s\u0105 zorganizowane w nowoczesnym obiekcie:\u00a0<strong>\u015al\u0105skim Mi\u0119dzyuczelnianym Centrum Edukacji i Bada\u0144 Interdyscyplinarnych w Chorzowie<\/strong>. \r\n                                <div class=\"mt-3\"><a href=\"https:\/\/katalog.us.edu.pl\/catalog\/program\/view?id=12592\" class=\"link-button mr-3 \">O kierunku<\/a><\/div>\r\n                            <\/div>\r\n                            \r\n                            <div class=\"text-modules__img\"><img src=\"https:\/\/us.edu.pl\/wydzial\/wnst\/wp-content\/uploads\/sites\/18\/zdjecia-kierunki\/rekrutacja-21-22\/WNST_Biofizyka_II.png\" alt=\"img\"><\/div>\r\n                        <\/div>\r\n                    <\/div>\r\n                <\/div>[\/vc_column][\/vc_row]<\/p>","protected":false},"excerpt":{"rendered":"<p>[vc_row el_class=&#8221;container&#8221;][vc_column][\/vc_column][\/vc_row] [&#8230;]<\/p>\n<p><a class=\"btn btn-secondary understrap-read-more-link\" href=\"https:\/\/us.edu.pl\/wydzial\/wnst\/studia\/kandydat\/oferta-dydaktyczna\/biofizyka\/biofizyka-ii-stopnia\/\">Read More&#8230;<\/a><\/p>\n","protected":false},"author":2549,"featured_media":0,"parent":361,"menu_order":1,"comment_status":"closed","ping_status":"closed","template":"","meta":{"_expiration-date-status":"saved","_expiration-date":0,"_expiration-date-type":"","_expiration-date-categories":[],"_expiration-date-options":[]},"acf":[],"_links":{"self":[{"href":"https:\/\/us.edu.pl\/wydzial\/wnst\/wp-json\/wp\/v2\/pages\/10497"}],"collection":[{"href":"https:\/\/us.edu.pl\/wydzial\/wnst\/wp-json\/wp\/v2\/pages"}],"about":[{"href":"https:\/\/us.edu.pl\/wydzial\/wnst\/wp-json\/wp\/v2\/types\/page"}],"author":[{"embeddable":true,"href":"https:\/\/us.edu.pl\/wydzial\/wnst\/wp-json\/wp\/v2\/users\/2549"}],"replies":[{"embeddable":true,"href":"https:\/\/us.edu.pl\/wydzial\/wnst\/wp-json\/wp\/v2\/comments?post=10497"}],"version-history":[{"count":10,"href":"https:\/\/us.edu.pl\/wydzial\/wnst\/wp-json\/wp\/v2\/pages\/10497\/revisions"}],"predecessor-version":[{"id":176752,"href":"https:\/\/us.edu.pl\/wydzial\/wnst\/wp-json\/wp\/v2\/pages\/10497\/revisions\/176752"}],"up":[{"embeddable":true,"href":"https:\/\/us.edu.pl\/wydzial\/wnst\/wp-json\/wp\/v2\/pages\/361"}],"wp:attachment":[{"href":"https:\/\/us.edu.pl\/wydzial\/wnst\/wp-json\/wp\/v2\/media?parent=10497"}],"curies":[{"name":"wp","href":"https:\/\/api.w.org\/{rel}","templated":true}]}}