{"id":10499,"date":"2021-03-31T13:09:17","date_gmt":"2021-03-31T11:09:17","guid":{"rendered":"https:\/\/us.edu.pl\/wydzial\/wnst\/?page_id=10499"},"modified":"2022-05-11T12:08:38","modified_gmt":"2022-05-11T10:08:38","slug":"fizyka-ii","status":"publish","type":"page","link":"https:\/\/us.edu.pl\/wydzial\/wnst\/studia\/kandydat\/oferta-dydaktyczna\/fizyka\/fizyka-ii\/","title":{"rendered":"fizyka"},"content":{"rendered":"<p>[vc_row][vc_column]\r\n                <div class=\"text-modules reverse\">\r\n                    <div class=\"container\">\r\n                        <h3 class=\"section-title section-title_border-bottom\">Fizyka - studia II stopnia<\/h3> <h3 class=\"subtitle text-modules__subtitle\">Specjalno\u015b\u0107: Fizyka bada\u0144 podstawowych i fizyka stosowana<\/h3>\r\n                        <div class=\"row m-0\">\r\n                            <div class=\"text-modules__content\">\r\n                                <a id=\"s1\"><\/a>Studia oferuj\u0105 szeroki wyb\u00f3r przedmiot\u00f3w obejmuj\u0105cych wszystkie g\u0142\u00f3wne zagadnienia wsp\u00f3\u0142czesnej fizyki. Celem jest przygotowanie absolwent\u00f3w do r\u00f3\u017cnych form kariery zawodowej w\u202finstytutach badawczych, badawczo-rozwojowych i nowoczesnym przemy\u015ble, a tak\u017ce do kontynuacji kszta\u0142cenia w Szkole Doktorskiej.<\/p>\n<p>Program studi\u00f3w obejmuje niewielk\u0105 liczb\u0119 podstawowych przedmiot\u00f3w obowi\u0105zkowych oraz du\u017c\u0105 grup\u0119 modu\u0142\u00f3w dyplomowych, kt\u00f3rych wyb\u00f3r nale\u017cy do studenta i jego promotora. Oferta kurs\u00f3w, kt\u00f3re mog\u0105 by\u0107 wybierane w ramach modu\u0142\u00f3w dyplomowych, jest corocznie zatwierdzana przez Rad\u0119 Dydaktyczn\u0105. Modu\u0142y dyplomowe s\u0105 zorganizowane w dwa g\u0142\u00f3wne bloki: Diploma courses I i Diploma courses II, a tak\u017ce obejmuj\u0105 laboratoria i seminaria magisterskie oraz wyk\u0142ad specjalistyczny. Ka\u017cdy z\u202fblok\u00f3w Diploma courses to zbi\u00f3r modu\u0142\u00f3w do wyboru, \u0142\u0105cznie 120 h wyk\u0142ad\u00f3w i 120\u202fh dope\u0142niaj\u0105cych je zaj\u0119\u0107 typu konwersatoria lub laboratoria. Wyb\u00f3r modu\u0142\u00f3w dyplomowych jest motywowany tematyk\u0105 pracy magisterskiej. Zale\u017cnie od zainteresowa\u0144 studenta mo\u017cliwa jest silna specjalizacja lub dob\u00f3r zagadnie\u0144 z dosy\u0107 szerokiego zakresu tematycznego. Proponowane tematy kurs\u00f3w s\u0105 \u015bci\u015ble powi\u0105zane z\u202fdzia\u0142alno\u015bci\u0105 naukow\u0105 prowadzon\u0105 w Instytucie Fizyki w zakresie fizyki teoretycznej, fizyki atomowej i molekularnej, fizyki fazy skondensowanej, fizyki j\u0105drowej i cz\u0105stek elementarnych, astrofizyki i kosmologii. Dotycz\u0105 r\u00f3wnie\u017c zagadnie\u0144 na pograniczu tych ga\u0142\u0119zi fizyki oraz zastosowa\u0144 fizyki w r\u00f3\u017cnych dziedzinach. Istnieje mo\u017cliwo\u015b\u0107 poszerzenia oferty o modu\u0142y zaproponowane przez partnera zagranicznego.<\/p>\n<p><strong>Studia prowadzone s\u0105 w j\u0119zyku angielskim.<\/strong> \r\n                                <div class=\"mt-3\"><a href=\"https:\/\/katalog.us.edu.pl\/catalog\/program\/view?id=12596\" class=\"link-button mr-3 \">O kierunku<\/a><\/div>\r\n                            <\/div>\r\n                            \r\n                            <div class=\"text-modules__img\"><img src=\"https:\/\/us.edu.pl\/wydzial\/wnst\/wp-content\/uploads\/sites\/18\/zdjecia-kierunki\/rekrutacja-21-22\/WNST_Fizyka_II_fizyka-bada\u0144-podstawowych-i-fizyka-stosowana-1.png\" alt=\"img\"><\/div>\r\n                        <\/div>\r\n                    <\/div>\r\n                <\/div>\r\n                <div class=\"text-modules reverse\">\r\n                    <div class=\"container\">\r\n                         <h3 class=\"subtitle text-modules__subtitle\">Specjalno\u015b\u0107: nanofizyka i materia\u0142y mezoskopowe<\/h3>\r\n                        <div class=\"row m-0\">\r\n                            <div class=\"text-modules__content\">\r\n                                <a id=\"s2\"><\/a>Studia prowadzone od roku akademickiego 2007\/2008 wsp\u00f3lnie z Uniwersytetem Le Mans (Francja) trwaj\u0105 4 semestry. Ciesz\u0105 si\u0119 spor\u0105 popularno\u015bci\u0105 zar\u00f3wno w\u015br\u00f3d student\u00f3w francuskich jak i polskich. Studia polsko-francuskie realizowane s\u0105 na podstawie Umowy o Mi\u0119dzynarodowej Wsp\u00f3\u0142pracy Akademickiej w oparciu o wsp\u00f3lnie uzgodniony pomi\u0119dzy uczelniami partnerskimi program studi\u00f3w zako\u0144czony podw\u00f3jnym dyplomem: Magister Fizyki i Nanomateria\u0142\u00f3w (PNANO) \u2013 Uniwersytet w Le Mans oraz Magister Fizyki, specjalno\u015b\u0107: nanofizyka i materia\u0142y mezoskopowe \u2013 modelowanie i zastosowanie \u2013 Uniwersytet \u015al\u0105ski w Katowicach.<\/p>\n<p>W procesie dydaktycznym uczestniczy kadra dw\u00f3ch partnerskich uczelni, kt\u00f3ra prowadzi badania naukowe s\u0105 na \u015bwiatowym poziomie nad otrzymywaniem i charakteryzacj\u0105 w\u0142a\u015bciwo\u015bci fizycznych uk\u0142ad\u00f3w niskowymiarowych m.in. nanocz\u0105stek i nanokompozyt\u00f3w magnetycznych, cienkich warstw, nanomateria\u0142\u00f3w w\u0119glowych oraz innych obiekt\u00f3w o rozmiarach nano. Studenci studi\u00f3w magisterskich s\u0105 intensywnie w\u0142\u0105czani w prowadzone prace eksperymentalne oraz symulacje numeryczne obiekt\u00f3w niskowymiarowych a wyniki ich prac s\u0105 cz\u0119sto publikowane jako efekt wsp\u00f3\u0142pracy mi\u0119dzynarodowej Instytutu Fizyki U\u015a z Uniwerstetem w Le Mans.<\/p>\n<p>Warunkiem otrzymania podw\u00f3jnego dyplomu jest realizacja w semestrze IV modu\u0142u Praktyka (Internship) na uczelni partnerskiej w j\u0119zyku angielskim. W trakcie pobytu we Francji student prowadzi badania naukowe w ramach pracy magisterskiej w zakresie wybranego tematu z nanofizki pod kierunkiem opiekuna naukowego z Francji (Uniwersytet Le Mans) i Polski (Uniwersytet \u015al\u0105ski). Dodatkowo w semestrze II studenci maj\u0105 mo\u017cliwo\u015b\u0107 zaliczenia modu\u0142u Pracownia fizyczna (Lab internship) w j\u0119zyku angielskim na Uniwersytecie w Le Mans. W trakcie zaj\u0119\u0107 studenci poznaj\u0105 techniki badawcze nano- i mezomateria\u0142\u00f3w dost\u0119pne w obu partnerskich jednostkach.<\/p>\n<p>Praca magisterska przygotowywana jest przez student\u00f3w w j\u0119zyku angielskim. Podobnie jej obrona i egzamin magisterski przeprowadzane w tym samym j\u0119zyku przez wsp\u00f3ln\u0105 komisj\u0119 polsko-francusk\u0105. Wyjazdy zagraniczne student\u00f3w s\u0105 realizowane dzi\u0119ki finansowemu wsparciu m.in. Ambasady Francji w Polsce oraz funduszy europejskich (program Erasmus +).<\/p>\n<p>Absolwenci specjalno\u015bci Nanofizyka i materia\u0142y mezoskopowe \u2013 modelowanie i zastosowanie maj\u0105 mo\u017cliwo\u015b\u0107 kontynuacji bada\u0144 naukowych na studiach doktoranckich we wsp\u00f3\u0142pracy z uczelni\u0105 francusk\u0105, w tym tak\u017ce studiach w trybie co \u2013 tutelle. Dzi\u0119ki realizacji podw\u00f3jnego programu studi\u00f3w absolwenci uzyskuj\u0105 nie tylko niezb\u0119dne umiej\u0119tno\u015bci w dalszej karierze akademickiej, ale r\u00f3wnie\u017c s\u0105 dobrze przygotowani do pracy w innowacyjnych firmach o profilu nanotechnologicznym.<\/p>\n<div class=\"mt-3\"><a href=\"https:\/\/katalog.us.edu.pl\/catalog\/program\/view?id=12597\" class=\"link-button mr-3 \">O kierunku<\/a><\/div>\r\n                            <\/div>\r\n                            \r\n                            <div class=\"text-modules__img\"><img src=\"https:\/\/us.edu.pl\/wydzial\/wnst\/wp-content\/uploads\/sites\/18\/zdjecia-kierunki\/rekrutacja-21-22\/WNST_Fizyka_II_nanofizyka-i-materia\u0142y-mezoskopowe-modelowanie-i-zastosowanie-1.png\" alt=\"img\"><\/div>\r\n                        <\/div>\r\n                    <\/div>\r\n                <\/div>[\/vc_column][\/vc_row]<\/p>","protected":false},"excerpt":{"rendered":"<p>[vc_row][vc_column][\/vc_column][\/vc_row] [&#8230;]<\/p>\n<p><a class=\"btn btn-secondary understrap-read-more-link\" href=\"https:\/\/us.edu.pl\/wydzial\/wnst\/studia\/kandydat\/oferta-dydaktyczna\/fizyka\/fizyka-ii\/\">Read More&#8230;<\/a><\/p>\n","protected":false},"author":2549,"featured_media":0,"parent":353,"menu_order":4,"comment_status":"closed","ping_status":"closed","template":"","meta":{"_expiration-date-status":"saved","_expiration-date":0,"_expiration-date-type":"","_expiration-date-categories":[],"_expiration-date-options":[]},"acf":[],"_links":{"self":[{"href":"https:\/\/us.edu.pl\/wydzial\/wnst\/wp-json\/wp\/v2\/pages\/10499"}],"collection":[{"href":"https:\/\/us.edu.pl\/wydzial\/wnst\/wp-json\/wp\/v2\/pages"}],"about":[{"href":"https:\/\/us.edu.pl\/wydzial\/wnst\/wp-json\/wp\/v2\/types\/page"}],"author":[{"embeddable":true,"href":"https:\/\/us.edu.pl\/wydzial\/wnst\/wp-json\/wp\/v2\/users\/2549"}],"replies":[{"embeddable":true,"href":"https:\/\/us.edu.pl\/wydzial\/wnst\/wp-json\/wp\/v2\/comments?post=10499"}],"version-history":[{"count":10,"href":"https:\/\/us.edu.pl\/wydzial\/wnst\/wp-json\/wp\/v2\/pages\/10499\/revisions"}],"predecessor-version":[{"id":27545,"href":"https:\/\/us.edu.pl\/wydzial\/wnst\/wp-json\/wp\/v2\/pages\/10499\/revisions\/27545"}],"up":[{"embeddable":true,"href":"https:\/\/us.edu.pl\/wydzial\/wnst\/wp-json\/wp\/v2\/pages\/353"}],"wp:attachment":[{"href":"https:\/\/us.edu.pl\/wydzial\/wnst\/wp-json\/wp\/v2\/media?parent=10499"}],"curies":[{"name":"wp","href":"https:\/\/api.w.org\/{rel}","templated":true}]}}