{"id":10594,"date":"2021-03-31T20:14:08","date_gmt":"2021-03-31T18:14:08","guid":{"rendered":"https:\/\/us.edu.pl\/wydzial\/wnst\/?page_id=10594"},"modified":"2022-05-23T15:42:24","modified_gmt":"2022-05-23T13:42:24","slug":"inzynieria-biomedyczna-ii","status":"publish","type":"page","link":"https:\/\/us.edu.pl\/wydzial\/wnst\/studia\/kandydat\/oferta-dydaktyczna\/inzynieria-biomedyczna\/inzynieria-biomedyczna-ii\/","title":{"rendered":"in\u017cynieria biomedyczna"},"content":{"rendered":"<p>[vc_row][vc_column]\r\n                <div class=\"text-modules reverse\">\r\n                    <div class=\"container\">\r\n                        <h3 class=\"section-title section-title_border-bottom\">In\u017cynieria biomedyczna - studia II stopnia<\/h3> \r\n                        <div class=\"row m-0\">\r\n                            <div class=\"text-modules__content\">\r\n                                W ramach pierwszego semestru studi\u00f3w drugiego stopnia studenci maj\u0105 mo\u017cliwo\u015b\u0107 poznania zagadnie\u0144 modelowania w medycynie w tym: modelowania struktur i proces\u00f3w biomedycznych, metod badania biomateria\u0142\u00f3w i tkanek. Poznaj\u0105 r\u00f3wnie\u017c zagadnienia in\u017cynierii odwrotnej. Pod koniec pierwszego semestru studi\u00f3w studenci wybieraj\u0105 dalsz\u0105 \u015bcie\u017ck\u0119 kszta\u0142cenia realizowan\u0105 podczas dw\u00f3ch ostatnich semestr\u00f3w studi\u00f3w spo\u015br\u00f3d proponowanych specjalno\u015bci: <strong>modelowanie i symulacja system\u00f3w biomedycznych<\/strong> oraz <strong>obrazowanie i modelowanie materia\u0142\u00f3w do zastosowa\u0144 biomedycznych<\/strong>.<\/p>\n<p>Studia drugiego stopnia umo\u017cliwiaj\u0105 pog\u0142\u0119bienie i rozszerzenie wiedzy w zakresie in\u017cynierii biomedycznej oraz przygotowanie do studi\u00f3w III stopnia. Absolwent\u00f3w tego kierunku studi\u00f3w poszukuje si\u0119 w firmach produkuj\u0105cych sprz\u0119t i aparatur\u0119 medyczn\u0105, a tak\u017ce w szpitalach czy klinikach. Mo\u017cna podj\u0105\u0107 prac\u0119 w jednostkach badawczych i naukowych jak r\u00f3wnie\u017c w miejscach, gdzie sprzedaje si\u0119 aparatur\u0119 medyczn\u0105. W ramach studi\u00f3w studenci maj\u0105 mo\u017cliwo\u015b\u0107 poznania nie tylko podstaw elektronicznej aparatury medycznej i programowania, ale r\u00f3wnie\u017c biofizyki i biochemii, anatomii i fizjologii, technik obrazowania medycznego oraz implantologii. \r\n                                <div class=\"mt-3\"><a href=\"https:\/\/katalog.us.edu.pl\/catalog\/program\/view?id=12673\" class=\"link-button mr-3 \">O kierunku<\/a><\/div>\r\n                            <\/div>\r\n                            \r\n                            <div class=\"text-modules__img\"><img src=\"https:\/\/us.edu.pl\/wydzial\/wnst\/wp-content\/uploads\/sites\/18\/zdjecia-kierunki\/rekrutacja-21-22\/WNST_In\u017cynieria-biomedyczna_II.png\" alt=\"img\"><\/div>\r\n                        <\/div>\r\n                    <\/div>\r\n                <\/div>[\/vc_column][\/vc_row]<\/p>","protected":false},"excerpt":{"rendered":"<p>[vc_row][vc_column][\/vc_column][\/vc_row] [&#8230;]<\/p>\n<p><a class=\"btn btn-secondary understrap-read-more-link\" href=\"https:\/\/us.edu.pl\/wydzial\/wnst\/studia\/kandydat\/oferta-dydaktyczna\/inzynieria-biomedyczna\/inzynieria-biomedyczna-ii\/\">Read More&#8230;<\/a><\/p>\n","protected":false},"author":2549,"featured_media":0,"parent":345,"menu_order":8,"comment_status":"closed","ping_status":"closed","template":"","meta":{"_expiration-date-status":"saved","_expiration-date":0,"_expiration-date-type":"","_expiration-date-categories":[],"_expiration-date-options":[]},"acf":[],"_links":{"self":[{"href":"https:\/\/us.edu.pl\/wydzial\/wnst\/wp-json\/wp\/v2\/pages\/10594"}],"collection":[{"href":"https:\/\/us.edu.pl\/wydzial\/wnst\/wp-json\/wp\/v2\/pages"}],"about":[{"href":"https:\/\/us.edu.pl\/wydzial\/wnst\/wp-json\/wp\/v2\/types\/page"}],"author":[{"embeddable":true,"href":"https:\/\/us.edu.pl\/wydzial\/wnst\/wp-json\/wp\/v2\/users\/2549"}],"replies":[{"embeddable":true,"href":"https:\/\/us.edu.pl\/wydzial\/wnst\/wp-json\/wp\/v2\/comments?post=10594"}],"version-history":[{"count":6,"href":"https:\/\/us.edu.pl\/wydzial\/wnst\/wp-json\/wp\/v2\/pages\/10594\/revisions"}],"predecessor-version":[{"id":26571,"href":"https:\/\/us.edu.pl\/wydzial\/wnst\/wp-json\/wp\/v2\/pages\/10594\/revisions\/26571"}],"up":[{"embeddable":true,"href":"https:\/\/us.edu.pl\/wydzial\/wnst\/wp-json\/wp\/v2\/pages\/345"}],"wp:attachment":[{"href":"https:\/\/us.edu.pl\/wydzial\/wnst\/wp-json\/wp\/v2\/media?parent=10594"}],"curies":[{"name":"wp","href":"https:\/\/api.w.org\/{rel}","templated":true}]}}