{"id":13160,"date":"2021-05-31T09:59:22","date_gmt":"2021-05-31T07:59:22","guid":{"rendered":"https:\/\/us.edu.pl\/wydzial\/wnst\/?page_id=13160"},"modified":"2021-05-31T13:17:54","modified_gmt":"2021-05-31T11:17:54","slug":"cisco-networking-academy","status":"publish","type":"page","link":"https:\/\/us.edu.pl\/wydzial\/wnst\/cisco-networking-academy\/","title":{"rendered":"CISCO Networking Academy"},"content":{"rendered":"<p>[vc_row el_class=&#8221;container&#8221;][vc_column width=&#8221;2\/3&#8243;][vc_column_text css=&#8221;.vc_custom_1622455309600{padding-top: 2px !important;padding-right: 2px !important;padding-bottom: 2px !important;padding-left: 2px !important;background-position: center !important;background-repeat: no-repeat !important;background-size: cover !important;}&#8221;]<\/p>\n<h4 style=\"text-align: center\"><strong><span style=\"color: #002043\">Jeste\u015bmy Akademi\u0105 CISCO dzia\u0142aj\u0105c\u0105 w programie NetAcad pod nazw\u0105:<\/span><\/strong><br \/>\n<strong><span style=\"color: #002043\">Uniwersytet \u015al\u0105ski Wydzia\u0142 Nauk \u015acis\u0142ych i Technicznych<\/span><\/strong><br \/>\n<strong><span style=\"color: #002043\">Nasz identyfikator to:\u00a0Cisco Academy, ID 3050243.<\/span><\/strong><\/h4>\n<p>[\/vc_column_text][vc_column_text css=&#8221;.vc_custom_1622453123411{padding-top: 2px !important;padding-right: 2px !important;padding-bottom: 2px !important;padding-left: 2px !important;background-color: #ececec !important;border-radius: 2px !important;}&#8221;]<\/p>\n<h4><span style=\"color: #002043\">W naszej Akademii oferujemy nast\u0119puj\u0105ce kursy:<\/span><\/h4>\n<ul>\n<li>CCNAv7: Bridging<\/li>\n<li>CCNA Cybersecurity Operations<\/li>\n<li>CCNA R&amp;S: Connecting Networks<\/li>\n<li>CCNA R&amp;S: Introduction to Networks<\/li>\n<li>CCNA R&amp;S: Routing and Switching Essentials<\/li>\n<li>CCNA R&amp;S: Scaling Networks<\/li>\n<li>CCNAv7: Enterprise Networking, Security, and Automation<\/li>\n<li>CCNAv7: Introduction to Networks<\/li>\n<li>CCNAv7: Switching, Routing, and Wireless Essentials<\/li>\n<li>Cybersecurity Essentials<\/li>\n<li>Introduction to IoT<\/li>\n<li>Partner: NDG Linux Essentials<\/li>\n<li>Partner: NDG Linux Unhatched<\/li>\n<\/ul>\n<p>[\/vc_column_text][\/vc_column][vc_column width=&#8221;1\/3&#8243;][vc_column_text css=&#8221;.vc_custom_1622459816903{padding-top: 2px !important;padding-right: 2px !important;padding-bottom: 2px !important;padding-left: 2px !important;background-color: #ececec !important;background-position: center !important;background-repeat: no-repeat !important;background-size: contain !important;border-radius: 2px !important;}&#8221;]W ramach Akademii oferujemy mo\u017cliwo\u015b\u0107 uzyskania wiedzy teoretycznej i praktycznej z dziedziny projektowania, rozwoju i utrzymywania sieci komputerowych. Absolwenci kurs\u00f3w s\u0105 przygotowani do uzyskania certyfikatu zawodowego Cisco Certified Networking Associate (CCNA).<\/p>\n<p style=\"text-align: center\"><a href=\"https:\/\/us.edu.pl\/wydzial\/wnst\/wp-content\/uploads\/sites\/18\/Dokumenty-za\u0142\u0105czniki\/CISCO-Academy-years-10.pdf\" class=\"mtli_attachment mtli_pdf\" data-mtli=\"mtli_filesize485,38kB\">O Akademii<\/a><\/p>\n<p style=\"text-align: center\"><a href=\"https:\/\/us.edu.pl\/wydzial\/wnst\/wp-content\/uploads\/sites\/18\/Dokumenty-za%C5%82%C4%85czniki\/CISCO-Instructor-10-Years-of-Service.pdf\" class=\"mtli_attachment mtli_pdf\">dr in\u017c. Jaros\u0142aw Zygu\u0142a \u2013 koordynator Akademii<\/a><\/p>\n<p>[\/vc_column_text][vc_single_image image=&#8221;13098&#8243; img_size=&#8221;large&#8221; alignment=&#8221;center&#8221; style=&#8221;vc_box_circle&#8221; onclick=&#8221;custom_link&#8221; link=&#8221;https:\/\/www.netacad.com\/portal\/academy\/39403?academy_type=ca&#8221;][\/vc_column][\/vc_row][vc_row el_class=&#8221;container&#8221;][vc_column width=&#8221;1\/6&#8243;][\/vc_column][vc_column width=&#8221;1\/6&#8243;][vc_single_image image=&#8221;13199&#8243; img_size=&#8221;medium&#8221; alignment=&#8221;center&#8221; style=&#8221;vc_box_rounded&#8221; onclick=&#8221;img_link_large&#8221;][vc_single_image image=&#8221;13200&#8243; img_size=&#8221;medium&#8221; alignment=&#8221;center&#8221; style=&#8221;vc_box_rounded&#8221; onclick=&#8221;img_link_large&#8221;][vc_single_image image=&#8221;13201&#8243; img_size=&#8221;medium&#8221; alignment=&#8221;center&#8221; style=&#8221;vc_box_rounded&#8221; onclick=&#8221;img_link_large&#8221;][\/vc_column][vc_column width=&#8221;3\/6&#8243;][vc_column_text css=&#8221;.vc_custom_1622453636866{padding-top: 2px !important;padding-right: 2px !important;padding-bottom: 2px !important;padding-left: 2px !important;background-color: #ececec !important;border-radius: 4px !important;}&#8221;]Dla student\u00f3w kierunku informatyka prowadzimy kursy:<\/p>\n<p><strong>W ramach modu\u0142u systemy operacyjne:<\/strong><\/p>\n<ul>\n<li>partnerski kurs podstaw systemu Linux \u2013 NDG Linux Essentials<\/li>\n<\/ul>\n<p><strong>W ramach modu\u0142u sieci komputerowe i teletransmisja danych:<\/strong><\/p>\n<ul>\n<li>pierwszy semestr kursu CCNAv7 (Cisco Certified Network Associate): Introduction to Networks.<br \/>\nW ramach tego kursu studenci maj\u0105 bezp\u0142atny dost\u0119p online do materia\u0142\u00f3w szkoleniowych prezentuj\u0105cych podstawy budowy sieci LAN i WAN. Kurs sk\u0142ada si\u0119 z siedemnastu jednostek \u2013 modu\u0142\u00f3w. Materia\u0142y dost\u0119pne s\u0105 w kilku j\u0119zykach w tym od 2020 r. r\u00f3wnie\u017c w j\u0119zyku polskim. Opr\u00f3cz prezentowanych tre\u015bci multimedialnych, dost\u0119pne s\u0105 dla student\u00f3w nieoceniane testy sprawdzaj\u0105ce ich samokszta\u0142cenie.<\/li>\n<\/ul>\n<p>Po ka\u017cdej serii 2-3 modu\u0142\u00f3w studenci online zdaj\u0105 test sk\u0142adaj\u0105cy si\u0119 w ok 20 pyta\u0144 i s\u0105 automatycznie oceniani.<\/p>\n<p>Zaj\u0119cia laboratoryjne prowadzone s\u0105 w grupach 12 do 16 os\u00f3b w laboratorium Netacad CISCO. Do dyspozycji student\u00f3w s\u0105 dwie sale wyposa\u017cone ka\u017cda w 3 routery C 2801 z kartami interfejs\u00f3w szeregowych WAN i 3 switche zarz\u0105dzalne Catalyst 2960. Stanowiska komputerowe s\u0105 zale\u017cno\u015bci od potrzeb hostami lub terminalami do konfigurowania sieci. Urz\u0105dzenia po\u015brednicz\u0105ce i ko\u0144cowe pod\u0142\u0105czone s\u0105 do patch panelu za pomoc\u0105 kt\u00f3rego mo\u017cna budowa\u0107 dowolne topologie fizyczne sieci lokalnych i \u0142\u0105czy\u0107 je ze sob\u0105 przy u\u017cyciu interfejs\u00f3w WAN. Sprz\u0119t z obu sal umo\u017cliwia zbudowanie jednej wsp\u00f3lnej sieci.<\/p>\n<p>W ramach Akademii Netacad studenci maja te\u017c dost\u0119p do symulatora sieci CISCO Packet Tracer. Przy u\u017cyciu tego narz\u0119dzia \u0107wicz\u0105 polecenia konfiguracyjne systemu CLI IOS oraz tworz\u0105 i testuj\u0105 indywidualne projekty sieci.<\/p>\n<p>Na zako\u0144czenie semestru zdawany jest online egzamin ko\u0144cowy. Po uzyskaniu kwalifikuj\u0105cej liczby punkt\u00f3w student mo\u017ce wydrukowa\u0107 ze swojego konta Akademii certyfikat uko\u0144czenia pierwszego semestru kursu CCNAv7.<\/p>\n<p><strong>W ramach modu\u0142u sieci bezprzewodowe (na wybranych specjalno\u015bciach):<\/strong><\/p>\n<ul>\n<li>drugi semestr kursu CCNAv7: Switching, Routing, and Wireless Essentials,<\/li>\n<\/ul>\n<p><strong>W ramach modu\u0142u projektowanie sieci komputerowych (na wybranych specjalno\u015bciach):<\/strong><\/p>\n<ul>\n<li>trzeci (ostatni) semestr kursu CCNAv7: Switching, Routing, and Wireless Essentials.<\/li>\n<\/ul>\n<p>Po zaliczeniu ostatniego semestru student mo\u017ce przest\u0105pi\u0107 indywidualnie do zdobycia uznawanego na ca\u0142ym \u015bwiecie certyfikatu (200-301)<\/p>\n<p><strong>W ramach Akademii studentom udost\u0119pniane s\u0105 te\u017c kursy:<\/strong><\/p>\n<ul>\n<li>Introduction to the Internet of Everything,<\/li>\n<li>Introduction to the Cybersecurity.<\/li>\n<\/ul>\n<p>[\/vc_column_text][\/vc_column][vc_column width=&#8221;1\/6&#8243;][\/vc_column][\/vc_row]<\/p>\n<style type=\"text\/css\">a[data-mtli~=\"mtli_filesize485,38kB\"]:after {content:\" (485,38 kB)\"}<\/style>","protected":false},"excerpt":{"rendered":"<p>[vc_row el_class=&#8221;container&#8221;][vc_column width=&#8221;2\/3&#8243;][vc_column_text css=&#8221;.vc_custom_1622455309600{padding-top: 2px !important;padding-right: 2px !important;padding-bottom: 2px !important;padding-left: 2px !important;background-position: center !important;background-repeat: no-repeat !important;background-size: cover !important;}&#8221;] Jeste\u015bmy Akademi\u0105 CISCO dzia\u0142aj\u0105c\u0105 w programie NetAcad pod nazw\u0105: Uniwersytet \u015al\u0105ski Wydzia\u0142 Nauk \u015acis\u0142ych i Technicznych Nasz identyfikator to:\u00a0Cisco Academy, ID 3050243. [\/vc_column_text][vc_column_text css=&#8221;.vc_custom_1622453123411{padding-top: 2px !important;padding-right: 2px !important;padding-bottom: 2px !important;padding-left: 2px !important;background-color: #ececec !important;border-radius: 2px !important;}&#8221;] W [&#8230;]<\/p>\n<p><a class=\"btn btn-secondary understrap-read-more-link\" href=\"https:\/\/us.edu.pl\/wydzial\/wnst\/cisco-networking-academy\/\">Read More&#8230;<\/a><\/p>\n","protected":false},"author":92,"featured_media":0,"parent":0,"menu_order":0,"comment_status":"closed","ping_status":"closed","template":"","meta":{"_expiration-date-status":"saved","_expiration-date":0,"_expiration-date-type":"","_expiration-date-categories":[],"_expiration-date-options":[]},"acf":[],"_links":{"self":[{"href":"https:\/\/us.edu.pl\/wydzial\/wnst\/wp-json\/wp\/v2\/pages\/13160"}],"collection":[{"href":"https:\/\/us.edu.pl\/wydzial\/wnst\/wp-json\/wp\/v2\/pages"}],"about":[{"href":"https:\/\/us.edu.pl\/wydzial\/wnst\/wp-json\/wp\/v2\/types\/page"}],"author":[{"embeddable":true,"href":"https:\/\/us.edu.pl\/wydzial\/wnst\/wp-json\/wp\/v2\/users\/92"}],"replies":[{"embeddable":true,"href":"https:\/\/us.edu.pl\/wydzial\/wnst\/wp-json\/wp\/v2\/comments?post=13160"}],"version-history":[{"count":35,"href":"https:\/\/us.edu.pl\/wydzial\/wnst\/wp-json\/wp\/v2\/pages\/13160\/revisions"}],"predecessor-version":[{"id":13223,"href":"https:\/\/us.edu.pl\/wydzial\/wnst\/wp-json\/wp\/v2\/pages\/13160\/revisions\/13223"}],"wp:attachment":[{"href":"https:\/\/us.edu.pl\/wydzial\/wnst\/wp-json\/wp\/v2\/media?parent=13160"}],"curies":[{"name":"wp","href":"https:\/\/api.w.org\/{rel}","templated":true}]}}