{"id":164950,"date":"2023-03-23T22:32:10","date_gmt":"2023-03-23T21:32:10","guid":{"rendered":"https:\/\/us.edu.pl\/wydzial\/wnst\/?page_id=164950"},"modified":"2024-07-31T19:45:48","modified_gmt":"2024-07-31T17:45:48","slug":"z-nauka-za-pan-brat","status":"publish","type":"page","link":"https:\/\/us.edu.pl\/wydzial\/wnst\/wspolpraca\/szkoly\/z-nauka-za-pan-brat\/","title":{"rendered":"Z nauk\u0105 za pan brat"},"content":{"rendered":"<p>[vc_row][vc_column width=&#8221;1\/4&#8243;][vc_single_image image=&#8221;165053&#8243;][\/vc_column][vc_column width=&#8221;1\/4&#8243;][vc_single_image image=&#8221;165029&#8243; img_size=&#8221;&#8221;][\/vc_column][vc_column width=&#8221;1\/4&#8243;][vc_single_image image=&#8221;164962&#8243;][\/vc_column][vc_column width=&#8221;1\/4&#8243;][vc_single_image image=&#8221;18786&#8243; alignment=&#8221;center&#8221;][\/vc_column][\/vc_row][vc_row][vc_column]<div class=\"container\"><div class=\"separator\" style=\"background-color: #002E5A\"><\/div><\/div>[\/vc_column][\/vc_row][vc_row][vc_column]\r\n                <div class=\"text-modules\">\r\n                    <div class=\"container\">\r\n                        <h3 class=\"page-title text__title\">Z nauk\u0105 za pan brat<\/h3>\r\n                        <div class=\"text-modules__content\"><p><b><span data-contrast=\"none\">Opis:<\/span><\/b><span data-ccp-props=\"{&quot;134233117&quot;:true,&quot;134233118&quot;:true,&quot;201341983&quot;:0,&quot;335551550&quot;:6,&quot;335551620&quot;:6,&quot;335559740&quot;:276}\">\u00a0<\/span><\/p>\n<p>Otaczaj\u0105cy nas \u015bwiat zmienia si\u0119 nieustaj\u0105co na naszych oczach. Szybki post\u0119p technologiczny wymusza ci\u0105g\u0142\u0105 potrzeb\u0119 adaptacji do nowych warunk\u00f3w a mnogo\u015b\u0107 i r\u00f3\u017cnorodno\u015b\u0107 \u017ar\u00f3de\u0142 informacji znacznie utrudnia weryfikacj\u0119 jej poprawno\u015bci. Wszystko to sprawia \u017ce wiedza odgrywa coraz wi\u0119ksz\u0105 rol\u0119 w \u017cyciu codziennym. We wsp\u00f3\u0142czesnym spo\u0142ecze\u0144stwie wiedzy rola uczelni wykracza poza kszta\u0142cenie i dzia\u0142alno\u015b\u0107 naukowo- badawcz\u0105, lecz obejmuje r\u00f3wnie\u017c kszta\u0142towanie nowych idei, kreowanie wzajemnych relacji z otoczeniem, kt\u00f3rych efektem maj\u0105 by\u0107 upowszechnianie i popularyzacja nauki. Szko\u0142y wy\u017csze, dzia\u0142aj\u0105c zgodnie z ide\u0105 spo\u0142ecznej odpowiedzialno\u015bci uczelni, powinny d\u0105\u017cy\u0107 do budowania efektywnej wsp\u00f3\u0142pracy ze spo\u0142ecze\u0144stwem. Efektem tych dzia\u0142a\u0144 b\u0119dzie wzrost jako\u015bci edukacji, pozyskanie kapita\u0142u ludzkiego dla rozwoju bada\u0144 i innowacji oraz \u0142\u0105czenie doskona\u0142o\u015bci naukowej ze \u015bwiadomo\u015bci\u0105 spo\u0142eczn\u0105 i odpowiedzialno\u015bci\u0105.<\/p>\n<p>W niniejszym projekcie g\u0142\u00f3wny nacisk po\u0142o\u017cony zostanie w\u0142a\u015bnie na kszta\u0142towanie postaw pronaukowych, dzi\u0119ki temu nauka stanie si\u0119 bardziej atrakcyjna (zw\u0142aszcza dla m\u0142odych ludzi), zwi\u0119kszy si\u0119 zainteresowanie spo\u0142ecze\u0144stwa innowacjami, co w efekcie przyczyni si\u0119 do zmian postaw spo\u0142ecznych w kontek\u015bcie postrzegania kariery naukowej.<\/p>\n<p>Projekt \u201eZ Nauk\u0105 za pan brat\u201d wpisuje si\u0119 w podstawowe za\u0142o\u017cenia spo\u0142ecznej odpowiedzialno\u015bci nauki, poprzez skupienie dzia\u0142a\u0144 o charakterze popularnonaukowym, skierowanym do otoczenia spo\u0142ecznego uczelni, w szczeg\u00f3lno\u015bci do grup docelowych obejmuj\u0105cych m\u0142odzie\u017c szkoln\u0105.<\/p>\n<p>Efekty d\u0142ugofalowe obejmuj\u0105: wzrost poziomu i efektywno\u015bci kszta\u0142cenia przedmiot\u00f3w STEM w szko\u0142ach podstawowych i ponadpodstawowych regionu i kraju; zwi\u0119kszenie udzia\u0142u nauki w \u015bwiadomo\u015bci spo\u0142ecznej; wzrost popularno\u015bci i atrakcyjno\u015bci kierunk\u00f3w studi\u00f3w \u015bcis\u0142ych, technicznych i przyrodniczych w\u015br\u00f3d uczni\u00f3w szk\u00f3\u0142 podstawowych i ponadpodstawowych; rozw\u00f3j kultury innowacyjno\u015bci regionu i kraju; wzrost poziomu wykszta\u0142cenia mieszka\u0144c\u00f3w regionu i kraju; wzrost poziomu identyfikacji Uniwersytetu \u015al\u0105skiego jako instytucji badawczej; zmiana stereotypowego postrzegania kariery naukowca.<\/p>\n<p>Warto\u015b\u0107 dodana projektu: rozw\u00f3j w\u015br\u00f3d uczestnik\u00f3w umiej\u0119tno\u015bci uczenia si\u0119, zadawania pyta\u0144 i dociekania odpowiedzi, rozw\u00f3j kompetencji fizyczno-matematycznych, przyrodniczych i spo\u0142eczno-obywatelskich u dzieci i m\u0142odzie\u017cy, rozw\u00f3j kompetencji organizacyjnych i przyw\u00f3dczych oraz przekazywania wiedzy i umiej\u0119tno\u015bci nauczycieli bior\u0105cych udzia\u0142 w projekcie, tworzenie okazji do nieformalnych i bliskich spotka\u0144 z naukowcami i popularyzatorami nauki.<\/p>\n<p><b><span data-contrast=\"none\">Cele\u00a0projektu:<\/span><\/b><span data-ccp-props=\"{&quot;134233117&quot;:true,&quot;134233118&quot;:true,&quot;201341983&quot;:0,&quot;335551550&quot;:6,&quot;335551620&quot;:6,&quot;335559740&quot;:240}\">\u00a0<\/span><\/p>\n<ol>\n<li>Popularyzacja szeroko rozumianej nauki w\u015br\u00f3d m\u0142odzie\u017cy: popularyzacja osi\u0105gni\u0119\u0107 naukowych, pracy naukowc\u00f3w, bada\u0144 naukowych i prac rozwojowych;<\/li>\n<li>Zapoznanie uczestnik\u00f3w projektu z nowoczesnymi metodami badawczymi wykorzystywanymi przez naukowc\u00f3w w r\u00f3\u017cnych dziedzinach bada\u0144;<\/li>\n<li>Zapoznanie uczestnik\u00f3w z aplikacjami nauki w \u017cyciu codziennym;<\/li>\n<li>Ukazanie w przyst\u0119pny spos\u00f3b przydatno\u015bci wiedzy naukowej podczas warsztat\u00f3w i wyk\u0142ad\u00f3w popularnonaukowych;<\/li>\n<li>Nabycie przez uczestnik\u00f3w umiej\u0119tno\u015bci rozumowania w naukach przyrodniczych (nauczanie przez eksperymentowanie i do\u015bwiadczanie).<\/li>\n<\/ol>\n<p><b><span data-contrast=\"none\">Termin realizacji:<\/span><\/b><span data-ccp-props=\"{&quot;134233117&quot;:true,&quot;134233118&quot;:true,&quot;201341983&quot;:0,&quot;335559740&quot;:240}\">\u00a0<\/span><\/p>\n<p><span data-contrast=\"none\">01.10.2022 &#8211; 30.09.2024<\/span><span data-ccp-props=\"{&quot;134233117&quot;:true,&quot;134233118&quot;:true,&quot;201341983&quot;:0,&quot;335559740&quot;:240}\">\u00a0<\/span><\/p>\n<p><b><span data-contrast=\"none\">Dofinansowanie projektu z Ministra Edukacji i Nauki<\/span><\/b><\/p>\n<p><span data-contrast=\"auto\">377 701,50 z\u0142<\/span><\/p>\n<p><span data-ccp-props=\"{&quot;134233117&quot;:true,&quot;134233118&quot;:true,&quot;201341983&quot;:0,&quot;335559740&quot;:276}\"><b>Ca\u0142kowita warto\u015b\u0107<\/b>\u00a0<\/span><\/p>\n<p><span data-contrast=\"auto\">424 386,50 z\u0142<\/span><\/p>\n<p><b><span data-contrast=\"none\">Kierownik projektu:<\/span><\/b><span data-ccp-props=\"{&quot;201341983&quot;:0,&quot;335559739&quot;:160,&quot;335559740&quot;:276}\">\u00a0<\/span><\/p>\n<ul>\n<li data-leveltext=\"\uf0b7\" data-font=\"Symbol\" data-listid=\"1\" aria-setsize=\"-1\" data-aria-posinset=\"1\" data-aria-level=\"1\">dr Aneta Szczygielska-\u0141aciak<\/li>\n<\/ul>\n<p><span data-contrast=\"none\"><strong>Koordynator ds. administracyjnych i sprawozdawczo\u015bci:<\/strong><\/span><\/p>\n<ul>\n<li><span data-contrast=\"none\">mgr Patrycja Wajda-Mierzwa<\/span><\/li>\n<\/ul>\n<p><b>Koordynatorzy<span data-contrast=\"none\">\u00a0zada\u0144:<\/span><\/b><span data-ccp-props=\"{&quot;201341983&quot;:0,&quot;335559739&quot;:160,&quot;335559740&quot;:276}\">\u00a0<\/span><\/p>\n<ul>\n<li>Zadanie 1 &#8211; Wyk\u0142ady interdyscyplinarne z pokazami eksperyment\u00f3w \u201eNauka wok\u00f3\u0142 nas\u201d &#8211; dr Aneta Szczygielska-\u0141aciak<\/li>\n<li>Zadanie 2 &#8211; Wyk\u0142ady popularnonaukowe &#8211; \u015br\u00f3droczne \u201eZ wizyt\u0105 u Naukowc\u00f3w\u201d &#8211; dr Magdalena Szklarska<\/li>\n<li>Zadanie 3 &#8211; Warsztaty dla uczni\u00f3w szk\u00f3\u0142 \u015brednich \u201eBli\u017cej nauki&#8221; &#8211; dr Marcin \u0141aciak<\/li>\n<li>Zadanie 4 &#8211; Tutoring \u201eZ Naukowcem r\u0119ka w r\u0119k\u0119\u201d &#8211; dr hab. Ma\u0142gorzata Karolus, prof. U\u015a<\/li>\n<\/ul>\n<p><a href=\"https:\/\/us.edu.pl\/wydzial\/wnst\/wp-content\/uploads\/sites\/18\/Szkoly\/Z-nauka-za-pan-brat\/plakat-informacyjny.pdf\" class=\"mtli_attachment mtli_pdf\" data-mtli=\"mtli_filesize735,58kB\" class=\"mtli_attachment mtli_pdf\" data-mtli=\"mtli_filesize735,58kB\"><b>Plakat informacyjny<\/b><\/a><\/p>\n<p><b><span data-contrast=\"none\">Akty prawne:<\/span><\/b><span data-ccp-props=\"{&quot;201341983&quot;:0,&quot;335559739&quot;:160,&quot;335559740&quot;:276}\">\u00a0<\/span><\/p>\n<ul>\n<li><a href=\"https:\/\/aktyprawne.us.edu.pl\/423-lista\/d\/6418\/5\/\">Zarz\u0105dzenie Rektora nr 84\/2023<\/a><\/li>\n<li><a href=\"https:\/\/aktyprawne.us.edu.pl\/423-lista\/d\/6742\/5\/\">Zarz\u0105dzenie Rektora nr 147\/2023<\/a><\/li>\n<li><a href=\"https:\/\/aktyprawne.us.edu.pl\/423-lista\/d\/6743\/5\/\">Zarz\u0105dzenie Rektora nr 148\/2023<\/a><\/li>\n<li><a href=\"https:\/\/us.edu.pl\/wydzial\/wnst\/wp-content\/uploads\/sites\/18\/Szkoly\/Z-nauka-za-pan-brat\/Oswiadczenie_-informacjaRODO.pdf\" class=\"mtli_attachment mtli_pdf\" data-mtli=\"mtli_filesize152,93kB\" class=\"mtli_attachment mtli_pdf\" data-mtli=\"mtli_filesize152,93kB\">O\u015bwiadczenie o zapoznaniu z regulaminem oraz klauzula RODO<\/a><\/li>\n<\/ul>\n<p>\n<style type=\"text\/css\">a[data-mtli~=\"mtli_filesize735,58kB\"]:after {content:\" (735,58 kB)\"}a[data-mtli~=\"mtli_filesize152,93kB\"]:after {content:\" (152,93 kB)\"}<\/style><\/div>\r\n                    <\/div>\r\n                <\/div>[\/vc_column][\/vc_row][vc_row][vc_column]<div class=\"container\"><div class=\"separator\" style=\"background-color: #002E5A\"><\/div><\/div>[\/vc_column][vc_column]\r\n                <div class=\"text-modules\">\r\n                    <div class=\"container\">\r\n                        \r\n                        <div class=\"text-modules__content\"><\/p>\n<p style=\"text-align: center;\">Projekt dofinansowano z programu \u201eSpo\u0142eczna Odpowiedzialno\u015b\u0107 Nauki\u201d Ministra Edukacji i Nauki.<\/p>\n<p>\n<\/div>\r\n                    <\/div>\r\n                <\/div>[\/vc_column][\/vc_row][vc_row][vc_column width=&#8221;1\/3&#8243;][\/vc_column][vc_column width=&#8221;1\/3&#8243;][vc_single_image image=&#8221;165066&#8243; img_size=&#8221;&#8221;][\/vc_column][vc_column width=&#8221;1\/3&#8243;][\/vc_column][\/vc_row]<\/p>\n<style type=\"text\/css\">a[data-mtli~=\"mtli_filesize735,58kB\"]:after {content:\" (735,58 kB)\"}a[data-mtli~=\"mtli_filesize152,93kB\"]:after {content:\" (152,93 kB)\"}<\/style>","protected":false},"excerpt":{"rendered":"<p>[vc_row][vc_column width=&#8221;1\/4&#8243;][vc_single_image image=&#8221;165053&#8243;][\/vc_column][vc_column width=&#8221;1\/4&#8243;][vc_single_image image=&#8221;165029&#8243; img_size=&#8221;&#8221;][\/vc_column][vc_column width=&#8221;1\/4&#8243;][vc_single_image image=&#8221;164962&#8243;][\/vc_column][vc_column width=&#8221;1\/4&#8243;][vc_single_image image=&#8221;18786&#8243; alignment=&#8221;center&#8221;][\/vc_column][\/vc_row][vc_row][vc_column][\/vc_column][\/vc_row][vc_row][vc_column][\/vc_column][\/vc_row][vc_row][vc_column][\/vc_column][vc_column][\/vc_column][\/vc_row][vc_row][vc_column width=&#8221;1\/3&#8243;][\/vc_column][vc_column width=&#8221;1\/3&#8243;][vc_single_image image=&#8221;165066&#8243; img_size=&#8221;&#8221;][\/vc_column][vc_column width=&#8221;1\/3&#8243;][\/vc_column][\/vc_row] [&#8230;]<\/p>\n<p><a class=\"btn btn-secondary understrap-read-more-link\" href=\"https:\/\/us.edu.pl\/wydzial\/wnst\/wspolpraca\/szkoly\/z-nauka-za-pan-brat\/\">Read More&#8230;<\/a><\/p>\n","protected":false},"author":104,"featured_media":0,"parent":680,"menu_order":0,"comment_status":"closed","ping_status":"closed","template":"page-templates\/page-with-sidebar.php","meta":{"_expiration-date-status":"","_expiration-date":0,"_expiration-date-type":"","_expiration-date-categories":[],"_expiration-date-options":[]},"acf":[],"_links":{"self":[{"href":"https:\/\/us.edu.pl\/wydzial\/wnst\/wp-json\/wp\/v2\/pages\/164950"}],"collection":[{"href":"https:\/\/us.edu.pl\/wydzial\/wnst\/wp-json\/wp\/v2\/pages"}],"about":[{"href":"https:\/\/us.edu.pl\/wydzial\/wnst\/wp-json\/wp\/v2\/types\/page"}],"author":[{"embeddable":true,"href":"https:\/\/us.edu.pl\/wydzial\/wnst\/wp-json\/wp\/v2\/users\/104"}],"replies":[{"embeddable":true,"href":"https:\/\/us.edu.pl\/wydzial\/wnst\/wp-json\/wp\/v2\/comments?post=164950"}],"version-history":[{"count":10,"href":"https:\/\/us.edu.pl\/wydzial\/wnst\/wp-json\/wp\/v2\/pages\/164950\/revisions"}],"predecessor-version":[{"id":170678,"href":"https:\/\/us.edu.pl\/wydzial\/wnst\/wp-json\/wp\/v2\/pages\/164950\/revisions\/170678"}],"up":[{"embeddable":true,"href":"https:\/\/us.edu.pl\/wydzial\/wnst\/wp-json\/wp\/v2\/pages\/680"}],"wp:attachment":[{"href":"https:\/\/us.edu.pl\/wydzial\/wnst\/wp-json\/wp\/v2\/media?parent=164950"}],"curies":[{"name":"wp","href":"https:\/\/api.w.org\/{rel}","templated":true}]}}