{"id":168174,"date":"2023-05-25T22:25:41","date_gmt":"2023-05-25T20:25:41","guid":{"rendered":"https:\/\/us.edu.pl\/wydzial\/wnst\/?page_id=168174"},"modified":"2023-07-05T17:15:13","modified_gmt":"2023-07-05T15:15:13","slug":"sokdf","status":"publish","type":"page","link":"https:\/\/us.edu.pl\/wydzial\/wnst\/badania-naukowe\/konferencje\/sokdf\/","title":{"rendered":"XXIII Spotkanie Og\u00f3lnopolskiego Klubu Demonstrator\u00f3w Fizyki"},"content":{"rendered":"<p>[vc_row][vc_column][vc_column_text][\/vc_column_text][\/vc_column][\/vc_row][vc_row el_class=&#8221;container&#8221;][vc_column][vc_row_inner content_placement=&#8221;bottom&#8221;][vc_column_inner width=&#8221;1\/3&#8243;][vc_single_image image=&#8221;168215&#8243; img_size=&#8221;full&#8221; alignment=&#8221;center&#8221; style=&#8221;vc_box_rounded&#8221;][\/vc_column_inner][vc_column_inner width=&#8221;2\/3&#8243; css=&#8221;.vc_custom_1685049329981{border-top-width: 6px !important;padding-top: 5px !important;background-color: #81d742 !important;border-top-color: #81d742 !important;border-top-style: solid !important;border-radius: 5px !important;}&#8221;][vc_empty_space height=&#8221;10&#8243;]\r\n                <div class=\"text-modules\">\r\n                    <div class=\"container\">\r\n                        \r\n                        <div class=\"text-modules__content\"><p>Wydzia\u0142 Nauk \u015acis\u0142ych i Technicznych Uniwersytetu \u015al\u0105skiego w Katowicach zaprasza do udzia\u0142u w konferencji dydaktycznej \u201e<strong>XXIII Spotkanie Og\u00f3lnopolskiego Klubu Demonstrator\u00f3w Fizyki<\/strong>\u201d, kt\u00f3ra odb\u0119dzie si\u0119 w dniach 26-29 czerwca 2023 roku w Szczyrku.<\/p>\n<p>W spotkaniach\u00a0<strong>Klubu <\/strong>corocznie uczestnicz\u0105 fizycy z polskich uczelni wy\u017cszych i \u00a0nauczyciele zainteresowani wykorzystaniem eksperymentu w dydaktyce nauk przyrodniczych.<\/p>\n<p>Spotkamy si\u0119 w Szczyrku, by dyskutowa\u0107, wymienia\u0107 si\u0119 do\u015bwiadczeniami i nowymi pomys\u0142ami. Znajdziemy te\u017c czas na dostrze\u017cenie atrakcyjno\u015bci i pi\u0119kna Beskidu \u015al\u0105skiego.<\/p>\n<p style=\"text-align: center;\">Serdecznie zapraszamy!<\/p>\n<p>\n<\/div>\r\n                    <\/div>\r\n                <\/div>[\/vc_column_inner][\/vc_row_inner][\/vc_column][\/vc_row][vc_row el_class=&#8221;container&#8221;][vc_column][vc_row_inner content_placement=&#8221;top&#8221; css=&#8221;.vc_custom_1685443804239{border-left-width: 6px !important;background-color: #81d742 !important;border-left-color: #81d742 !important;border-left-style: solid !important;border-radius: 5px !important;}&#8221;][vc_column_inner width=&#8221;3\/6&#8243; css=&#8221;.vc_custom_1685444128990{border-radius: 3px !important;}&#8221;]\r\n                <div class=\"text-modules\">\r\n                    <div class=\"container\">\r\n                        \r\n                        <div class=\"text-modules__content\"><\/p>\n<h3><span style=\"color: #002e5a;\">Wa\u017cne terminy<\/span><\/h3>\n<p><strong>Do 18 czerwca 2023 r. (niedziela)<\/strong> &#8211; zg\u0142oszenie udzia\u0142u w konferencji.<br \/>\n<strong>Do<\/strong>\u00a0<strong>20 czerwca 2023 r. (wtorek)<\/strong> &#8211; uiszczenie op\u0142aty konferencyjnej.<br \/>\n<strong>26 czerwca<\/strong> <strong>2023 r. (poniedzia\u0142ek)<\/strong> &#8211; rejestracja i spotkanie nieformalne.<strong><br \/>\n27 czerwca 2023 r. (wtorek)<\/strong> godz. 9.00 &#8211; otwarcie konferencji.<br \/>\n<strong>29 czerwca 2023 r. <\/strong>\u00a0<strong>(czwartek) <\/strong>godz. ~13:00 &#8211;<strong>\u00a0<\/strong>zako\u0144czenie konferencji.<\/p>\n<\/div>\r\n                    <\/div>\r\n                <\/div>[\/vc_column_inner][vc_column_inner width=&#8221;2\/6&#8243; css=&#8221;.vc_custom_1685444344086{border-radius: 1px !important;}&#8221;]\r\n                <div class=\"text-modules\">\r\n                    <div class=\"container\">\r\n                        \r\n                        <div class=\"text-modules__content\"><\/p>\n<h3><span style=\"color: #002e5a;\">Kontakt<\/span><\/h3>\n<p>Uniwersytet \u015al\u0105ski w Katowicach<br \/>\nWydzia\u0142 Nauk \u015acis\u0142ych i Technicznych<br \/>\nul. Bankowa 14, 40-00 Katowice<br \/>\ntel. 501 329 780, 725 991 943<br \/>\ne-mail: <a href=\"mailto:sokdf2023@us.edu.pl\">sokdf2023@us.edu.pl<\/a><\/p>\n<\/div>\r\n                    <\/div>\r\n                <\/div>[\/vc_column_inner][vc_column_inner width=&#8221;1\/6&#8243;]\r\n                <div class=\"text-modules\">\r\n                    <div class=\"container\">\r\n                        \r\n                        <div class=\"text-modules__content\"><\/p>\n<h3><span style=\"color: #002e5a;\">Program szczeg\u00f3\u0142owy<\/span><\/h3>\n<p>\n<\/div>\r\n                    <\/div>\r\n                <\/div>[vc_btn title=&#8221;pobierz&#8221; style=&#8221;custom&#8221; custom_background=&#8221;#002e5a&#8221; custom_text=&#8221;#ffffff&#8221; align=&#8221;center&#8221; button_block=&#8221;true&#8221; link=&#8221;url:https%3A%2F%2Fus.edu.pl%2Fwydzial%2Fwnst%2Fwp-content%2Fuploads%2Fsites%2F18%2F2023%2F06%2FAgenda-v1.pdf|target:_blank&#8221;][\/vc_column_inner][\/vc_row_inner][\/vc_column][\/vc_row][vc_row css=&#8221;.vc_custom_1685511988892{border-radius: 5px !important;}&#8221;][vc_column][vc_empty_space][\/vc_column][\/vc_row][vc_row el_class=&#8221;container&#8221;][vc_column width=&#8221;2\/3&#8243; css=&#8221;.vc_custom_1685443465080{border-left-width: 6px !important;border-left-color: #fbb900 !important;border-left-style: solid !important;border-radius: 5px !important;}&#8221;]\r\n                <div class=\"text-modules\">\r\n                    <div class=\"container\">\r\n                        \r\n                        <div class=\"text-modules__content\"><\/p>\n<h3><span style=\"color: #002e5a;\">Komitet naukowy<\/span><\/h3>\n<ol>\n<li>prof. dr hab. Wojciech Nawrocik, UAM<\/li>\n<li>prof. dr hab. Danuta Str\u00f3\u017c, U\u015a<\/li>\n<li>dr hab. Seweryn Kowalski, prof. U\u015a, U\u015a<\/li>\n<li>prof. dr hab. Sebastian Pawlus, U\u015a<\/li>\n<\/ol>\n<p>\n<\/div>\r\n                    <\/div>\r\n                <\/div>[\/vc_column][vc_column width=&#8221;1\/3&#8243; css=&#8221;.vc_custom_1685441218027{border-radius: 5px !important;}&#8221;][\/vc_column][\/vc_row][vc_row content_placement=&#8221;middle&#8221;][vc_column width=&#8221;2\/3&#8243; css=&#8221;.vc_custom_1685443574092{border-left-width: 6px !important;border-left-color: #9b132a !important;border-left-style: solid !important;border-radius: 5px !important;}&#8221;]\r\n                <div class=\"text-modules\">\r\n                    <div class=\"container\">\r\n                        \r\n                        <div class=\"text-modules__content\"><\/p>\n<h3><span style=\"color: #002e5a;\">Komitet organizacyjny<\/span><\/h3>\n<ol>\n<li>dr Jerzy Jarosz, prof. U\u015a<\/li>\n<li>dr in\u017c. Anna Szeremeta<\/li>\n<li>dr Micha\u0142 Pilch<\/li>\n<li>dr Magdalena Szubka<\/li>\n<\/ol>\n<p>\n<\/div>\r\n                    <\/div>\r\n                <\/div>\r\n                <div class=\"text-modules\">\r\n                    <div class=\"container\">\r\n                        \r\n                        <div class=\"text-modules__content\"><\/p>\n<p style=\"text-align: center;\"><img class=\"alignnone wp-image-168386 size-full\" src=\"https:\/\/us.edu.pl\/wydzial\/wnst\/wp-content\/uploads\/sites\/18\/2023\/05\/sokdf.png\" alt=\"\" width=\"100%\" height=\"auto\" srcset=\"https:\/\/us.edu.pl\/wydzial\/wnst\/wp-content\/uploads\/sites\/18\/2023\/05\/sokdf.png 2048w, https:\/\/us.edu.pl\/wydzial\/wnst\/wp-content\/uploads\/sites\/18\/2023\/05\/sokdf-300x200.png 300w, https:\/\/us.edu.pl\/wydzial\/wnst\/wp-content\/uploads\/sites\/18\/2023\/05\/sokdf-1024x683.png 1024w, https:\/\/us.edu.pl\/wydzial\/wnst\/wp-content\/uploads\/sites\/18\/2023\/05\/sokdf-768x512.png 768w, https:\/\/us.edu.pl\/wydzial\/wnst\/wp-content\/uploads\/sites\/18\/2023\/05\/sokdf-1536x1024.png 1536w, https:\/\/us.edu.pl\/wydzial\/wnst\/wp-content\/uploads\/sites\/18\/2023\/05\/sokdf-575x383.png 575w\" sizes=\"(max-width: 2048px) 100vw, 2048px\" \/><br \/>\n<small>od lewej: Micha\u0142 Pilch, Anna Szeremeta, Magdalena Szubka, Jerzy Jarosz<\/small><\/p>\n<p>\n<\/div>\r\n                    <\/div>\r\n                <\/div>[\/vc_column][vc_column width=&#8221;1\/3&#8243;][\/vc_column][\/vc_row][vc_row][vc_column width=&#8221;1\/3&#8243;][\/vc_column][vc_column width=&#8221;1\/3&#8243;][\/vc_column][vc_column width=&#8221;1\/3&#8243;][\/vc_column][\/vc_row][vc_row][vc_column width=&#8221;1\/4&#8243;][\/vc_column][vc_column width=&#8221;1\/2&#8243;]\r\n                <div class=\"text-modules\">\r\n                    <div class=\"container\">\r\n                        \r\n                        <div class=\"text-modules__content\"><\/p>\n<h3 style=\"text-align: center;\"><span style=\"color: #002a5e;\">Patronat<\/span><\/h3>\n<p>\n<\/div>\r\n                    <\/div>\r\n                <\/div>[\/vc_column][vc_column width=&#8221;1\/4&#8243;][\/vc_column][\/vc_row][vc_row el_class=&#8221;container&#8221;][vc_column width=&#8221;1\/5&#8243;]\r\n                <div class=\"text-modules\">\r\n                    <div class=\"container\">\r\n                        \r\n                        <div class=\"text-modules__content\"><\/p>\n<p><center><a href=\"www.us.edu.pl\" target=\"_blank\" rel=\"noopener\"><img class=\"alignnone size-full wp-image-168474\" src=\"https:\/\/us.edu.pl\/wydzial\/wnst\/wp-content\/uploads\/sites\/18\/2023\/05\/31.png\" alt=\"\" width=\"90%\" height=\"auto\" srcset=\"https:\/\/us.edu.pl\/wydzial\/wnst\/wp-content\/uploads\/sites\/18\/2023\/05\/31.png 800w, https:\/\/us.edu.pl\/wydzial\/wnst\/wp-content\/uploads\/sites\/18\/2023\/05\/31-300x225.png 300w, https:\/\/us.edu.pl\/wydzial\/wnst\/wp-content\/uploads\/sites\/18\/2023\/05\/31-768x576.png 768w, https:\/\/us.edu.pl\/wydzial\/wnst\/wp-content\/uploads\/sites\/18\/2023\/05\/31-575x431.png 575w\" sizes=\"(max-width: 800px) 100vw, 800px\" \/><\/a><\/center><\/p>\n<\/div>\r\n                    <\/div>\r\n                <\/div>[\/vc_column][vc_column width=&#8221;1\/5&#8243;]\r\n                <div class=\"text-modules\">\r\n                    <div class=\"container\">\r\n                        \r\n                        <div class=\"text-modules__content\"><\/p>\n<p><center><a href=\"https:\/\/us.edu.pl\/wydzial\/wnst\/\" target=\"_blank\" rel=\"noopener\"><img class=\"alignnone wp-image-168223 size-full\" src=\"https:\/\/us.edu.pl\/wydzial\/wnst\/wp-content\/uploads\/sites\/18\/Bez-kategorii\/1.png\" alt=\"\" width=\"90%\" height=\"auto\" srcset=\"https:\/\/us.edu.pl\/wydzial\/wnst\/wp-content\/uploads\/sites\/18\/Bez-kategorii\/1.png 800w, https:\/\/us.edu.pl\/wydzial\/wnst\/wp-content\/uploads\/sites\/18\/Bez-kategorii\/1-300x225.png 300w, https:\/\/us.edu.pl\/wydzial\/wnst\/wp-content\/uploads\/sites\/18\/Bez-kategorii\/1-768x576.png 768w, https:\/\/us.edu.pl\/wydzial\/wnst\/wp-content\/uploads\/sites\/18\/Bez-kategorii\/1-575x431.png 575w\" sizes=\"(max-width: 800px) 100vw, 800px\" \/><\/a><\/center><\/p>\n<\/div>\r\n                    <\/div>\r\n                <\/div>[\/vc_column][vc_column width=&#8221;1\/5&#8243;]\r\n                <div class=\"text-modules\">\r\n                    <div class=\"container\">\r\n                        \r\n                        <div class=\"text-modules__content\"><\/p>\n<p><center><a href=\"https:\/\/katowice.eu\/\" target=\"_blank\" rel=\"noopener\"><img class=\"alignnone wp-image-168441 size-full\" src=\"https:\/\/us.edu.pl\/wydzial\/wnst\/wp-content\/uploads\/sites\/18\/Bez-kategorii\/7.png\" alt=\"\" width=\"90%\" height=\"auto\" srcset=\"https:\/\/us.edu.pl\/wydzial\/wnst\/wp-content\/uploads\/sites\/18\/Bez-kategorii\/7.png 800w, https:\/\/us.edu.pl\/wydzial\/wnst\/wp-content\/uploads\/sites\/18\/Bez-kategorii\/7-300x225.png 300w, https:\/\/us.edu.pl\/wydzial\/wnst\/wp-content\/uploads\/sites\/18\/Bez-kategorii\/7-768x576.png 768w, https:\/\/us.edu.pl\/wydzial\/wnst\/wp-content\/uploads\/sites\/18\/Bez-kategorii\/7-575x431.png 575w\" sizes=\"(max-width: 800px) 100vw, 800px\" \/><\/a><\/center><\/p>\n<\/div>\r\n                    <\/div>\r\n                <\/div>[\/vc_column][vc_column width=&#8221;1\/5&#8243;]\r\n                <div class=\"text-modules\">\r\n                    <div class=\"container\">\r\n                        \r\n                        <div class=\"text-modules__content\"><\/p>\n<p><center><a href=\"https:\/\/www.ptf.net.pl\/\" target=\"_blank\" rel=\"noopener\"><img class=\"alignnone wp-image-168427 size-full\" src=\"https:\/\/us.edu.pl\/wydzial\/wnst\/wp-content\/uploads\/sites\/18\/Bez-kategorii\/5.png\" alt=\"\" width=\"90%\" height=\"auto\" srcset=\"https:\/\/us.edu.pl\/wydzial\/wnst\/wp-content\/uploads\/sites\/18\/Bez-kategorii\/5.png 800w, https:\/\/us.edu.pl\/wydzial\/wnst\/wp-content\/uploads\/sites\/18\/Bez-kategorii\/5-300x225.png 300w, https:\/\/us.edu.pl\/wydzial\/wnst\/wp-content\/uploads\/sites\/18\/Bez-kategorii\/5-768x576.png 768w, https:\/\/us.edu.pl\/wydzial\/wnst\/wp-content\/uploads\/sites\/18\/Bez-kategorii\/5-575x431.png 575w\" sizes=\"(max-width: 800px) 100vw, 800px\" \/><\/a><\/center><\/p>\n<\/div>\r\n                    <\/div>\r\n                <\/div>[\/vc_column][vc_column width=&#8221;1\/5&#8243;]\r\n                <div class=\"text-modules\">\r\n                    <div class=\"container\">\r\n                        \r\n                        <div class=\"text-modules__content\"><p><img class=\"size-full wp-image-169044 aligncenter\" src=\"https:\/\/us.edu.pl\/wydzial\/wnst\/wp-content\/uploads\/sites\/18\/Bez-kategorii\/szczyrk-logo.png\" alt=\"\" width=\"90%\" height=\"auto\" srcset=\"https:\/\/us.edu.pl\/wydzial\/wnst\/wp-content\/uploads\/sites\/18\/Bez-kategorii\/szczyrk-logo.png 800w, https:\/\/us.edu.pl\/wydzial\/wnst\/wp-content\/uploads\/sites\/18\/Bez-kategorii\/szczyrk-logo-300x225.png 300w, https:\/\/us.edu.pl\/wydzial\/wnst\/wp-content\/uploads\/sites\/18\/Bez-kategorii\/szczyrk-logo-768x576.png 768w, https:\/\/us.edu.pl\/wydzial\/wnst\/wp-content\/uploads\/sites\/18\/Bez-kategorii\/szczyrk-logo-575x431.png 575w\" sizes=\"(max-width: 800px) 100vw, 800px\" \/><\/p>\n<\/div>\r\n                    <\/div>\r\n                <\/div>[\/vc_column][\/vc_row][vc_row][vc_column width=&#8221;1\/4&#8243;][\/vc_column][vc_column width=&#8221;1\/2&#8243;]\r\n                <div class=\"text-modules\">\r\n                    <div class=\"container\">\r\n                        \r\n                        <div class=\"text-modules__content\"><\/p>\n<h3 style=\"text-align: center;\"><span style=\"color: #002a5e;\">Patronat medialny<\/span><\/h3>\n<p>\n<\/div>\r\n                    <\/div>\r\n                <\/div>[\/vc_column][vc_column width=&#8221;1\/4&#8243;][\/vc_column][\/vc_row][vc_row el_class=&#8221;container&#8221;][vc_column width=&#8221;1\/4&#8243;][\/vc_column][vc_column width=&#8221;1\/4&#8243;]\r\n                <div class=\"text-modules\">\r\n                    <div class=\"container\">\r\n                        \r\n                        <div class=\"text-modules__content\"><\/p>\n<p><center><a href=\"https:\/\/gazeta.us.edu.pl\/\" target=\"_blank\" rel=\"noopener\"><img class=\"alignnone wp-image-168471 size-full\" src=\"https:\/\/us.edu.pl\/wydzial\/wnst\/wp-content\/uploads\/sites\/18\/Bez-kategorii\/51.png\" alt=\"\" width=\"90%\" height=\"auto\" srcset=\"https:\/\/us.edu.pl\/wydzial\/wnst\/wp-content\/uploads\/sites\/18\/Bez-kategorii\/51.png 800w, https:\/\/us.edu.pl\/wydzial\/wnst\/wp-content\/uploads\/sites\/18\/Bez-kategorii\/51-300x225.png 300w, https:\/\/us.edu.pl\/wydzial\/wnst\/wp-content\/uploads\/sites\/18\/Bez-kategorii\/51-768x576.png 768w, https:\/\/us.edu.pl\/wydzial\/wnst\/wp-content\/uploads\/sites\/18\/Bez-kategorii\/51-575x431.png 575w\" sizes=\"(max-width: 800px) 100vw, 800px\" \/><\/a><\/center><\/p>\n<\/div>\r\n                    <\/div>\r\n                <\/div>[\/vc_column][vc_column width=&#8221;1\/4&#8243;]\r\n                <div class=\"text-modules\">\r\n                    <div class=\"container\">\r\n                        \r\n                        <div class=\"text-modules__content\"><\/p>\n<p><center><a href=\"https:\/\/przystaneknauka.us.edu.pl\/\" target=\"_blank\" rel=\"noopener\"><img class=\"alignnone wp-image-168470 size-full\" src=\"https:\/\/us.edu.pl\/wydzial\/wnst\/wp-content\/uploads\/sites\/18\/Bez-kategorii\/41.png\" alt=\"\" width=\"90%\" height=\"auto\" srcset=\"https:\/\/us.edu.pl\/wydzial\/wnst\/wp-content\/uploads\/sites\/18\/Bez-kategorii\/41.png 800w, https:\/\/us.edu.pl\/wydzial\/wnst\/wp-content\/uploads\/sites\/18\/Bez-kategorii\/41-300x225.png 300w, https:\/\/us.edu.pl\/wydzial\/wnst\/wp-content\/uploads\/sites\/18\/Bez-kategorii\/41-768x576.png 768w, https:\/\/us.edu.pl\/wydzial\/wnst\/wp-content\/uploads\/sites\/18\/Bez-kategorii\/41-575x431.png 575w\" sizes=\"(max-width: 800px) 100vw, 800px\" \/><\/a><\/center><\/p>\n<\/div>\r\n                    <\/div>\r\n                <\/div>[\/vc_column][vc_column width=&#8221;1\/4&#8243;][\/vc_column][\/vc_row][vc_column][\/vc_column]<\/p>","protected":false},"excerpt":{"rendered":"<p>[vc_row][vc_column][vc_column_text][\/vc_column_text][\/vc_column][\/vc_row][vc_row el_class=&#8221;container&#8221;][vc_column][vc_row_inner content_placement=&#8221;bottom&#8221;][vc_column_inner width=&#8221;1\/3&#8243;][vc_single_image image=&#8221;168215&#8243; img_size=&#8221;full&#8221; alignment=&#8221;center&#8221; style=&#8221;vc_box_rounded&#8221;][\/vc_column_inner][vc_column_inner width=&#8221;2\/3&#8243; css=&#8221;.vc_custom_1685049329981{border-top-width: 6px !important;padding-top: 5px !important;background-color: #81d742 !important;border-top-color: #81d742 !important;border-top-style: solid !important;border-radius: 5px !important;}&#8221;][vc_empty_space height=&#8221;10&#8243;][\/vc_column_inner][\/vc_row_inner][\/vc_column][\/vc_row][vc_row el_class=&#8221;container&#8221;][vc_column][vc_row_inner content_placement=&#8221;top&#8221; css=&#8221;.vc_custom_1685443804239{border-left-width: 6px !important;background-color: #81d742 !important;border-left-color: #81d742 !important;border-left-style: solid !important;border-radius: 5px !important;}&#8221;][vc_column_inner width=&#8221;3\/6&#8243; css=&#8221;.vc_custom_1685444128990{border-radius: 3px !important;}&#8221;][\/vc_column_inner][vc_column_inner width=&#8221;2\/6&#8243; css=&#8221;.vc_custom_1685444344086{border-radius: 1px !important;}&#8221;][\/vc_column_inner][vc_column_inner width=&#8221;1\/6&#8243;][vc_btn title=&#8221;pobierz&#8221; style=&#8221;custom&#8221; custom_background=&#8221;#002e5a&#8221; custom_text=&#8221;#ffffff&#8221; align=&#8221;center&#8221; button_block=&#8221;true&#8221; link=&#8221;url:https%3A%2F%2Fus.edu.pl%2Fwydzial%2Fwnst%2Fwp-content%2Fuploads%2Fsites%2F18%2F2023%2F06%2FAgenda-v1.pdf|target:_blank&#8221;][\/vc_column_inner][\/vc_row_inner][\/vc_column][\/vc_row][vc_row css=&#8221;.vc_custom_1685511988892{border-radius: 5px !important;}&#8221;][vc_column][vc_empty_space][\/vc_column][\/vc_row][vc_row [&#8230;]<\/p>\n<p><a class=\"btn btn-secondary understrap-read-more-link\" href=\"https:\/\/us.edu.pl\/wydzial\/wnst\/badania-naukowe\/konferencje\/sokdf\/\">Read More&#8230;<\/a><\/p>\n","protected":false},"author":92,"featured_media":0,"parent":5225,"menu_order":0,"comment_status":"closed","ping_status":"closed","template":"page-templates\/page-with-bookmarks.php","meta":{"_expiration-date-status":"","_expiration-date":0,"_expiration-date-type":"","_expiration-date-categories":[],"_expiration-date-options":[]},"acf":[],"_links":{"self":[{"href":"https:\/\/us.edu.pl\/wydzial\/wnst\/wp-json\/wp\/v2\/pages\/168174"}],"collection":[{"href":"https:\/\/us.edu.pl\/wydzial\/wnst\/wp-json\/wp\/v2\/pages"}],"about":[{"href":"https:\/\/us.edu.pl\/wydzial\/wnst\/wp-json\/wp\/v2\/types\/page"}],"author":[{"embeddable":true,"href":"https:\/\/us.edu.pl\/wydzial\/wnst\/wp-json\/wp\/v2\/users\/92"}],"replies":[{"embeddable":true,"href":"https:\/\/us.edu.pl\/wydzial\/wnst\/wp-json\/wp\/v2\/comments?post=168174"}],"version-history":[{"count":11,"href":"https:\/\/us.edu.pl\/wydzial\/wnst\/wp-json\/wp\/v2\/pages\/168174\/revisions"}],"predecessor-version":[{"id":169521,"href":"https:\/\/us.edu.pl\/wydzial\/wnst\/wp-json\/wp\/v2\/pages\/168174\/revisions\/169521"}],"up":[{"embeddable":true,"href":"https:\/\/us.edu.pl\/wydzial\/wnst\/wp-json\/wp\/v2\/pages\/5225"}],"wp:attachment":[{"href":"https:\/\/us.edu.pl\/wydzial\/wnst\/wp-json\/wp\/v2\/media?parent=168174"}],"curies":[{"name":"wp","href":"https:\/\/api.w.org\/{rel}","templated":true}]}}