{"id":1685,"date":"2019-12-13T20:13:09","date_gmt":"2019-12-13T19:13:09","guid":{"rendered":"https:\/\/us.edu.pl\/wydzial\/wnst\/?page_id=1685"},"modified":"2026-03-19T08:26:33","modified_gmt":"2026-03-19T07:26:33","slug":"dyzury","status":"publish","type":"page","link":"https:\/\/us.edu.pl\/wydzial\/wnst\/studia\/dyzury\/","title":{"rendered":"Dy\u017cury"},"content":{"rendered":"<p>[vc_row el_class=&#8221;container&#8221;][vc_column width=&#8221;1\/4&#8243; el_class=&#8221;foto&#8221;]\r\n                <div class=\"text-modules\">\r\n                    <div class=\"container\">\r\n                        \r\n                        <div class=\"text-modules__content\"><p><img class=\"alignnone wp-image-178108 size-full\" src=\"https:\/\/us.edu.pl\/wydzial\/wnst\/wp-content\/uploads\/sites\/18\/Bez-kategorii\/Maszybrocka-Joanna-1.jpg\" alt=\"\" width=\"100%\" height=\"auto\" srcset=\"https:\/\/us.edu.pl\/wydzial\/wnst\/wp-content\/uploads\/sites\/18\/Bez-kategorii\/Maszybrocka-Joanna-1.jpg 500w, https:\/\/us.edu.pl\/wydzial\/wnst\/wp-content\/uploads\/sites\/18\/Bez-kategorii\/Maszybrocka-Joanna-1-300x300.jpg 300w, https:\/\/us.edu.pl\/wydzial\/wnst\/wp-content\/uploads\/sites\/18\/Bez-kategorii\/Maszybrocka-Joanna-1-150x150.jpg 150w\" sizes=\"(max-width: 500px) 100vw, 500px\" \/><\/p>\n<\/div>\r\n                    <\/div>\r\n                <\/div>[\/vc_column][vc_column width=&#8221;3\/4&#8243;]\r\n                <div class=\"text-modules\">\r\n                    <div class=\"container\">\r\n                        \r\n                        <div class=\"text-modules__content\"><p><span style=\"font-size: 130%;\">JOANNA MASZYBROCKA,<\/span><br \/>\n<span style=\"font-size: 90%;\">dr, prof. U\u015a<\/span><\/p>\n<p><strong><span style=\"letter-spacing: 0.7mm; color: #333333; font-size: 100%;\">PRODZIEKAN ds. STUDENCKICH i KSZTA\u0141CENIA<\/span><\/strong><\/p>\n<hr \/>\n<p>Dy\u017cur<\/p>\n<ul>\n<li>Katowice, ul.\u00a0 Bankowa 14 pok. 221, wtorek 13.00-13.45<br \/>\n<strong>kierunki:<\/strong> chemia, data science i sztuczna inteligencja, matematyka, technologia chemiczna<\/li>\n<li>Chorz\u00f3w, ul. 75. Pu\u0142ku Piechoty 1a pok. P\/0\/12, czwartek 13.00-13.45<br \/>\n<strong>kierunki:<\/strong> biofizyka, fizyka, fizyka medyczna, informatyka stosowana, in\u017cynieria materia\u0142owa, kontrola jako\u015bci materia\u0142\u00f3w i wyrob\u00f3w, mikro i nanotechnologia<\/li>\n<li>Sosnowiec, ul. \u017bytnia 12 pok. nr 1, poniedzia\u0142ek 13.15-14.00<br \/>\n<strong>kierunki:<\/strong> informatyka, in\u017cynieria biomedyczna, mechatronika<\/li>\n<\/ul>\n<p>kontakt: <a href=\"mailto:joanna.maszybrocka@us.edu.pl\">joanna.maszybrocka@us.edu.pl <\/a><\/p>\n<\/div>\r\n                    <\/div>\r\n                <\/div>[\/vc_column][\/vc_row][vc_row][vc_column]<div class=\"container\"><div class=\"separator\" style=\"background-color: #002E5A\"><\/div><\/div>[\/vc_column][\/vc_row][vc_row el_class=&#8221;container&#8221;][vc_column width=&#8221;1\/4&#8243; el_class=&#8221;foto&#8221;]\r\n                <div class=\"text-modules\">\r\n                    <div class=\"container\">\r\n                        \r\n                        <div class=\"text-modules__content\"><p><img class=\"aligncenter wp-image-179276 size-large\" src=\"https:\/\/us.edu.pl\/wydzial\/wnst\/wp-content\/uploads\/sites\/18\/Bez-kategorii\/MierzwaMichal-1024x1024.jpg\" alt=\"\" width=\"100%\" height=\"auto\" srcset=\"https:\/\/us.edu.pl\/wydzial\/wnst\/wp-content\/uploads\/sites\/18\/Bez-kategorii\/MierzwaMichal-1024x1024.jpg 1024w, https:\/\/us.edu.pl\/wydzial\/wnst\/wp-content\/uploads\/sites\/18\/Bez-kategorii\/MierzwaMichal-300x300.jpg 300w, https:\/\/us.edu.pl\/wydzial\/wnst\/wp-content\/uploads\/sites\/18\/Bez-kategorii\/MierzwaMichal-150x150.jpg 150w, https:\/\/us.edu.pl\/wydzial\/wnst\/wp-content\/uploads\/sites\/18\/Bez-kategorii\/MierzwaMichal-768x768.jpg 768w, https:\/\/us.edu.pl\/wydzial\/wnst\/wp-content\/uploads\/sites\/18\/Bez-kategorii\/MierzwaMichal-1536x1536.jpg 1536w, https:\/\/us.edu.pl\/wydzial\/wnst\/wp-content\/uploads\/sites\/18\/Bez-kategorii\/MierzwaMichal-575x575.jpg 575w, https:\/\/us.edu.pl\/wydzial\/wnst\/wp-content\/uploads\/sites\/18\/Bez-kategorii\/MierzwaMichal.jpg 2000w\" sizes=\"(max-width: 1024px) 100vw, 1024px\" \/><\/p>\n<\/div>\r\n                    <\/div>\r\n                <\/div>[\/vc_column][vc_column width=&#8221;3\/4&#8243;]\r\n                <div class=\"text-modules\">\r\n                    <div class=\"container\">\r\n                        \r\n                        <div class=\"text-modules__content\"><p><span style=\"font-size: 130%;\">MICHA\u0141 MIERZWA,<\/span><br \/>\n<span style=\"font-size: 90%;\">dr hab. prof. U\u015a<\/span><\/p>\n<p><strong><span style=\"letter-spacing: 0.7mm; color: #333333; font-size: 100%;\">PE\u0141NOMOCNIK DZIEKANA ds. STUDENCKICH<\/span><\/strong><\/p>\n<hr \/>\n<p>Dy\u017cur<\/p>\n<p>Chorz\u00f3w, ul. 75. Pu\u0142ku Piechoty 1A, wtorek 13.15 &#8211; 14.00<br \/>\n<strong>kierunki:<\/strong> biofizyka, fizyka, fizyka medyczna, informatyka stosowana, in\u017cynieria materia\u0142owa, kontrola jako\u015bci materia\u0142\u00f3w i wyrob\u00f3w, mikro i nanotechnologia.<\/p>\n<p>kontakt: <a href=\"mailto:michal.mierzwa@us.edu.pl\">michal.mierzwa@us.edu.pl<\/a><\/p>\n<\/div>\r\n                    <\/div>\r\n                <\/div>[\/vc_column][\/vc_row][vc_row el_class=&#8221;container&#8221;][vc_column width=&#8221;1\/4&#8243; el_class=&#8221;foto&#8221;]\r\n                <div class=\"text-modules\">\r\n                    <div class=\"container\">\r\n                        \r\n                        <div class=\"text-modules__content\"><p><img class=\"alignnone size-full wp-image-179277\" src=\"https:\/\/us.edu.pl\/wydzial\/wnst\/wp-content\/uploads\/sites\/18\/Bez-kategorii\/Sokolowski-Dariusz.png\" alt=\"\" width=\"100%\" height=\"auto\" srcset=\"https:\/\/us.edu.pl\/wydzial\/wnst\/wp-content\/uploads\/sites\/18\/Bez-kategorii\/Sokolowski-Dariusz.png 500w, https:\/\/us.edu.pl\/wydzial\/wnst\/wp-content\/uploads\/sites\/18\/Bez-kategorii\/Sokolowski-Dariusz-300x300.png 300w, https:\/\/us.edu.pl\/wydzial\/wnst\/wp-content\/uploads\/sites\/18\/Bez-kategorii\/Sokolowski-Dariusz-150x150.png 150w\" sizes=\"(max-width: 500px) 100vw, 500px\" \/><\/p>\n<\/div>\r\n                    <\/div>\r\n                <\/div>[\/vc_column][vc_column width=&#8221;3\/4&#8243;]\r\n                <div class=\"text-modules\">\r\n                    <div class=\"container\">\r\n                        \r\n                        <div class=\"text-modules__content\"><p><span style=\"font-size: 130%;\">DARIUSZ SOKO\u0141OWSKI,<\/span><br \/>\n<span style=\"font-size: 90%;\">dr<\/span><\/p>\n<p><strong><span style=\"letter-spacing: 0.7mm; color: #333333; font-size: 100%;\">PE\u0141NOMOCNIK DZIEKANA ds. STUDENCKICH<\/span><\/strong><\/p>\n<hr \/>\n<p>Dy\u017cur<\/p>\n<p>Katowice, ul. Bankowa 14 p. 221, pi\u0105tek 12:00 \u2013 12:45<br \/>\n<strong>kierunki:<\/strong> chemia, data science i sztuczna inteligencja, matematyka, technologia chemiczna<\/p>\n<p>kontakt: <a href=\"mailto:dariusz.sokolowski@us.edu.pl\">dariusz.sokolowski@us.edu.pl<\/a><\/p>\n<\/div>\r\n                    <\/div>\r\n                <\/div>[\/vc_column][\/vc_row][vc_row el_class=&#8221;container&#8221;][vc_column width=&#8221;1\/4&#8243; el_class=&#8221;foto&#8221;][\/vc_column][vc_column width=&#8221;3\/4&#8243;]\r\n                <div class=\"text-modules\">\r\n                    <div class=\"container\">\r\n                        \r\n                        <div class=\"text-modules__content\"><p><span style=\"font-size: 130%;\">ALEKSANDER LAM\u017bA,<\/span><br \/>\n<span style=\"font-size: 90%;\">dr<\/span><\/p>\n<p><strong><span style=\"letter-spacing: 0.7mm; color: #333333; font-size: 100%;\">PE\u0141NOMOCNIK DZIEKANA ds. STUDENCKICH<\/span><\/strong><\/p>\n<hr \/>\n<p>Dy\u017cur<\/p>\n<p>Sosnowiec. ul. \u017bytnia 12 p. 1, wtorek 13.00-13:45<br \/>\n<strong>kierunki:<\/strong> informatyka, in\u017cynieria biomedyczna, mechatronika<\/p>\n<p>kontakt: <a href=\"mailto:aleksander.lamza@us.edu.pl\">aleksander.lamza@us.edu.pl\u00a0<\/a><\/p>\n<\/div>\r\n                    <\/div>\r\n                <\/div>[\/vc_column][\/vc_row][vc_row][vc_column]<div class=\"container\"><div class=\"separator\" style=\"background-color: #002E5A\"><\/div><\/div>[\/vc_column][\/vc_row][vc_row el_class=&#8221;container&#8221;][vc_column width=&#8221;1\/4&#8243; el_class=&#8221;foto&#8221;]\r\n                <div class=\"text-modules\">\r\n                    <div class=\"container\">\r\n                        \r\n                        <div class=\"text-modules__content\"><p><img class=\"alignnone wp-image-179281 size-full\" src=\"https:\/\/us.edu.pl\/wydzial\/wnst\/wp-content\/uploads\/sites\/18\/Bez-kategorii\/Gajos-Grzetic-Malgorzata.png\" alt=\"\" width=\"100%\" height=\"auto\" srcset=\"https:\/\/us.edu.pl\/wydzial\/wnst\/wp-content\/uploads\/sites\/18\/Bez-kategorii\/Gajos-Grzetic-Malgorzata.png 500w, https:\/\/us.edu.pl\/wydzial\/wnst\/wp-content\/uploads\/sites\/18\/Bez-kategorii\/Gajos-Grzetic-Malgorzata-300x300.png 300w, https:\/\/us.edu.pl\/wydzial\/wnst\/wp-content\/uploads\/sites\/18\/Bez-kategorii\/Gajos-Grzetic-Malgorzata-150x150.png 150w\" sizes=\"(max-width: 500px) 100vw, 500px\" \/><\/p>\n<\/div>\r\n                    <\/div>\r\n                <\/div>[\/vc_column][vc_column width=&#8221;3\/4&#8243;]\r\n                <div class=\"text-modules\">\r\n                    <div class=\"container\">\r\n                        \r\n                        <div class=\"text-modules__content\"><p><span style=\"font-size: 130%;\">MA\u0141GORZATA GAJOS-GR\u017dETI\u0106,<\/span><br \/>\n<span style=\"font-size: 90%;\">dr, prof. U\u015a<\/span><\/p>\n<p><strong><span style=\"letter-spacing: 0.7mm; color: #333333; font-size: 100%;\">KOORDYNATOR ds. DOSTOSOWANIA STUDI\u00d3W<\/span><\/strong><\/p>\n<hr \/>\n<p>Dy\u017cur<\/p>\n<p>Dy\u017cur stacjonarny i\u00a0 zdalny na MS Teams: wtorki, 13.00 \u2013 13.45<br \/>\nSosnowiec, ul. B\u0119dzi\u0144ska 39, p. 416 (IV pi\u0119tro)<br \/>\nkontakt: <a href=\"mailto:malgorzata.gajos@us.edu.pl\">malgorzata.gajos@us.edu.pl<\/a><\/p>\n<p><small><em>aktualizacja: 08.10.2025<\/em><\/small><\/p>\n<\/div>\r\n                    <\/div>\r\n                <\/div>[\/vc_column][\/vc_row]<\/p>","protected":false},"excerpt":{"rendered":"<p>[vc_row el_class=&#8221;container&#8221;][vc_column width=&#8221;1\/4&#8243; el_class=&#8221;foto&#8221;][\/vc_column][vc_column width=&#8221;3\/4&#8243;][\/vc_column][\/vc_row][vc_row][vc_column][\/vc_column][\/vc_row][vc_row el_class=&#8221;container&#8221;][vc_column width=&#8221;1\/4&#8243; el_class=&#8221;foto&#8221;][\/vc_column][vc_column width=&#8221;3\/4&#8243;][\/vc_column][\/vc_row][vc_row el_class=&#8221;container&#8221;][vc_column width=&#8221;1\/4&#8243; el_class=&#8221;foto&#8221;][\/vc_column][vc_column width=&#8221;3\/4&#8243;][\/vc_column][\/vc_row][vc_row el_class=&#8221;container&#8221;][vc_column width=&#8221;1\/4&#8243; el_class=&#8221;foto&#8221;][\/vc_column][vc_column width=&#8221;3\/4&#8243;][\/vc_column][\/vc_row][vc_row][vc_column][\/vc_column][\/vc_row][vc_row el_class=&#8221;container&#8221;][vc_column width=&#8221;1\/4&#8243; el_class=&#8221;foto&#8221;][\/vc_column][vc_column width=&#8221;3\/4&#8243;][\/vc_column][\/vc_row] [&#8230;]<\/p>\n<p><a class=\"btn btn-secondary understrap-read-more-link\" href=\"https:\/\/us.edu.pl\/wydzial\/wnst\/studia\/dyzury\/\">Read More&#8230;<\/a><\/p>\n","protected":false},"author":92,"featured_media":0,"parent":538,"menu_order":0,"comment_status":"closed","ping_status":"closed","template":"","meta":{"_expiration-date-status":"saved","_expiration-date":0,"_expiration-date-type":"","_expiration-date-categories":[],"_expiration-date-options":[]},"acf":[],"_links":{"self":[{"href":"https:\/\/us.edu.pl\/wydzial\/wnst\/wp-json\/wp\/v2\/pages\/1685"}],"collection":[{"href":"https:\/\/us.edu.pl\/wydzial\/wnst\/wp-json\/wp\/v2\/pages"}],"about":[{"href":"https:\/\/us.edu.pl\/wydzial\/wnst\/wp-json\/wp\/v2\/types\/page"}],"author":[{"embeddable":true,"href":"https:\/\/us.edu.pl\/wydzial\/wnst\/wp-json\/wp\/v2\/users\/92"}],"replies":[{"embeddable":true,"href":"https:\/\/us.edu.pl\/wydzial\/wnst\/wp-json\/wp\/v2\/comments?post=1685"}],"version-history":[{"count":11,"href":"https:\/\/us.edu.pl\/wydzial\/wnst\/wp-json\/wp\/v2\/pages\/1685\/revisions"}],"predecessor-version":[{"id":204719,"href":"https:\/\/us.edu.pl\/wydzial\/wnst\/wp-json\/wp\/v2\/pages\/1685\/revisions\/204719"}],"up":[{"embeddable":true,"href":"https:\/\/us.edu.pl\/wydzial\/wnst\/wp-json\/wp\/v2\/pages\/538"}],"wp:attachment":[{"href":"https:\/\/us.edu.pl\/wydzial\/wnst\/wp-json\/wp\/v2\/media?parent=1685"}],"curies":[{"name":"wp","href":"https:\/\/api.w.org\/{rel}","templated":true}]}}