{"id":174756,"date":"2024-04-11T11:31:03","date_gmt":"2024-04-11T09:31:03","guid":{"rendered":"https:\/\/us.edu.pl\/wydzial\/wnst\/?page_id=174756"},"modified":"2024-11-27T15:00:29","modified_gmt":"2024-11-27T14:00:29","slug":"espresso-z-ekspertami-inspirujace-spotkania-mlodych-z-mistrzami-nauki","status":"publish","type":"page","link":"https:\/\/us.edu.pl\/wydzial\/wnst\/badania-naukowe\/konferencje\/espresso-z-ekspertami-inspirujace-spotkania-mlodych-z-mistrzami-nauki\/","title":{"rendered":"Espresso z ekspertami! \u2013 inspiruj\u0105ce spotkania m\u0142odych z mistrzami nauki."},"content":{"rendered":"<p>[vc_row][vc_column]\r\n                <div class=\"text-modules\">\r\n                    <div class=\"container\">\r\n                        \r\n                        <div class=\"text-modules__content\"><\/p>\n<h3 style=\"text-align: center;\"><span style=\"color: #002e5a;\">Espresso z ekspertami! \u2013 inspiruj\u0105ce spotkania m\u0142odych z mistrzami nauki<\/span><\/h3>\n<p>\n<\/div>\r\n                    <\/div>\r\n                <\/div>[\/vc_column][\/vc_row][vc_row el_class=&#8221;container&#8221;][vc_column width=&#8221;1\/2&#8243;]\r\n                <div class=\"text-modules\">\r\n                    <div class=\"container\">\r\n                        \r\n                        <div class=\"text-modules__content\"><p>Wydzia\u0142 Nauk \u015acis\u0142ych i Technicznych\u00a0 zaprasza na cykl popularnonaukowych wyk\u0142ad\u00f3w o tematyce nauk \u015bcis\u0142ych i technicznych. Prelekcje skierowane s\u0105 do wszystkich zainteresowanych \u2013 student\u00f3w, uczni\u00f3w oraz pasjonat\u00f3w nauki. G\u0142\u00f3wnym celem wyk\u0142ad\u00f3w jest zach\u0119cenie uczestnik\u00f3w do poznawania fascynuj\u0105cego \u015bwiata nauk \u015bcis\u0142ych oraz poszerzenia ich dotychczasowej wiedzy. Podczas wyk\u0142ad\u00f3w wyst\u0105pi\u0105 zar\u00f3wno wybitni naukowcy, kt\u00f3rzy podziel\u0105 si\u0119 najnowszymi odkryciami w dziedzinach: fizyki, informatyki i chemii, jak i znani popularyzatorzy nauki, kt\u00f3rzy przyst\u0119pnie zaprezentuj\u0105 ciekawe tematy.<\/p>\n<\/div>\r\n                    <\/div>\r\n                <\/div>\r\n                <div class=\"text-modules\">\r\n                    <div class=\"container\">\r\n                        \r\n                        <div class=\"text-modules__content\"><\/p>\n<h3><span style=\"color: #002e5a;\">Planowany harmonogram wyk\u0142ad\u00f3w<\/span><\/h3>\n<ul>\n<li>25 kwietnia 2024 r.- dr \u0141ukasz Lam\u017ca<\/li>\n<li>6 czerwca 2024 r. &#8211; dr hab. Jacek Szczytko, prof. U\u015a<\/li>\n<li>20 czerwca 2024 r. &#8211; redaktor Wiktor Niedzicki<\/li>\n<li>26 listopad 2024 r. &#8211; panel dyskusyjny<\/li>\n<\/ul>\n<h3><span style=\"color: #002e5a;\">Miejsce wyk\u0142ad\u00f3w<\/span><\/h3>\n<p>spinPlace Katowice ul. Bankowa 5<\/p>\n<h3><span style=\"color: #002e5a;\">Koordynator projektu<\/span><\/h3>\n<p><a href=\"https:\/\/ab.us.edu.pl\/emp?id=19302\" target=\"_blank\" rel=\"noopener\">dr hab. Agnieszka Nowak-Brzezi\u0144ska, prof. U\u015a<\/a><\/p>\n<\/div>\r\n                    <\/div>\r\n                <\/div>[\/vc_column][vc_column width=&#8221;1\/2&#8243;][vc_single_image image=&#8221;174759&#8243; img_size=&#8221;large&#8221; alignment=&#8221;right&#8221; style=&#8221;vc_box_rounded&#8221;][\/vc_column][\/vc_row][vc_row][vc_column][vc_empty_space height=&#8221;6&#8243; css=&#8221;.vc_custom_1712829066339{background-color: #ef7d00 !important;}&#8221;][\/vc_column][\/vc_row][vc_row][vc_column]\r\n            \r\n            <div class=\"events-loop loop-section color-blue\" style=\"background: \">\r\n                <div class=\"container\">\r\n                    <div class=\"events-loop-top loop-section-top\">\r\n                        <h2 class=\"section-title\">\r\n                            Wydarzenia na WNST w ramach pasma Miasto-Region-Akademia\r\n                        <\/h2><div class=\"event-loop-top_right loop-section-top__right\">\r\n                                        <a href=\"https:\/\/us.edu.pl\/wydzial\/wnst\/event\/\" class=\"link-button \">Wszystko<\/a>\r\n                                    <\/div>\r\n                    <\/div>\r\n            \r\n                    <div class=\"events-loop-main\">\r\n                        <div class=\"row m-0\">    <\/div>\r\n                    <\/div>\r\n                <\/div>\r\n            <\/div>[\/vc_column][\/vc_row][vc_row el_class=&#8221;container&#8221;][vc_column width=&#8221;1\/4&#8243;][vc_single_image image=&#8221;176103&#8243; img_size=&#8221;large&#8221; alignment=&#8221;center&#8221; style=&#8221;vc_box_rounded&#8221; onclick=&#8221;custom_link&#8221; link=&#8221;https:\/\/us.edu.pl\/wydzial\/wnst\/event\/espresso-z-ekspertami-dra-lukasza-lamzy\/&#8221;][\/vc_column][vc_column width=&#8221;1\/4&#8243;][vc_single_image image=&#8221;176104&#8243; img_size=&#8221;large&#8221; alignment=&#8221;center&#8221; style=&#8221;vc_box_rounded&#8221; onclick=&#8221;custom_link&#8221; link=&#8221;https:\/\/us.edu.pl\/wydzial\/wnst\/event\/espresso-z-ekspertami-wyklad-dra-hab-jacka-szczytko\/&#8221;][\/vc_column][vc_column width=&#8221;1\/4&#8243;][vc_single_image image=&#8221;182765&#8243; img_size=&#8221;large&#8221; alignment=&#8221;center&#8221; style=&#8221;vc_box_rounded&#8221; onclick=&#8221;custom_link&#8221; link=&#8221;https:\/\/us.edu.pl\/wydzial\/wnst\/event\/espresso-z-ekspertami-wyklad-redaktora-wiktora-niedzickiego&#8221;][\/vc_column][vc_column width=&#8221;1\/4&#8243;][vc_single_image image=&#8221;180760&#8243; img_size=&#8221;large&#8221; alignment=&#8221;center&#8221; style=&#8221;vc_box_rounded&#8221; onclick=&#8221;custom_link&#8221; link=&#8221;https:\/\/us.edu.pl\/wydzial\/wnst\/event\/espresso-z-ekspertami-wyklad-dra-hab-jacka-szczytko\/&#8221;][\/vc_column][\/vc_row][vc_row][vc_column css=&#8221;.vc_custom_1712829490903{border-top-width: 4px !important;border-right-width: 4px !important;border-bottom-width: 4px !important;border-left-width: 4px !important;background-color: #ef7d00 !important;border-radius: 4px !important;}&#8221;]\r\n                <div class=\"text-modules\">\r\n                    <div class=\"container\">\r\n                        \r\n                        <div class=\"text-modules__content\"><p><span style=\"color: #003366;\">Wydarzenie realizowane jest w ramach obchod\u00f3w Europejskiego Miasta Nauki Katowice 2024, w pa\u015bmie Miasto-Region-Akademia. Wydarzenie jest dofinansowane ze \u015brodk\u00f3w Wojew\u00f3dztwa \u015al\u0105skiego \u2013 Wsp\u00f3\u0142organizatora Europejskiego Miasta Nauki Katowice 2024.<\/span><\/p>\n<\/div>\r\n                    <\/div>\r\n                <\/div>[\/vc_column][\/vc_row]<\/p>","protected":false},"excerpt":{"rendered":"<p>[vc_row][vc_column][\/vc_column][\/vc_row][vc_row el_class=&#8221;container&#8221;][vc_column width=&#8221;1\/2&#8243;][\/vc_column][vc_column width=&#8221;1\/2&#8243;][vc_single_image image=&#8221;174759&#8243; img_size=&#8221;large&#8221; alignment=&#8221;right&#8221; style=&#8221;vc_box_rounded&#8221;][\/vc_column][\/vc_row][vc_row][vc_column][vc_empty_space height=&#8221;6&#8243; css=&#8221;.vc_custom_1712829066339{background-color: #ef7d00 !important;}&#8221;][\/vc_column][\/vc_row][vc_row][vc_column][\/vc_column][\/vc_row][vc_row el_class=&#8221;container&#8221;][vc_column width=&#8221;1\/4&#8243;][vc_single_image image=&#8221;176103&#8243; img_size=&#8221;large&#8221; alignment=&#8221;center&#8221; style=&#8221;vc_box_rounded&#8221; onclick=&#8221;custom_link&#8221; link=&#8221;https:\/\/us.edu.pl\/wydzial\/wnst\/event\/espresso-z-ekspertami-dra-lukasza-lamzy\/&#8221;][\/vc_column][vc_column width=&#8221;1\/4&#8243;][vc_single_image image=&#8221;176104&#8243; img_size=&#8221;large&#8221; alignment=&#8221;center&#8221; style=&#8221;vc_box_rounded&#8221; onclick=&#8221;custom_link&#8221; link=&#8221;https:\/\/us.edu.pl\/wydzial\/wnst\/event\/espresso-z-ekspertami-wyklad-dra-hab-jacka-szczytko\/&#8221;][\/vc_column][vc_column width=&#8221;1\/4&#8243;][vc_single_image image=&#8221;182765&#8243; img_size=&#8221;large&#8221; alignment=&#8221;center&#8221; style=&#8221;vc_box_rounded&#8221; onclick=&#8221;custom_link&#8221; link=&#8221;https:\/\/us.edu.pl\/wydzial\/wnst\/event\/espresso-z-ekspertami-wyklad-redaktora-wiktora-niedzickiego&#8221;][\/vc_column][vc_column width=&#8221;1\/4&#8243;][vc_single_image image=&#8221;180760&#8243; img_size=&#8221;large&#8221; alignment=&#8221;center&#8221; style=&#8221;vc_box_rounded&#8221; onclick=&#8221;custom_link&#8221; link=&#8221;https:\/\/us.edu.pl\/wydzial\/wnst\/event\/espresso-z-ekspertami-wyklad-dra-hab-jacka-szczytko\/&#8221;][\/vc_column][\/vc_row][vc_row][vc_column css=&#8221;.vc_custom_1712829490903{border-top-width: 4px !important;border-right-width: 4px !important;border-bottom-width: 4px !important;border-left-width: 4px !important;background-color: #ef7d00 !important;border-radius: 4px !important;}&#8221;][\/vc_column][\/vc_row] [&#8230;]<\/p>\n<p><a class=\"btn btn-secondary understrap-read-more-link\" href=\"https:\/\/us.edu.pl\/wydzial\/wnst\/badania-naukowe\/konferencje\/espresso-z-ekspertami-inspirujace-spotkania-mlodych-z-mistrzami-nauki\/\">Read More&#8230;<\/a><\/p>\n","protected":false},"author":92,"featured_media":0,"parent":5225,"menu_order":0,"comment_status":"closed","ping_status":"closed","template":"","meta":{"_expiration-date-status":"","_expiration-date":0,"_expiration-date-type":"","_expiration-date-categories":[],"_expiration-date-options":[]},"acf":[],"_links":{"self":[{"href":"https:\/\/us.edu.pl\/wydzial\/wnst\/wp-json\/wp\/v2\/pages\/174756"}],"collection":[{"href":"https:\/\/us.edu.pl\/wydzial\/wnst\/wp-json\/wp\/v2\/pages"}],"about":[{"href":"https:\/\/us.edu.pl\/wydzial\/wnst\/wp-json\/wp\/v2\/types\/page"}],"author":[{"embeddable":true,"href":"https:\/\/us.edu.pl\/wydzial\/wnst\/wp-json\/wp\/v2\/users\/92"}],"replies":[{"embeddable":true,"href":"https:\/\/us.edu.pl\/wydzial\/wnst\/wp-json\/wp\/v2\/comments?post=174756"}],"version-history":[{"count":10,"href":"https:\/\/us.edu.pl\/wydzial\/wnst\/wp-json\/wp\/v2\/pages\/174756\/revisions"}],"predecessor-version":[{"id":182769,"href":"https:\/\/us.edu.pl\/wydzial\/wnst\/wp-json\/wp\/v2\/pages\/174756\/revisions\/182769"}],"up":[{"embeddable":true,"href":"https:\/\/us.edu.pl\/wydzial\/wnst\/wp-json\/wp\/v2\/pages\/5225"}],"wp:attachment":[{"href":"https:\/\/us.edu.pl\/wydzial\/wnst\/wp-json\/wp\/v2\/media?parent=174756"}],"curies":[{"name":"wp","href":"https:\/\/api.w.org\/{rel}","templated":true}]}}