{"id":175250,"date":"2024-05-09T08:35:27","date_gmt":"2024-05-09T06:35:27","guid":{"rendered":"https:\/\/us.edu.pl\/wydzial\/wnst\/?page_id=175250"},"modified":"2025-01-30T17:27:55","modified_gmt":"2025-01-30T16:27:55","slug":"warsztaty-chemiczne-dla-entuzjastow","status":"publish","type":"page","link":"https:\/\/us.edu.pl\/wydzial\/wnst\/wspolpraca\/szkoly\/kwantowanie\/warsztaty-chemiczne-dla-entuzjastow\/","title":{"rendered":"warsztaty chemiczne dla entuzjast\u00f3w"},"content":{"rendered":"<p>[vc_row el_class=&#8221;container&#8221;][vc_column]\r\n                <div class=\"text-modules\">\r\n                    <div class=\"container\">\r\n                        \r\n                        <div class=\"text-modules__content\"><\/p>\n<p><center><img class=\"aligncenter wp-image-174381 size-full\" src=\"https:\/\/us.edu.pl\/wydzial\/wnst\/wp-content\/uploads\/sites\/18\/Bez-kategorii\/logo-1.jpg\" alt=\"cztery flagi: niebieska z 3 gwiazdami, flaga polski, flaga unii europejskiej, \u017c\u00f3\u0142ty orze\u0142 na niebieskim tle\" width=\"100%\" height=\"auto\" srcset=\"https:\/\/us.edu.pl\/wydzial\/wnst\/wp-content\/uploads\/sites\/18\/Bez-kategorii\/logo-1.jpg 1385w, https:\/\/us.edu.pl\/wydzial\/wnst\/wp-content\/uploads\/sites\/18\/Bez-kategorii\/logo-1-300x32.jpg 300w, https:\/\/us.edu.pl\/wydzial\/wnst\/wp-content\/uploads\/sites\/18\/Bez-kategorii\/logo-1-1024x108.jpg 1024w, https:\/\/us.edu.pl\/wydzial\/wnst\/wp-content\/uploads\/sites\/18\/Bez-kategorii\/logo-1-768x81.jpg 768w, https:\/\/us.edu.pl\/wydzial\/wnst\/wp-content\/uploads\/sites\/18\/Bez-kategorii\/logo-1-575x61.jpg 575w\" sizes=\"(max-width: 1385px) 100vw, 1385px\" \/><\/center><\/p>\n<\/div>\r\n                    <\/div>\r\n                <\/div>\r\n                <div class=\"text-modules\">\r\n                    <div class=\"container\">\r\n                        \r\n                        <div class=\"text-modules__content\"><\/p>\n<h3 style=\"text-align: left;\"><span style=\"color: #002e5a;\"><strong>Projekt edukacyjny<br \/>\n\u201eInformatyka kwantowa i chemia na rzecz zielonej przysz\u0142o\u015bci<br \/>\nUniwersytet \u015al\u0105ski w Katowicach wspiera student\u00f3w i uczni\u00f3w szk\u00f3\u0142 ponadpodstawowych\u201d<\/strong><\/span><\/h3>\n<p>\n<\/div>\r\n                    <\/div>\r\n                <\/div>[vc_column_text css=&#8221;.vc_custom_1738254280963{border-top-width: 4px !important;border-right-width: 4px !important;border-bottom-width: 4px !important;border-left-width: 4px !important;padding-top: 8px !important;padding-right: 8px !important;padding-bottom: 8px !important;padding-left: 8px !important;background-color: #94c11f !important;border-left-color: #94c11f !important;border-left-style: solid !important;border-right-color: #94c11f !important;border-right-style: solid !important;border-top-color: #94c11f !important;border-top-style: solid !important;border-bottom-color: #94c11f !important;border-bottom-style: solid !important;border-radius: 3px !important;}&#8221;]<\/p>\n<p style=\"text-align: left;\">Projekt realizowany jest w ramach programu Fundusze Europejskie dla \u015al\u0105skiego 2021\u20132027 (Fundusz na rzecz Sprawiedliwej Transformacji) dla Priorytetu: FESL.10.00-Fundusze Europejskie na transformacj\u0119 dla Dzia\u0142ania: FESL.10.25-Rozw\u00f3j kszta\u0142cenia wy\u017cszego zgodnie z potrzebami zielonej gospodarki.<\/p>\n<p>[\/vc_column_text][vc_separator color=&#8221;custom&#8221; accent_color=&#8221;#94c11f&#8221;][\/vc_column][\/vc_row][vc_row el_class=&#8221;container&#8221;][vc_column]\r\n                <div class=\"text-modules\">\r\n                    <div class=\"container\">\r\n                        \r\n                        <div class=\"text-modules__content\"><\/p>\n<h3 style=\"text-align: left;\"><span style=\"color: #002e5a;\"><strong>Zadanie 3. Warsztaty chemiczne dla entuzjast\u00f3w &#8211; wsparcie uczni\u00f3w szk\u00f3\u0142 ponadpodstawowych w przygotowaniu do egzamin\u00f3w maturalnych i konkurs\u00f3w przedmiotowych<\/strong><\/span><\/h3>\n<p>\n<\/div>\r\n                    <\/div>\r\n                <\/div>[\/vc_column][\/vc_row][vc_row el_class=&#8221;container&#8221;][vc_column width=&#8221;2\/3&#8243;]\r\n                <div class=\"text-modules\">\r\n                    <div class=\"container\">\r\n                        \r\n                        <div class=\"text-modules__content\"><p>Serdecznie zapraszamy entuzjast\u00f3w chemii do udzia\u0142u w naszych warsztatach, kt\u00f3re stanowi\u0105 doskona\u0142e wsparcie w przygotowaniu do egzaminu maturalnego oraz konkurs\u00f3w przedmiotowych. Nasz program skupia si\u0119 przede wszystkim na praktycznym podej\u015bciu do nauki, umo\u017cliwiaj\u0105c uczestnikom lepsze zrozumienie zagadnie\u0144 chemicznych i podniesienie swoich umiej\u0119tno\u015bci laboratoryjnych.<\/p>\n<p>Podczas zaj\u0119\u0107 laboratoryjnych uczestnicy i uczestniczki b\u0119d\u0105 mieli okazj\u0119 przeprowadza\u0107 r\u00f3\u017cnorodne do\u015bwiadczenia chemiczne, co pozwoli im na praktyczne zastosowanie zdobytej wiedzy teoretycznej. Nasze warsztaty odbywaj\u0105 si\u0119 w ma\u0142ych grupach, co umo\u017cliwia bardziej indywidualne podej\u015bcie do potrzeb ka\u017cdego uczestnika i uczestniczki. Dodatkowo oferujemy tak\u017ce indywidualne zaj\u0119cia mentoringowe, skupiaj\u0105ce si\u0119 na przygotowaniu do konkurs\u00f3w przedmiotowych.<\/p>\n<p>Proponujemy nast\u0119puj\u0105ce formy wsparcia:<\/p>\n<ul>\n<li><strong>Przygotowanie do egzaminu maturalnego z chemii &#8211; warsztaty<\/strong> laboratoryjno-konwersatoryjne &#8211; dzia\u0142anie realizowane jako:\n<ul>\n<li><strong>intensywne kursy maturalne z chemii<\/strong> w wymiarze 45 godzin dydaktycznych. Planujemy 2 edycje zaj\u0119\u0107. Rekrutacja do 1 edycji zaj\u0119\u0107 rozpocznie si\u0119 w czwartym kwartale 2024 roku, realizacja zaj\u0119\u0107 to luty \u2013 maj 2025 (1 edycja). 2 edycja: rok akademicki 2025\/26<\/li>\n<li><strong>przygotowanie do egzaminu maturalnego z chemii<\/strong> &#8211; 75 godzin \u2013 1 edycja: rekrutacja w drugim kwartale 2024 roku, zaj\u0119cia rozpoczn\u0105 si\u0119 po zrekrutowaniu odpowiedniej liczby uczni\u00f3w i uczennic oraz po ustaleniu z prowadz\u0105cymi dogodnych termin\u00f3w. Nie wykluczamy realizacji cz\u0119\u015bci zaj\u0119\u0107 w wakacje 2024 r. 2 edycja \u2013 2025\/26.<\/li>\n<\/ul>\n<\/li>\n<li><strong>Wsparcie uczestnik\u00f3w konkurs\u00f3w przedmiotowych z zakresu chemii i nauk pokrewnych<\/strong> \u2013 skierowane do 10 os\u00f3b ucz\u0105cych si\u0119, wsparcie w wymiarze 60 godzin indywidualnych zaj\u0119\u0107 laboratoryjnych z chemii i nauk pokrewnych \u2013 lista proponowanych zakres\u00f3w konkurs\u00f3w przedmiotowych zostanie podana w og\u0142oszeniu rekrutacyjnym.<\/li>\n<li><strong>Wsparcie finalist\u00f3w i laureat\u00f3w konkurs\u00f3w przedmiotowych z zakresu chemii i nauk pokrewnych <\/strong>\u2013 skierowane do 4 os\u00f3b ucz\u0105cych si\u0119 \u2013 finalist\u00f3w i laureat\u00f3w konkurs\u00f3w przedmiotowych w wymiarze 20 godzin zaj\u0119\u0107 w formie mentoringu.<\/li>\n<\/ul>\n<p><strong>REKRUTACJA<\/strong><br \/>\nProsimy o \u015bledzenie informacji zawartych w sekcji <a href=\"https:\/\/us.edu.pl\/wydzial\/wnst\/wspolpraca\/szkoly\/kwantowanie\/#1646663012309-e7aac3db-140f\" target=\"_blank\" rel=\"noopener\">Rekrutacja<\/a> \u2013 to tam b\u0119d\u0105 si\u0119 pojawia\u0107 og\u0142oszenia rekrutacyjne do odpowiedniej formy wsparcia.<\/p>\n<\/div>\r\n                    <\/div>\r\n                <\/div>[\/vc_column][vc_column width=&#8221;1\/3&#8243;][vc_single_image image=&#8221;12778&#8243; img_size=&#8221;large&#8221; alignment=&#8221;center&#8221;][\/vc_column][\/vc_row][vc_row el_class=&#8221;container&#8221;][vc_column][vc_separator color=&#8221;custom&#8221; border_width=&#8221;2&#8243; accent_color=&#8221;#002e5a&#8221;][vc_column_text]<\/p>\n<h3><span style=\"color: #002e5a;\"><strong>Kontakt<\/strong><\/span><\/h3>\n<p style=\"text-align: left;\"><strong><span style=\"color: #002a5e;\">Biuro Projektu<\/span><\/strong><br \/>\n<span style=\"color: #002a5e;\">Wydzia\u0142 Nauk \u015acis\u0142ych i Technicznych<br \/>\n<\/span>40-006 Katowice, ul. Bankowa 14, pok\u00f3j 323<br \/>\ntel.: 32 359 2452<\/p>\n<p style=\"text-align: left;\"><strong>Koordynator Projektu:<\/strong> dr Katarzyna Kowalska-Szojda, prof. U\u015a<br \/>\nE-mail: <a title=\"napisz do koordynatora projektu\" href=\"mailto:katarzyna.kowalska-szojda@us.edu.pl\">katarzyna.kowalska-szojda@us.edu.pl<\/a><br \/>\ntel.: 32 359 1460<\/p>\n<p style=\"text-align: left;\"><strong>Asystentka ds. administracyjnych:<\/strong> mgr Ewelina \u015alusarek<br \/>\n<span style=\"color: #002a5e;\">E-mail: <a title=\"napisz do asystentki do spraw administracyjnych\" href=\"mailto:ewelina.slusarek@us.edu.pl\">ewelina.slusarek@us.edu.pl<\/a><br \/>\ntel.: 32 359 2452<\/span><\/p>\n<p><strong><a href=\"https:\/\/www.facebook.com\/hashtag\/FunduszeUE\/\">#FunduszeUE<\/a><\/strong><br \/>\n<strong><a href=\"https:\/\/www.facebook.com\/hashtag\/funduszeeuropejskie\" target=\"_blank\" rel=\"noopener\">#FunduszeEuropejskie<\/a><\/strong>[\/vc_column_text][vc_btn title=&#8221;powr\u00f3t do strony g\u0142\u00f3wnej&#8221; style=&#8221;outline-custom&#8221; outline_custom_color=&#8221;#002e5a&#8221; outline_custom_hover_background=&#8221;#002e5a&#8221; outline_custom_hover_text=&#8221;#ffffff&#8221; align=&#8221;center&#8221; link=&#8221;url:https%3A%2F%2Fus.edu.pl%2Fwydzial%2Fwnst%2Fwspolpraca%2Fszkoly%2Fkwantowanie%2F&#8221;][\/vc_column][\/vc_row]<\/p>","protected":false},"excerpt":{"rendered":"<p>[vc_row el_class=&#8221;container&#8221;][vc_column][vc_column_text css=&#8221;.vc_custom_1738254280963{border-top-width: 4px !important;border-right-width: 4px !important;border-bottom-width: 4px !important;border-left-width: 4px !important;padding-top: 8px !important;padding-right: 8px !important;padding-bottom: 8px !important;padding-left: 8px !important;background-color: #94c11f !important;border-left-color: #94c11f !important;border-left-style: solid !important;border-right-color: #94c11f !important;border-right-style: solid !important;border-top-color: #94c11f !important;border-top-style: solid !important;border-bottom-color: #94c11f !important;border-bottom-style: solid !important;border-radius: 3px !important;}&#8221;] Projekt realizowany jest w ramach programu Fundusze Europejskie dla \u015al\u0105skiego 2021\u20132027 (Fundusz na rzecz Sprawiedliwej Transformacji) [&#8230;]<\/p>\n<p><a class=\"btn btn-secondary understrap-read-more-link\" href=\"https:\/\/us.edu.pl\/wydzial\/wnst\/wspolpraca\/szkoly\/kwantowanie\/warsztaty-chemiczne-dla-entuzjastow\/\">Read More&#8230;<\/a><\/p>\n","protected":false},"author":92,"featured_media":0,"parent":174553,"menu_order":0,"comment_status":"closed","ping_status":"closed","template":"","meta":{"_expiration-date-status":"","_expiration-date":0,"_expiration-date-type":"","_expiration-date-categories":[],"_expiration-date-options":[]},"acf":[],"_links":{"self":[{"href":"https:\/\/us.edu.pl\/wydzial\/wnst\/wp-json\/wp\/v2\/pages\/175250"}],"collection":[{"href":"https:\/\/us.edu.pl\/wydzial\/wnst\/wp-json\/wp\/v2\/pages"}],"about":[{"href":"https:\/\/us.edu.pl\/wydzial\/wnst\/wp-json\/wp\/v2\/types\/page"}],"author":[{"embeddable":true,"href":"https:\/\/us.edu.pl\/wydzial\/wnst\/wp-json\/wp\/v2\/users\/92"}],"replies":[{"embeddable":true,"href":"https:\/\/us.edu.pl\/wydzial\/wnst\/wp-json\/wp\/v2\/comments?post=175250"}],"version-history":[{"count":2,"href":"https:\/\/us.edu.pl\/wydzial\/wnst\/wp-json\/wp\/v2\/pages\/175250\/revisions"}],"predecessor-version":[{"id":186359,"href":"https:\/\/us.edu.pl\/wydzial\/wnst\/wp-json\/wp\/v2\/pages\/175250\/revisions\/186359"}],"up":[{"embeddable":true,"href":"https:\/\/us.edu.pl\/wydzial\/wnst\/wp-json\/wp\/v2\/pages\/174553"}],"wp:attachment":[{"href":"https:\/\/us.edu.pl\/wydzial\/wnst\/wp-json\/wp\/v2\/media?parent=175250"}],"curies":[{"name":"wp","href":"https:\/\/api.w.org\/{rel}","templated":true}]}}