{"id":17826,"date":"2021-10-05T14:45:26","date_gmt":"2021-10-05T12:45:26","guid":{"rendered":"https:\/\/us.edu.pl\/wydzial\/wnst\/?page_id=17826"},"modified":"2021-10-13T11:49:19","modified_gmt":"2021-10-13T09:49:19","slug":"mobilnosc-student","status":"publish","type":"page","link":"https:\/\/us.edu.pl\/wydzial\/wnst\/strona-glowna\/mobilnosc\/mobilnosc-student\/","title":{"rendered":"mobilno\u015b\u0107 student"},"content":{"rendered":"<p>[vc_row content_placement=&#8221;middle&#8221; el_class=&#8221;container&#8221;][vc_column width=&#8221;1\/5&#8243; el_class=&#8221;shadow&#8221;]\r\n                <div class=\"text-modules\">\r\n                    <div class=\"container\">\r\n                        \r\n                        <div class=\"text-modules__content\"><p><a href=\"https:\/\/us.edu.pl\/wydzial\/wnst\/strona-glowna\/mobilnosc\/mobilnosc-student\/erasmus\/\"><img class=\"alignnone wp-image-17768 size-full\" src=\"https:\/\/us.edu.pl\/wydzial\/wnst\/wp-content\/uploads\/sites\/18\/Nieprzypisane\/erasmus-kwadrat.jpg\" alt=\"\" width=\"100%\" height=\"auto\" srcset=\"https:\/\/us.edu.pl\/wydzial\/wnst\/wp-content\/uploads\/sites\/18\/Nieprzypisane\/erasmus-kwadrat.jpg 479w, https:\/\/us.edu.pl\/wydzial\/wnst\/wp-content\/uploads\/sites\/18\/Nieprzypisane\/erasmus-kwadrat-300x297.jpg 300w\" sizes=\"(max-width: 479px) 100vw, 479px\" \/><\/a><\/p>\n<h3><\/h3>\n<p>\n<\/div>\r\n                    <\/div>\r\n                <\/div>[\/vc_column][vc_column width=&#8221;4\/5&#8243;][vc_empty_space height=&#8221;30&#8243;]\r\n                <div class=\"text-modules\">\r\n                    <div class=\"container\">\r\n                        \r\n                        <div class=\"text-modules__content\"><p>Erasmus+ to program uruchomiony przez Komisj\u0119 Europejsk\u0105 15 czerwca 1987 r. obejmuj\u0105cy szkolnictwo wy\u017csze, a maj\u0105cy na celu finansowanie wyjazd\u00f3w student\u00f3w na studia w innym kraju europejskim przez okres do jednego roku oraz wspieranie europejskiej wsp\u00f3\u0142pracy uczelni wy\u017cszych ze wszystkich kraj\u00f3w cz\u0142onkowskich UE, EOG oraz kandyduj\u0105cych, przez wsp\u00f3lne opracowanie program\u00f3w nauczania, a tak\u017ce wymiany kadry akademickiej.<\/p>\n<\/div>\r\n                    <\/div>\r\n                <\/div>[\/vc_column][\/vc_row][vc_row][vc_column]<div class=\"container\"><div class=\"separator\" style=\"background-color: #002E5A\"><\/div><\/div>[\/vc_column][\/vc_row][vc_row content_placement=&#8221;middle&#8221; el_class=&#8221;container&#8221;][vc_column width=&#8221;1\/5&#8243; el_class=&#8221;shadow&#8221;]\r\n                <div class=\"text-modules\">\r\n                    <div class=\"container\">\r\n                        \r\n                        <div class=\"text-modules__content\"><p><a href=\"https:\/\/us.edu.pl\/student\/mobilnosc\/wyjazdy-krajowe\/\"><img class=\"alignnone wp-image-17770 size-full\" src=\"https:\/\/us.edu.pl\/wydzial\/wnst\/wp-content\/uploads\/sites\/18\/Nieprzypisane\/most-kwadrat.jpg\" alt=\"\" width=\"100%\" height=\"auto\" srcset=\"https:\/\/us.edu.pl\/wydzial\/wnst\/wp-content\/uploads\/sites\/18\/Nieprzypisane\/most-kwadrat.jpg 479w, https:\/\/us.edu.pl\/wydzial\/wnst\/wp-content\/uploads\/sites\/18\/Nieprzypisane\/most-kwadrat-300x297.jpg 300w\" sizes=\"(max-width: 479px) 100vw, 479px\" \/><\/a><\/p>\n<h3><\/h3>\n<p>\n<\/div>\r\n                    <\/div>\r\n                <\/div>[\/vc_column][vc_column width=&#8221;4\/5&#8243;][vc_empty_space height=&#8221;30&#8243;]\r\n                <div class=\"text-modules\">\r\n                    <div class=\"container\">\r\n                        \r\n                        <div class=\"text-modules__content\"><p>MOST to program mobilno\u015bci student\u00f3w i doktorant\u00f3w. Umo\u017cliwia realizowanie semestralnych lub rocznych studi\u00f3w na uniwersytecie innym ni\u017c macierzysty. Uczestnik tego programu ma prawo ubiegania si\u0119 o przyj\u0119cie na wybrany przez siebie uniwersytet oraz prawo wyboru przedmiot\u00f3w realizowanych na r\u00f3\u017cnych semestrach studi\u00f3w danego kierunku lub kierunk\u00f3w pokrewnych, na podstawie istniej\u0105cych program\u00f3w studi\u00f3w na danym uniwersytecie.<br \/>\nUdzia\u0142 w programie jest bezp\u0142atny i niezale\u017cny od trybu studi\u00f3w.<\/p>\n<\/div>\r\n                    <\/div>\r\n                <\/div>[\/vc_column][\/vc_row][vc_row][vc_column]<div class=\"container\"><div class=\"separator\" style=\"background-color: #002E5A\"><\/div><\/div>[\/vc_column][\/vc_row][vc_row content_placement=&#8221;middle&#8221; el_class=&#8221;container&#8221;][vc_column width=&#8221;1\/5&#8243; el_class=&#8221;shadow&#8221;]\r\n                <div class=\"text-modules\">\r\n                    <div class=\"container\">\r\n                        \r\n                        <div class=\"text-modules__content\"><\/p>\n<h3><img class=\"alignnone wp-image-17772 size-full\" src=\"https:\/\/us.edu.pl\/wydzial\/wnst\/wp-content\/uploads\/sites\/18\/Nieprzypisane\/prom-kwadrat.jpg\" alt=\"\" width=\"100%\" height=\"auto\" srcset=\"https:\/\/us.edu.pl\/wydzial\/wnst\/wp-content\/uploads\/sites\/18\/Nieprzypisane\/prom-kwadrat.jpg 479w, https:\/\/us.edu.pl\/wydzial\/wnst\/wp-content\/uploads\/sites\/18\/Nieprzypisane\/prom-kwadrat-300x297.jpg 300w\" sizes=\"(max-width: 479px) 100vw, 479px\" \/><\/h3>\n<p>\n<\/div>\r\n                    <\/div>\r\n                <\/div>[\/vc_column][vc_column width=&#8221;4\/5&#8243;][vc_empty_space height=&#8221;30&#8243;]\r\n                <div class=\"text-modules\">\r\n                    <div class=\"container\">\r\n                        \r\n                        <div class=\"text-modules__content\"><p>Info o programie<\/p>\n<\/div>\r\n                    <\/div>\r\n                <\/div>[\/vc_column][\/vc_row][vc_row][vc_column]<div class=\"container\"><div class=\"separator\" style=\"background-color: #002E5A\"><\/div><\/div>[\/vc_column][\/vc_row]<\/p>","protected":false},"excerpt":{"rendered":"<p>[vc_row content_placement=&#8221;middle&#8221; el_class=&#8221;container&#8221;][vc_column width=&#8221;1\/5&#8243; el_class=&#8221;shadow&#8221;][\/vc_column][vc_column width=&#8221;4\/5&#8243;][vc_empty_space height=&#8221;30&#8243;][\/vc_column][\/vc_row][vc_row][vc_column][\/vc_column][\/vc_row][vc_row content_placement=&#8221;middle&#8221; el_class=&#8221;container&#8221;][vc_column width=&#8221;1\/5&#8243; el_class=&#8221;shadow&#8221;][\/vc_column][vc_column width=&#8221;4\/5&#8243;][vc_empty_space height=&#8221;30&#8243;][\/vc_column][\/vc_row][vc_row][vc_column][\/vc_column][\/vc_row][vc_row content_placement=&#8221;middle&#8221; el_class=&#8221;container&#8221;][vc_column width=&#8221;1\/5&#8243; el_class=&#8221;shadow&#8221;][\/vc_column][vc_column width=&#8221;4\/5&#8243;][vc_empty_space height=&#8221;30&#8243;][\/vc_column][\/vc_row][vc_row][vc_column][\/vc_column][\/vc_row] [&#8230;]<\/p>\n<p><a class=\"btn btn-secondary understrap-read-more-link\" href=\"https:\/\/us.edu.pl\/wydzial\/wnst\/strona-glowna\/mobilnosc\/mobilnosc-student\/\">Read More&#8230;<\/a><\/p>\n","protected":false},"author":92,"featured_media":0,"parent":17753,"menu_order":0,"comment_status":"closed","ping_status":"closed","template":"","meta":{"_expiration-date-status":"saved","_expiration-date":0,"_expiration-date-type":"","_expiration-date-categories":[],"_expiration-date-options":[]},"acf":[],"_links":{"self":[{"href":"https:\/\/us.edu.pl\/wydzial\/wnst\/wp-json\/wp\/v2\/pages\/17826"}],"collection":[{"href":"https:\/\/us.edu.pl\/wydzial\/wnst\/wp-json\/wp\/v2\/pages"}],"about":[{"href":"https:\/\/us.edu.pl\/wydzial\/wnst\/wp-json\/wp\/v2\/types\/page"}],"author":[{"embeddable":true,"href":"https:\/\/us.edu.pl\/wydzial\/wnst\/wp-json\/wp\/v2\/users\/92"}],"replies":[{"embeddable":true,"href":"https:\/\/us.edu.pl\/wydzial\/wnst\/wp-json\/wp\/v2\/comments?post=17826"}],"version-history":[{"count":15,"href":"https:\/\/us.edu.pl\/wydzial\/wnst\/wp-json\/wp\/v2\/pages\/17826\/revisions"}],"predecessor-version":[{"id":18217,"href":"https:\/\/us.edu.pl\/wydzial\/wnst\/wp-json\/wp\/v2\/pages\/17826\/revisions\/18217"}],"up":[{"embeddable":true,"href":"https:\/\/us.edu.pl\/wydzial\/wnst\/wp-json\/wp\/v2\/pages\/17753"}],"wp:attachment":[{"href":"https:\/\/us.edu.pl\/wydzial\/wnst\/wp-json\/wp\/v2\/media?parent=17826"}],"curies":[{"name":"wp","href":"https:\/\/api.w.org\/{rel}","templated":true}]}}