{"id":1811,"date":"2019-12-14T21:44:57","date_gmt":"2019-12-14T20:44:57","guid":{"rendered":"https:\/\/us.edu.pl\/wydzial\/wnst\/?page_id=1811"},"modified":"2024-11-20T15:06:57","modified_gmt":"2024-11-20T14:06:57","slug":"rady-dydaktyczne","status":"publish","type":"page","link":"https:\/\/us.edu.pl\/wydzial\/wnst\/strona-glowna\/wladze\/rady-dydaktyczne-2\/rady-dydaktyczne\/","title":{"rendered":"rada dydaktyczna fizyka"},"content":{"rendered":"<p>[vc_row el_class=&#8221;container&#8221;][vc_column]\r\n                <div class=\"text-modules\">\r\n                    <div class=\"container\">\r\n                        \r\n                        <div class=\"text-modules__content\"><\/p>\n<h3 style=\"text-align: left;\"><span style=\"color: #002e5a;\">Rada dydaktyczna kierunku: biofizyka, fizyka, fizyka medyczna, mikro i nanotechnologia<br \/>\nrok akademicki 2024\/2025<\/span><\/h3>\n<p><span style=\"color: #002e5a;\">z g\u0142osem stanowi\u0105cym<\/span><\/p>\n<ol>\n<li><span style=\"color: #002e5a;\">dr hab. Szymon Pu\u0142awski, prof. U\u015a &#8211; Dyrektor kierunku biofizyka, fizyka, fizyka medyczna, mikro i nanotechnologia &#8211; Przewodnicz\u0105cy<\/span><\/li>\n<li><span style=\"color: #002e5a;\">dr Katarzyna Balin, prof. U\u015a \u2013 Zast\u0119pca Dyrektora kierunku biofizyka, fizyka, fizyka medyczna, mikro i nanotechnologia \u2013 Zast\u0119pca Przewodnicz\u0105cego<\/span><\/li>\n<li>dr Aneta Szczygielska-\u0141aciak, prof. U\u015a<\/li>\n<li>dr hab. Roman Wrzalik, prof. U\u015a<\/li>\n<li>dr Dorota Zygad\u0142o<\/li>\n<li>dr Marzena Rams-Baron, prof. U\u015a<\/li>\n<li>dr hab. Justyna Knapik-Kowalczuk, prof. U\u015a<\/li>\n<li>dr Katarzyna Malarz, prof. U\u015a<\/li>\n<li>prof. dr n. fiz. hab. n. med. Armand Cholewka<\/li>\n<li>dr in\u017c. Teresa Kasprzyk-Kucewicz<\/li>\n<li>dr Karina Maciejewska, prof. U\u015a<\/li>\n<li>dr hab. Beata Koz\u0142owska, prof. U\u015a<\/li>\n<li>dr Anna Siemianowicz<\/li>\n<li>dr hab. Anna Bajorek, prof. U\u015a<\/li>\n<li>prof. dr hab. Jan S\u0142adkowski<\/li>\n<li>dr hab. El\u017cbieta Stephan, prof. U\u015a<\/li>\n<li>dr Marcin Kurpas, prof. U\u015a<\/li>\n<li>dr Micha\u0142 Pilch<\/li>\n<li>dr Katarzyna Schmidt, prof. U\u015a<\/li>\n<li>prof. dr hab. in\u017c. Artur Chrobak<\/li>\n<\/ol>\n<p><span style=\"color: #002e5a;\">przedstawiciele student\u00f3w (za\u0142\u0105cznik nr 1 do powo\u0142ania)<\/span><\/p>\n<ol>\n<li>Pawe\u0142 Moryc \u2013 student I stopnia fizyki<\/li>\n<li>Anna Janowska &#8211; studentka II stopnia fizyki<\/li>\n<li>Pawe\u0142 Jaskulski \u2013 student I stopnia biofizyki<\/li>\n<li>Anna Duda &#8211; studentka II stopnia biofizyki<\/li>\n<li>Zuzanna Buryan \u2013 studentka I stopnia fizyki medycznej<\/li>\n<\/ol>\n<p><span style=\"color: #003366;\">z g\u0142osem doradczym:<\/span><\/p>\n<ol>\n<li>dr Mariusz Lisowski<\/li>\n<\/ol>\n<p><span style=\"color: #002e5a;\">z g\u0142osem doradczym przedstawiciele otoczenia spo\u0142eczno-gospodarczego (za\u0142\u0105cznik nr 2 do powo\u0142ania)<\/span><\/p>\n<ol>\n<li>Tomasz Iwanicki \u2013 Elekta Poland<\/li>\n<li>Aleksandra Klimas \u2013 Zag\u0142\u0119biowskie Centrum Onkologii<\/li>\n<li>dr Beata Englisz \u2013 Laboratorium pomiar\u00f3w radiologicznych GL Center<\/li>\n<li>Jaros\u0142aw Mi\u015b \u2013 OPTOPOL Technology Sp. z o.o.<\/li>\n<li>Grzegorz Soko\u0142owski \u2013 przedstawiciel naukowy Precoptic \u2013 mikroskopy Nikon<\/li>\n<li>Tomasz Suli\u0144ski \u2013 Senior Professional Education &amp; Development Manager Alcon Polska sp. zo.o.<\/li>\n<li>dr Emil Kaptur \u2013 StorkJet sp. z o.o.<\/li>\n<\/ol>\n<p>\n<\/div>\r\n                    <\/div>\r\n                <\/div>[\/vc_column][\/vc_row]<\/p>","protected":false},"excerpt":{"rendered":"<p>[vc_row el_class=&#8221;container&#8221;][vc_column][\/vc_column][\/vc_row] [&#8230;]<\/p>\n<p><a class=\"btn btn-secondary understrap-read-more-link\" href=\"https:\/\/us.edu.pl\/wydzial\/wnst\/strona-glowna\/wladze\/rady-dydaktyczne-2\/rady-dydaktyczne\/\">Read More&#8230;<\/a><\/p>\n","protected":false},"author":92,"featured_media":0,"parent":1873,"menu_order":0,"comment_status":"closed","ping_status":"closed","template":"","meta":{"_expiration-date-status":"saved","_expiration-date":0,"_expiration-date-type":"","_expiration-date-categories":[],"_expiration-date-options":[]},"acf":[],"_links":{"self":[{"href":"https:\/\/us.edu.pl\/wydzial\/wnst\/wp-json\/wp\/v2\/pages\/1811"}],"collection":[{"href":"https:\/\/us.edu.pl\/wydzial\/wnst\/wp-json\/wp\/v2\/pages"}],"about":[{"href":"https:\/\/us.edu.pl\/wydzial\/wnst\/wp-json\/wp\/v2\/types\/page"}],"author":[{"embeddable":true,"href":"https:\/\/us.edu.pl\/wydzial\/wnst\/wp-json\/wp\/v2\/users\/92"}],"replies":[{"embeddable":true,"href":"https:\/\/us.edu.pl\/wydzial\/wnst\/wp-json\/wp\/v2\/comments?post=1811"}],"version-history":[{"count":10,"href":"https:\/\/us.edu.pl\/wydzial\/wnst\/wp-json\/wp\/v2\/pages\/1811\/revisions"}],"predecessor-version":[{"id":182404,"href":"https:\/\/us.edu.pl\/wydzial\/wnst\/wp-json\/wp\/v2\/pages\/1811\/revisions\/182404"}],"up":[{"embeddable":true,"href":"https:\/\/us.edu.pl\/wydzial\/wnst\/wp-json\/wp\/v2\/pages\/1873"}],"wp:attachment":[{"href":"https:\/\/us.edu.pl\/wydzial\/wnst\/wp-json\/wp\/v2\/media?parent=1811"}],"curies":[{"name":"wp","href":"https:\/\/api.w.org\/{rel}","templated":true}]}}