{"id":184860,"date":"2025-01-09T14:26:44","date_gmt":"2025-01-09T13:26:44","guid":{"rendered":"https:\/\/us.edu.pl\/wydzial\/wnst\/?page_id=184860"},"modified":"2025-01-09T15:24:49","modified_gmt":"2025-01-09T14:24:49","slug":"swieto-liczby-pi-xviii-edycja","status":"publish","type":"page","link":"https:\/\/us.edu.pl\/wydzial\/wnst\/wspolpraca\/szkoly\/swieto-liczby-pi\/swieto-liczby-pi-xviii-edycja\/","title":{"rendered":"XVIII \u015awi\u0119to Liczby Pi 2024"},"content":{"rendered":"<p>[vc_row el_class=&#8221;container&#8221;][vc_column width=&#8221;2\/5&#8243; el_class=&#8221;container&#8221;][vc_row_inner][vc_column_inner][\/vc_column_inner][\/vc_row_inner]\r\n                <div class=\"text-modules\">\r\n                    <div class=\"container\">\r\n                        \r\n                        <div class=\"text-modules__content\"><p><a href=\"https:\/\/us.edu.pl\/wydzial\/wnst\/plakat-13\/\"><img class=\"wp-image-173573 size-medium\" src=\"https:\/\/us.edu.pl\/wydzial\/wnst\/wp-content\/uploads\/sites\/18\/zdjecia-wydarzenia\/Swieto-Liczby-Pi\/plakat.png\" alt=\"\" width=\"100%\" height=\"auto\" srcset=\"https:\/\/us.edu.pl\/wydzial\/wnst\/wp-content\/uploads\/sites\/18\/zdjecia-wydarzenia\/Swieto-Liczby-Pi\/plakat.png 2953w, https:\/\/us.edu.pl\/wydzial\/wnst\/wp-content\/uploads\/sites\/18\/zdjecia-wydarzenia\/Swieto-Liczby-Pi\/plakat-212x300.png 212w, https:\/\/us.edu.pl\/wydzial\/wnst\/wp-content\/uploads\/sites\/18\/zdjecia-wydarzenia\/Swieto-Liczby-Pi\/plakat-724x1024.png 724w, https:\/\/us.edu.pl\/wydzial\/wnst\/wp-content\/uploads\/sites\/18\/zdjecia-wydarzenia\/Swieto-Liczby-Pi\/plakat-768x1086.png 768w, https:\/\/us.edu.pl\/wydzial\/wnst\/wp-content\/uploads\/sites\/18\/zdjecia-wydarzenia\/Swieto-Liczby-Pi\/plakat-1086x1536.png 1086w, https:\/\/us.edu.pl\/wydzial\/wnst\/wp-content\/uploads\/sites\/18\/zdjecia-wydarzenia\/Swieto-Liczby-Pi\/plakat-1448x2048.png 1448w, https:\/\/us.edu.pl\/wydzial\/wnst\/wp-content\/uploads\/sites\/18\/zdjecia-wydarzenia\/Swieto-Liczby-Pi\/plakat-407x575.png 407w\" sizes=\"(max-width: 2953px) 100vw, 2953px\" \/><\/a><\/p>\n<p style=\"text-align: center;\"><small>Plakat XVIII \u015awi\u0119ta Liczby Pi <\/small><\/p>\n<p>\n<\/div>\r\n                    <\/div>\r\n                <\/div>[\/vc_column][vc_column width=&#8221;3\/5&#8243;]\r\n                <div class=\"text-modules\">\r\n                    <div class=\"container\">\r\n                        \r\n                        <div class=\"text-modules__content\"><\/p>\n<p style=\"text-align: center;\"><span style=\"font-size: 130%; color: #003366;\"><strong>XVIII \u015awi\u0119to Liczby Pi<\/strong><\/span><\/p>\n<p><span style=\"color: #002e5a;\">\u015awi\u0119to Liczby Pi to wydarzenie popularyzatorskie, kt\u00f3rego data dyktowana jest przez 3 pierwsze cyfry liczby \u03c0: 3,14\u2026 Przypomnijmy, \u017ce jest to ameryka\u0144ski zapis daty 14 marca.<\/span><\/p>\n<p><span style=\"color: #002e5a;\">Podczas \u015awi\u0119ta uczniowie szk\u00f3\u0142 podstawowych i ponadpodstawowych bior\u0105 udzia\u0142 w wyk\u0142adach, warsztatach, pokazach organizowanych przez pracownik\u00f3w i student\u00f3w Wydzia\u0142u Nauk \u015acis\u0142ych i Technicznych. Trudne zagadnienia przedstawiamy w uproszczonej formie.<\/span><\/p>\n<p><span style=\"color: #002e5a;\">W 2024 r. \u015awi\u0119to Liczby Pi jest cz\u0119\u015bci\u0105 <a style=\"color: #002e5a;\" href=\"https:\/\/us.edu.pl\/europejskie-miasto-nauki\/50-tygodni-w-miescie-nauki\/#1701085724750-8909c8ee-cb0c\" target=\"_blank\" rel=\"noopener\">Tygodnia Liczb w ramach Europejskiego Miasta Nauki Katowice 2024<\/a>. \u015awi\u0119to odb\u0119dzie si\u0119 w dniach 14 i 15 marca w Katowicach, Chorzowie i\u00a0 Sosnowcu.<\/span><\/p>\n<p style=\"text-align: center;\"><span style=\"color: #002e5a;\">Wyk\u0142ad inauguracyjny pt.\u00a0\u201e<strong>Niesko\u0144czono\u015b\u0107 a modelowanie wielowymiarowe w sporcie<\/strong>\u201d wyg\u0142osz\u0105: dr Grzegorz Mikrut i dr hab. in\u017c. Robert Roczniok, prof. AWF z Akademii Wychowania Fizycznego im. Jerzego Kukuczki w Katowicach.<\/span><\/p>\n<p>\n<\/div>\r\n                    <\/div>\r\n                <\/div>[vc_btn title=&#8221;Transmisja wyk\u0142adu inauguracyjnego&#8221; style=&#8221;custom&#8221; custom_background=&#8221;#ed3896&#8243; custom_text=&#8221;#ffffff&#8221; align=&#8221;center&#8221; button_block=&#8221;true&#8221; link=&#8221;url:https%3A%2F%2Fwww.youtube.com%2Fwatch%3Fv%3DfHxmNQZmD-U|target:_blank&#8221;][\/vc_column][\/vc_row]<\/p>","protected":false},"excerpt":{"rendered":"<p>[vc_row el_class=&#8221;container&#8221;][vc_column width=&#8221;2\/5&#8243; el_class=&#8221;container&#8221;][vc_row_inner][vc_column_inner][\/vc_column_inner][\/vc_row_inner][\/vc_column][vc_column width=&#8221;3\/5&#8243;][vc_btn title=&#8221;Transmisja wyk\u0142adu inauguracyjnego&#8221; style=&#8221;custom&#8221; custom_background=&#8221;#ed3896&#8243; custom_text=&#8221;#ffffff&#8221; align=&#8221;center&#8221; button_block=&#8221;true&#8221; link=&#8221;url:https%3A%2F%2Fwww.youtube.com%2Fwatch%3Fv%3DfHxmNQZmD-U|target:_blank&#8221;][\/vc_column][\/vc_row] [&#8230;]<\/p>\n<p><a class=\"btn btn-secondary understrap-read-more-link\" href=\"https:\/\/us.edu.pl\/wydzial\/wnst\/wspolpraca\/szkoly\/swieto-liczby-pi\/swieto-liczby-pi-xviii-edycja\/\">Read More&#8230;<\/a><\/p>\n","protected":false},"author":92,"featured_media":0,"parent":742,"menu_order":0,"comment_status":"closed","ping_status":"closed","template":"page-templates\/page-with-sidebar.php","meta":{"_expiration-date-status":"","_expiration-date":0,"_expiration-date-type":"","_expiration-date-categories":[],"_expiration-date-options":[]},"acf":[],"_links":{"self":[{"href":"https:\/\/us.edu.pl\/wydzial\/wnst\/wp-json\/wp\/v2\/pages\/184860"}],"collection":[{"href":"https:\/\/us.edu.pl\/wydzial\/wnst\/wp-json\/wp\/v2\/pages"}],"about":[{"href":"https:\/\/us.edu.pl\/wydzial\/wnst\/wp-json\/wp\/v2\/types\/page"}],"author":[{"embeddable":true,"href":"https:\/\/us.edu.pl\/wydzial\/wnst\/wp-json\/wp\/v2\/users\/92"}],"replies":[{"embeddable":true,"href":"https:\/\/us.edu.pl\/wydzial\/wnst\/wp-json\/wp\/v2\/comments?post=184860"}],"version-history":[{"count":3,"href":"https:\/\/us.edu.pl\/wydzial\/wnst\/wp-json\/wp\/v2\/pages\/184860\/revisions"}],"predecessor-version":[{"id":184903,"href":"https:\/\/us.edu.pl\/wydzial\/wnst\/wp-json\/wp\/v2\/pages\/184860\/revisions\/184903"}],"up":[{"embeddable":true,"href":"https:\/\/us.edu.pl\/wydzial\/wnst\/wp-json\/wp\/v2\/pages\/742"}],"wp:attachment":[{"href":"https:\/\/us.edu.pl\/wydzial\/wnst\/wp-json\/wp\/v2\/media?parent=184860"}],"curies":[{"name":"wp","href":"https:\/\/api.w.org\/{rel}","templated":true}]}}