{"id":1870,"date":"2019-12-15T00:07:42","date_gmt":"2019-12-14T23:07:42","guid":{"rendered":"https:\/\/us.edu.pl\/wydzial\/wnst\/?page_id=1870"},"modified":"2024-11-19T09:52:46","modified_gmt":"2024-11-19T08:52:46","slug":"rady-dydaktyczne-inzynierie-2","status":"publish","type":"page","link":"https:\/\/us.edu.pl\/wydzial\/wnst\/strona-glowna\/wladze\/rady-dydaktyczne-2\/rady-dydaktyczne-inzynierie-2\/","title":{"rendered":"rada dydaktyczna in\u017cynieria"},"content":{"rendered":"<p>[vc_row el_class=&#8221;container&#8221;][vc_column]\r\n                <div class=\"text-modules\">\r\n                    <div class=\"container\">\r\n                        \r\n                        <div class=\"text-modules__content\"><\/p>\n<h3 style=\"text-align: left;\"><span style=\"color: #002e5a;\">Rada dydaktyczna kierunk\u00f3w: in\u017cynieria\u00a0biomedyczna, in\u017cynieria\u00a0materia\u0142owa, mechatronika<br \/>\nrok akademicki 2024\/2025<\/span><\/h3>\n<p><span style=\"color: #002e5a;\">z g\u0142osem stanowi\u0105cym:<\/span><\/p>\n<ol>\n<li><span style=\"color: #002e5a;\">dr Ma\u0142gorzata Janik &#8211; Dyrektor kierunku in\u017cynieria biomedyczna, in\u017cynieria materia\u0142owa, mechatronika &#8211; Przewodnicz\u0105ca<\/span><\/li>\n<li><span style=\"color: #002e5a;\">dr hab. Ma\u0142gorzata Karolus, prof. U\u015a \u2013 Zast\u0119pca Dyrektora kierunku in\u017cynieria biomedyczna, in\u017cynieria materia\u0142owa, mechatronika \u2013 Zast\u0119pca Przewodnicz\u0105cej<\/span><\/li>\n<li>dr hab. Aneta Hanc-Kuczkowska, prof. U\u015a<\/li>\n<li>dr in\u017c. Mariusz Marzec<\/li>\n<li>dr hab. Beata Wodecka-Du\u015b, prof. U\u015a<\/li>\n<li>dr Pawe\u0142 Popielski<\/li>\n<li>dr Ma\u0142gorzata P\u0142o\u0144ska<\/li>\n<li>dr in\u017c. Micha\u0142 Dworak<\/li>\n<li>dr Joanna Panek<\/li>\n<li>dr in\u017c. Szymon Sikorski<\/li>\n<li>dr Tomasz Kmita<\/li>\n<li>dr Rados\u0142aw Zachariasz<\/li>\n<li>dr Wojciech Gurdziel<\/li>\n<\/ol>\n<p><span style=\"color: #002e5a;\">przedstawiciele student\u00f3w (zgodnie z za\u0142\u0105cznikiem nr 1 do powo\u0142ania)<\/span><\/p>\n<ol>\n<li>Patrycja Gw\u00f3\u017ad\u017a &#8211; studentka I stopnia IB<\/li>\n<li>Wiktoria Morawiec &#8211; studentka II stopnia IB<\/li>\n<li>Marcin Socz\u00f3wka \u2013 student I stopnia IM<\/li>\n<li>Delfina Nowi\u0144ska &#8211; studentka II stopnia IM<\/li>\n<li>Krzysztof Sosi\u0144ski &#8211; student I stopnia Mechatronika<\/li>\n<li>\u0141ukasz Szczypa &#8211; student II stopnia Mechatronika<\/li>\n<\/ol>\n<p><span style=\"color: #002e5a;\">z g\u0142osem doradczym przedstawiciele otoczenia spo\u0142eczno-gospodarczego (zgodnie z za\u0142\u0105cznikiem nr 2)<\/span><\/p>\n<ol>\n<li>Micha\u0142 Mr\u00f3z \u2013 Mecama Sp. z o.o.<\/li>\n<li>Jerzy Dybich &#8211; Valbruna Polska, BHH Mikrohuta, BHH MicroMed<\/li>\n<\/ol>\n<p>\n<\/div>\r\n                    <\/div>\r\n                <\/div>[\/vc_column][\/vc_row]<\/p>","protected":false},"excerpt":{"rendered":"<p>[vc_row el_class=&#8221;container&#8221;][vc_column][\/vc_column][\/vc_row] [&#8230;]<\/p>\n<p><a class=\"btn btn-secondary understrap-read-more-link\" href=\"https:\/\/us.edu.pl\/wydzial\/wnst\/strona-glowna\/wladze\/rady-dydaktyczne-2\/rady-dydaktyczne-inzynierie-2\/\">Read More&#8230;<\/a><\/p>\n","protected":false},"author":92,"featured_media":0,"parent":1873,"menu_order":0,"comment_status":"closed","ping_status":"closed","template":"","meta":{"_expiration-date-status":"saved","_expiration-date":0,"_expiration-date-type":"","_expiration-date-categories":[],"_expiration-date-options":[]},"acf":[],"_links":{"self":[{"href":"https:\/\/us.edu.pl\/wydzial\/wnst\/wp-json\/wp\/v2\/pages\/1870"}],"collection":[{"href":"https:\/\/us.edu.pl\/wydzial\/wnst\/wp-json\/wp\/v2\/pages"}],"about":[{"href":"https:\/\/us.edu.pl\/wydzial\/wnst\/wp-json\/wp\/v2\/types\/page"}],"author":[{"embeddable":true,"href":"https:\/\/us.edu.pl\/wydzial\/wnst\/wp-json\/wp\/v2\/users\/92"}],"replies":[{"embeddable":true,"href":"https:\/\/us.edu.pl\/wydzial\/wnst\/wp-json\/wp\/v2\/comments?post=1870"}],"version-history":[{"count":10,"href":"https:\/\/us.edu.pl\/wydzial\/wnst\/wp-json\/wp\/v2\/pages\/1870\/revisions"}],"predecessor-version":[{"id":182193,"href":"https:\/\/us.edu.pl\/wydzial\/wnst\/wp-json\/wp\/v2\/pages\/1870\/revisions\/182193"}],"up":[{"embeddable":true,"href":"https:\/\/us.edu.pl\/wydzial\/wnst\/wp-json\/wp\/v2\/pages\/1873"}],"wp:attachment":[{"href":"https:\/\/us.edu.pl\/wydzial\/wnst\/wp-json\/wp\/v2\/media?parent=1870"}],"curies":[{"name":"wp","href":"https:\/\/api.w.org\/{rel}","templated":true}]}}