{"id":2657,"date":"2020-01-26T09:33:12","date_gmt":"2020-01-26T08:33:12","guid":{"rendered":"https:\/\/us.edu.pl\/wydzial\/wnst\/?page_id=2657"},"modified":"2025-12-19T09:27:31","modified_gmt":"2025-12-19T08:27:31","slug":"biuro-organizacyjne","status":"publish","type":"page","link":"https:\/\/us.edu.pl\/wydzial\/wnst\/strona-glowna\/struktura\/administracja\/biuro-organizacyjne\/","title":{"rendered":"Biuro organizacyjne"},"content":{"rendered":"<p>[vc_row][vc_column][vc_column_text][\/vc_column_text][\/vc_column][\/vc_row][vc_row el_class=&#8221;container&#8221;][vc_column width=&#8221;1\/4&#8243;]\r\n                <div class=\"text-modules \">\r\n                    <div class=\"container\">\r\n                        <h3 class=\"section-title section-title_border-bottom\">Biuro organizacyjne Wydzia\u0142u<\/h3> \r\n                        <div class=\"row m-0\">\r\n                            <div class=\"text-modules__content\">\r\n                                 \r\n                                <div class=\"mt-3\"><\/div>\r\n                            <\/div>\r\n                            \r\n                            \r\n                        <\/div>\r\n                    <\/div>\r\n                <\/div>[\/vc_column][vc_column width=&#8221;3\/4&#8243;]\r\n                <div class=\"text-modules reverse\">\r\n                    <div class=\"container\">\r\n                         \r\n                        <div class=\"row m-0\">\r\n                            <div class=\"text-modules__content\">\r\n                                <strong>mgr Martyna Kantorysi\u0144ska \u2013 kierownik organizacyjny Wydzia\u0142u<\/strong><br \/>\nadres: ul. Bankowa 14 pok. 222, 40-007 Katowice,<br \/>\ntelefon: 32 359 16 52, email: <a href=\"mailto:martyna.kantorysinska@us.edu.pl\">martyna.kantorysinska@us.edu.pl<\/a><\/p>\n<div class=\"mt-3\"><\/div>\r\n                            <\/div>\r\n                            \r\n                            <div class=\"text-modules__img\"><img src=\"https:\/\/us.edu.pl\/wydzial\/wnst\/wp-content\/uploads\/sites\/18\/Nieprzypisane\/Martyna-Kantorysi\u0144ska_DSC_3311-1-1-240x300.jpg\" alt=\"img\"><\/div>\r\n                        <\/div>\r\n                    <\/div>\r\n                <\/div>\r\n                <div class=\"text-modules reverse\">\r\n                    <div class=\"container\">\r\n                         \r\n                        <div class=\"row m-0\">\r\n                            <div class=\"text-modules__content\">\r\n                                <strong>mgr Agata Ko\u0142odziejczyk \u2013 zast\u0119pca kierownika organizacyjnego Wydzia\u0142u<\/strong><br \/>\nadres: ul. \u017bytnia 12 pok. 28, 41-200 Sosnowiec,<br \/>\ntelefon: 32 269 18 45, email: <a href=\"mailto:agata.kolodziejczyk@us.edu.pl\">agata.kolodziejczyk@us.edu.pl<\/a><\/p>\n<p>&nbsp;<\/p>\n<p>&nbsp;<\/p>\n<div class=\"mt-3\"><\/div>\r\n                            <\/div>\r\n                            \r\n                            \r\n                        <\/div>\r\n                    <\/div>\r\n                <\/div>[\/vc_column][\/vc_row][vc_row el_class=&#8221;container&#8221;][vc_column width=&#8221;1\/4&#8243;][vc_wp_text]<\/p>\n<h3>obszar dzia\u0142ania<\/h3>\n<p>&#8211; koordynacja przep\u0142ywu informacji wewn\u0105trz Wydzia\u0142u i pomi\u0119dzy Wydzia\u0142em a innymi jednostkami Uniwersytetu,<br \/>\n&#8211; obs\u0142uga spraw osobowych,<br \/>\n&#8211; sprawozdawczo\u015b\u0107 finansowa Wydzia\u0142u,<br \/>\n&#8211; promocja Wydzia\u0142u,<br \/>\n&#8211; rejestracja dokument\u00f3w finansowych (faktury, noty ksi\u0119gowe),<br \/>\n&#8211; obs\u0142uga wyjazd\u00f3w krajowych i zagranicznych,<br \/>\n&#8211; sk\u0142adanie wniosk\u00f3w o zakup; w tym do magazyn\u00f3w,<br \/>\n&#8211; prowadzenie rejestr\u00f3w skarg, wniosk\u00f3w i za\u017cale\u0144.[\/vc_wp_text][\/vc_column][vc_column width=&#8221;1\/4&#8243;][vc_wp_text title=&#8221;Sosnowiec&#8221;]<\/p>\n<ul>\n<li><a href=\"https:\/\/ab.us.edu.pl\/emp?id=62863\">mgr Magda Korbela<\/a><\/li>\n<li><a href=\"https:\/\/ab.us.edu.pl\/emp?id=22362\">mgr Justyna Przybylska<\/a><\/li>\n<\/ul>\n<p>[\/vc_wp_text][\/vc_column][vc_column width=&#8221;1\/4&#8243;][vc_wp_text title=&#8221;Katowice&#8221;]<\/p>\n<ul>\n<li><a href=\"https:\/\/ab.us.edu.pl\/emp?id=PE131488\">mgr Marzena Drozdek-M\u0142odzik<\/a><\/li>\n<li><a href=\"https:\/\/ab.us.edu.pl\/emp?id=23362\" target=\"_blank\" rel=\"noopener\">mgr Jolanta Rorbek<\/a><\/li>\n<li><a href=\"https:\/\/ab.us.edu.pl\/emp?id=44341\" target=\"_blank\" rel=\"noopener\">mgr Izabela Schisler<\/a><\/li>\n<li><a href=\"https:\/\/ab.us.edu.pl\/emp?id=27152\" target=\"_blank\" rel=\"noopener\">mgr Agnieszka Szlesi\u0144ska<\/a><\/li>\n<li><a href=\"https:\/\/ab.us.edu.pl\/emp?id=31932\" target=\"_blank\" rel=\"noopener\">Barbara Zaj\u0105c<\/a><\/li>\n<\/ul>\n<p>[\/vc_wp_text][\/vc_column][vc_column width=&#8221;1\/4&#8243;][vc_wp_text title=&#8221;Chorz\u00f3w&#8221;]<\/p>\n<ul>\n<li><a href=\"https:\/\/ab.us.edu.pl\/emp?id=1692\">mgr Marzena Bochnak<\/a>\u00a0<em><small>d\u0142u\u017csza nieobecno\u015b\u0107<\/small><\/em><\/li>\n<li><a href=\"https:\/\/ab.us.edu.pl\/emp?id=PE265374\">mgr Karolina Gurdziel<\/a><\/li>\n<li><a href=\"https:\/\/ab.us.edu.pl\/emp?id=19982\">mgr Ma\u0142gorzata Orli\u0144ska<\/a><\/li>\n<\/ul>\n<p>[\/vc_wp_text][\/vc_column][\/vc_row][vc_row][vc_column][vc_column_text][\/vc_column_text][\/vc_column][\/vc_row]<\/p>","protected":false},"excerpt":{"rendered":"<p>[vc_row][vc_column][vc_column_text][\/vc_column_text][\/vc_column][\/vc_row][vc_row el_class=&#8221;container&#8221;][vc_column width=&#8221;1\/4&#8243;][\/vc_column][vc_column width=&#8221;3\/4&#8243;][\/vc_column][\/vc_row][vc_row el_class=&#8221;container&#8221;][vc_column width=&#8221;1\/4&#8243;][vc_wp_text] obszar dzia\u0142ania &#8211; koordynacja przep\u0142ywu informacji wewn\u0105trz Wydzia\u0142u i pomi\u0119dzy Wydzia\u0142em a innymi jednostkami Uniwersytetu, &#8211; obs\u0142uga spraw osobowych, &#8211; sprawozdawczo\u015b\u0107 finansowa Wydzia\u0142u, &#8211; promocja Wydzia\u0142u, &#8211; rejestracja dokument\u00f3w finansowych (faktury, noty ksi\u0119gowe), &#8211; obs\u0142uga wyjazd\u00f3w krajowych i zagranicznych, &#8211; sk\u0142adanie wniosk\u00f3w o zakup; w tym do magazyn\u00f3w, &#8211; [&#8230;]<\/p>\n<p><a class=\"btn btn-secondary understrap-read-more-link\" href=\"https:\/\/us.edu.pl\/wydzial\/wnst\/strona-glowna\/struktura\/administracja\/biuro-organizacyjne\/\">Read More&#8230;<\/a><\/p>\n","protected":false},"author":92,"featured_media":0,"parent":987,"menu_order":0,"comment_status":"closed","ping_status":"closed","template":"","meta":{"_expiration-date-status":"","_expiration-date":0,"_expiration-date-type":"","_expiration-date-categories":[],"_expiration-date-options":[]},"acf":[],"_links":{"self":[{"href":"https:\/\/us.edu.pl\/wydzial\/wnst\/wp-json\/wp\/v2\/pages\/2657"}],"collection":[{"href":"https:\/\/us.edu.pl\/wydzial\/wnst\/wp-json\/wp\/v2\/pages"}],"about":[{"href":"https:\/\/us.edu.pl\/wydzial\/wnst\/wp-json\/wp\/v2\/types\/page"}],"author":[{"embeddable":true,"href":"https:\/\/us.edu.pl\/wydzial\/wnst\/wp-json\/wp\/v2\/users\/92"}],"replies":[{"embeddable":true,"href":"https:\/\/us.edu.pl\/wydzial\/wnst\/wp-json\/wp\/v2\/comments?post=2657"}],"version-history":[{"count":10,"href":"https:\/\/us.edu.pl\/wydzial\/wnst\/wp-json\/wp\/v2\/pages\/2657\/revisions"}],"predecessor-version":[{"id":203342,"href":"https:\/\/us.edu.pl\/wydzial\/wnst\/wp-json\/wp\/v2\/pages\/2657\/revisions\/203342"}],"up":[{"embeddable":true,"href":"https:\/\/us.edu.pl\/wydzial\/wnst\/wp-json\/wp\/v2\/pages\/987"}],"wp:attachment":[{"href":"https:\/\/us.edu.pl\/wydzial\/wnst\/wp-json\/wp\/v2\/media?parent=2657"}],"curies":[{"name":"wp","href":"https:\/\/api.w.org\/{rel}","templated":true}]}}