{"id":27030,"date":"2022-04-20T12:33:56","date_gmt":"2022-04-20T10:33:56","guid":{"rendered":"https:\/\/us.edu.pl\/wydzial\/wnst\/?page_id=27030"},"modified":"2023-01-24T10:25:38","modified_gmt":"2023-01-24T09:25:38","slug":"podsumowanie-xvi-swieto-liczby-pi","status":"publish","type":"page","link":"https:\/\/us.edu.pl\/wydzial\/wnst\/wspolpraca\/szkoly\/swieto-liczby-pi\/xvi-edycja\/podsumowanie-xvi-swieto-liczby-pi\/","title":{"rendered":"podsumowanie"},"content":{"rendered":"<p>[vc_row el_class=&#8221;container&#8221;][vc_column width=&#8221;1\/4&#8243; el_class=&#8221;container&#8221;]\r\n                <div class=\"text-modules\">\r\n                    <div class=\"container\">\r\n                        \r\n                        <div class=\"text-modules__content\"><p><img class=\"aligncenter wp-image-23911 size-full\" style=\"max-width: 330px;\" src=\"https:\/\/us.edu.pl\/wydzial\/wnst\/wp-content\/uploads\/sites\/18\/Nieprzypisane\/plakat_XVISLPi.png\" alt=\"\" width=\"100%\" height=\"auto\" srcset=\"https:\/\/us.edu.pl\/wydzial\/wnst\/wp-content\/uploads\/sites\/18\/Nieprzypisane\/plakat_XVISLPi.png 1000w, https:\/\/us.edu.pl\/wydzial\/wnst\/wp-content\/uploads\/sites\/18\/Nieprzypisane\/plakat_XVISLPi-212x300.png 212w, https:\/\/us.edu.pl\/wydzial\/wnst\/wp-content\/uploads\/sites\/18\/Nieprzypisane\/plakat_XVISLPi-768x1086.png 768w, https:\/\/us.edu.pl\/wydzial\/wnst\/wp-content\/uploads\/sites\/18\/Nieprzypisane\/plakat_XVISLPi-724x1024.png 724w, https:\/\/us.edu.pl\/wydzial\/wnst\/wp-content\/uploads\/sites\/18\/Nieprzypisane\/plakat_XVISLPi-407x575.png 407w\" sizes=\"(max-width: 1000px) 100vw, 1000px\" \/><\/p>\n<\/div>\r\n                    <\/div>\r\n                <\/div>[\/vc_column][vc_column width=&#8221;3\/4&#8243;]\r\n                <div class=\"text-modules\">\r\n                    <div class=\"container\">\r\n                        \r\n                        <div class=\"text-modules__content\"><\/p>\n<p style=\"text-align: center;\"><span style=\"font-size: 14pt;\"><strong><span style=\"color: #003c73;\">Podsumowanie XVI \u015awi\u0119ta Liczby Pi<\/span><\/strong><\/span><\/p>\n<p><span style=\"color: #003366;\"><strong>14 marca 2022<\/strong><\/span> roku odby\u0142o si\u0119 XVI \u015awi\u0119to Liczby Pi &#8211; wydarzenie popularyzuj\u0105ce nauk\u0119 skierowane do uczni\u00f3w szk\u00f3\u0142, student\u00f3w, a tak\u017ce sympatyk\u00f3w nauk matematycznych, \u015bcis\u0142ych i technicznych. Tak jak w przypadku dw\u00f3ch poprzednich edycji przeprowadzone zosta\u0142o w trybie zdalnym. W ramach wydarzenia odbiorcy mieli do wyboru wiele wyk\u0142ad\u00f3w ze wszystkich dziedzin nauki, kt\u00f3re praktykowane s\u0105 na Wydziale Nauk \u015acis\u0142ych i Technicznych U\u015a: chemii, fizyki, informatyki, in\u017cynierii biomedycznej, in\u017cynierii materia\u0142owej.<\/p>\n<p><span style=\"color: #003366;\"><strong>20<\/strong><\/span> wyk\u0142ad\u00f3w i <span style=\"color: #003366;\"><strong>7<\/strong><\/span> zaj\u0119\u0107 warsztatowych, kt\u00f3re sk\u0142ada\u0142y si\u0119 na wydarzenie, by\u0142o prowadzonych w dwojaki spos\u00f3b: w ramach (ponad <span style=\"color: #003366;\"><strong>6<\/strong><\/span>-godzinnej) otwartej transmisji na \u017cywo YOUTUBE (oraz Facebook) nadawanej ze studia nagraniowego, a tak\u017ce na platformie ZOOM w tematycznych klasach (matematycznej oraz \u015bcis\u0142o-technicznej). Zaj\u0119cia w klasach podlega\u0142y wcze\u015bniejszym zapisom. Dodatkowo przeprowadzono <span style=\"color: #003366;\"><strong>6<\/strong><\/span> rund zabawy &#8222;Pilionerzy&#8221;, w kt\u00f3rej uczestnicy poddali sprawdzianowi swoj\u0105 wiedz\u0119 matematyczn\u0105.<\/p>\n<p>Wyk\u0142ad inauguracyjny pt. &#8222;Sztuka generatywna, czyli czy AI jest tw\u00f3rcza?&#8221;, kt\u00f3ry odby\u0142 si\u0119 tradycyjnie o godzinie <span style=\"color: #003366;\"><strong>9:42<\/strong><\/span> (3xPi) wyg\u0142osi\u0142a prof. dr hab. Urszula Boryczka.<\/p>\n<p>W wydarzeniu wzi\u0119li udzia\u0142 uczniowie szk\u00f3\u0142 podstawowych oraz ponadpodstawowych przede wszystkim z wojew\u00f3dztwa \u015bl\u0105skiego. Wydarzenie online dotar\u0142o tak\u017ce do pozosta\u0142ych wojew\u00f3dztw w kraju. Wed\u0142ug statystyk XVI \u015awi\u0119to Liczby Pi zgromadzi\u0142o prawie <strong>55<span style=\"color: #003366;\">000<\/span><\/strong> odbiorc\u00f3w, a transmisja online zosta\u0142a wy\u015bwietlona <span style=\"color: #003366;\"><strong>3700<\/strong><\/span> razy.<\/p>\n<p>&nbsp;<\/p>\n<p><strong>Zapraszamy do ponownego obejrzenia wyk\u0142ad\u00f3w zaprezentowanych w ramach otwartej transmisji YOUTUBE:<\/strong><\/p>\n<ul>\n<li>dr Andrzej Tomski <a href=\"https:\/\/www.youtube.com\/watch?v=z1ShIoS-tCc&amp;t=105s\">Le\u015bna matematyka<\/a><\/li>\n<li>prof. dr hab. Urszula Boryczka <a href=\"https:\/\/www.youtube.com\/watch?v=z1ShIoS-tCc&amp;t=2494s\">Sztuka generatywna, czyli czy AI jest tw\u00f3rcza<\/a>\u00a0WYK\u0141AD INAUGURACYJNY<\/li>\n<li>prof. dr hab. in\u017c. Stanis\u0142aw Krompiec <a href=\"https:\/\/www.youtube.com\/watch?v=z1ShIoS-tCc&amp;t=5375s\">Katalizatory \u2013 magiczne pa\u0142eczki w r\u0119kach chemik\u00f3w<\/a><\/li>\n<li>dr \u0141ukasz Dawidowski i Kinga Wo\u017aniak <a href=\"https:\/\/www.youtube.com\/watch?v=z1ShIoS-tCc&amp;t=8118s\">Matematyka w konstrukcji odzie\u017cy<\/a><\/li>\n<li>dr Justyna Jurek-Suliga\u00a0<a href=\"https:\/\/www.youtube.com\/watch?v=z1ShIoS-tCc&amp;t=10818s\">Na tropie sprawcy \u2013 kryminalne zagadki z polimerem w roli g\u0142\u00f3wnej<\/a><\/li>\n<li>dr Mariusz Marzec <a href=\"https:\/\/www.youtube.com\/watch?v=z1ShIoS-tCc&amp;t=13503s\">Zastosowania termowizji w bezpiecze\u0144stwie i \u017cyciu codziennym<\/a><\/li>\n<li>dr hab. Jerzy Kubacki <a href=\"https:\/\/www.youtube.com\/watch?v=z1ShIoS-tCc&amp;t=16382s\">\u015awiet(l)ne oczy<\/a><\/li>\n<li>red. Wiktor Niedzicki <a href=\"https:\/\/www.youtube.com\/watch?v=z1ShIoS-tCc&amp;t=18712s\">B\u0142\u0119dy w nauce<\/a><\/li>\n<\/ul>\n<p>&nbsp;<\/p>\n<p style=\"text-align: right;\"><a href=\"https:\/\/us.edu.pl\/wydzial\/wnst\/wspolpraca\/szkoly\/swieto-liczby-pi\/\">wr\u00f3\u0107 do strony g\u0142\u00f3wnej<\/a><\/p>\n<p>\n<\/div>\r\n                    <\/div>\r\n                <\/div>[\/vc_column][\/vc_row]<\/p>","protected":false},"excerpt":{"rendered":"<p>[vc_row el_class=&#8221;container&#8221;][vc_column width=&#8221;1\/4&#8243; el_class=&#8221;container&#8221;][\/vc_column][vc_column width=&#8221;3\/4&#8243;][\/vc_column][\/vc_row] [&#8230;]<\/p>\n<p><a class=\"btn btn-secondary understrap-read-more-link\" href=\"https:\/\/us.edu.pl\/wydzial\/wnst\/wspolpraca\/szkoly\/swieto-liczby-pi\/xvi-edycja\/podsumowanie-xvi-swieto-liczby-pi\/\">Read More&#8230;<\/a><\/p>\n","protected":false},"author":3553,"featured_media":0,"parent":162988,"menu_order":0,"comment_status":"closed","ping_status":"closed","template":"","meta":{"_expiration-date-status":"","_expiration-date":0,"_expiration-date-type":"","_expiration-date-categories":[],"_expiration-date-options":[]},"acf":[],"_links":{"self":[{"href":"https:\/\/us.edu.pl\/wydzial\/wnst\/wp-json\/wp\/v2\/pages\/27030"}],"collection":[{"href":"https:\/\/us.edu.pl\/wydzial\/wnst\/wp-json\/wp\/v2\/pages"}],"about":[{"href":"https:\/\/us.edu.pl\/wydzial\/wnst\/wp-json\/wp\/v2\/types\/page"}],"author":[{"embeddable":true,"href":"https:\/\/us.edu.pl\/wydzial\/wnst\/wp-json\/wp\/v2\/users\/3553"}],"replies":[{"embeddable":true,"href":"https:\/\/us.edu.pl\/wydzial\/wnst\/wp-json\/wp\/v2\/comments?post=27030"}],"version-history":[{"count":10,"href":"https:\/\/us.edu.pl\/wydzial\/wnst\/wp-json\/wp\/v2\/pages\/27030\/revisions"}],"predecessor-version":[{"id":163003,"href":"https:\/\/us.edu.pl\/wydzial\/wnst\/wp-json\/wp\/v2\/pages\/27030\/revisions\/163003"}],"up":[{"embeddable":true,"href":"https:\/\/us.edu.pl\/wydzial\/wnst\/wp-json\/wp\/v2\/pages\/162988"}],"wp:attachment":[{"href":"https:\/\/us.edu.pl\/wydzial\/wnst\/wp-json\/wp\/v2\/media?parent=27030"}],"curies":[{"name":"wp","href":"https:\/\/api.w.org\/{rel}","templated":true}]}}