{"id":303,"date":"2019-10-23T09:40:53","date_gmt":"2019-10-23T07:40:53","guid":{"rendered":"https:\/\/us.edu.pl\/wydzial\/wnst\/?page_id=303"},"modified":"2025-12-16T15:40:49","modified_gmt":"2025-12-16T14:40:49","slug":"instytut-chemii","status":"publish","type":"page","link":"https:\/\/us.edu.pl\/wydzial\/wnst\/strona-glowna\/struktura\/instytuty-naukowe\/instytut-chemii\/","title":{"rendered":"Instytut Chemii"},"content":{"rendered":"<p>[vc_row el_class=&#8221;container&#8221;][vc_column width=&#8221;1\/2&#8243;]\r\n                <div class=\"text-modules reverse\">\r\n                    <div class=\"container\">\r\n                         \r\n                        <div class=\"row m-0\">\r\n                            <div class=\"text-modules__content\">\r\n                                <span style=\"color: #003366; font-size: 12pt;\"><strong>prof. dr hab. Robert Musio\u0142<\/strong><\/span><br \/>\n<span style=\"font-size: 12pt;\"><strong>Dyrektor Instytutu Chemii<\/strong><\/span> \r\n                                <div class=\"mt-3\"><a href=\"https:\/\/ab.us.edu.pl\/emp?id=18502\" class=\"link-button mr-3 \">kontakt<\/a><\/div>\r\n                            <\/div>\r\n                            \r\n                            \r\n                        <\/div>\r\n                    <\/div>\r\n                <\/div>\r\n                <div class=\"text-modules reverse\">\r\n                    <div class=\"container\">\r\n                         \r\n                        <div class=\"row m-0\">\r\n                            <div class=\"text-modules__content\">\r\n                                <span style=\"font-size: 12pt;\"><strong><span style=\"color: #003366;\"><span style=\"color: #003366; font-size: 12pt;\">dr Matusz Penkala<\/span><br \/>\n<\/span><\/strong><\/span><\/p>\n<p><span style=\"font-size: 12pt;\"><strong>Zast\u0119pca Dyrektora Instytutu Chemii<\/strong><\/span> \r\n                                <div class=\"mt-3\"><a href=\"https:\/\/ab.us.edu.pl\/emp?id=46511\" class=\"link-button mr-3 \">kontakt<\/a><\/div>\r\n                            <\/div>\r\n                            \r\n                            \r\n                        <\/div>\r\n                    <\/div>\r\n                <\/div>\r\n                <div class=\"text-modules\">\r\n                    <div class=\"container\">\r\n                        \r\n                        <div class=\"text-modules__content\"><\/p>\n<h3><span style=\"color: #002e5a;\">Kontakt<\/span><\/h3>\n<p class=\"rtecenter\"><strong>Biuro Ewaluacji i Obs\u0142ugi Instytut\u00f3w<\/strong><br \/>\nul. Szkolna 9 pok. 39, 40-006 Katowice<br \/>\ntel. 32 359 15 45<br \/>\nwww: <a href=\"https:\/\/us.edu.pl\/instytut\/ich\/\">https:\/\/us.edu.pl\/instytut\/ich\/<\/a>, e-mail: <a href=\"mailto:ich.wnst@us.edu.pl\">ich.wnst@us.edu.pl<\/a><\/p>\n<p>\n<\/div>\r\n                    <\/div>\r\n                <\/div>[vc_gmaps link=&#8221;#E-8_JTNDaWZyYW1lJTIwc3JjJTNEJTIyaHR0cHMlM0ElMkYlMkZ3d3cuZ29vZ2xlLmNvbSUyRm1hcHMlMkZlbWJlZCUzRnBiJTNEJTIxMW0xNCUyMTFtOCUyMTFtMyUyMTFkNjM3LjY4MDU2MjUwNjI0MDIlMjEyZDE5LjAyNjU0NjExODU0ODc4MyUyMTNkNTAuMjU5NzcxNTg3OTM2ODk2JTIxM20yJTIxMWkxMDI0JTIxMmk3NjglMjE0ZjEzLjElMjEzbTMlMjExbTIlMjExczB4NDcxNmNlMzY1YzEzNTUyZCUyNTNBMHg5YTViNzJkY2UwYWZiYzhlJTIxMnNVbml3ZXJzeXRldCUyNTIwJTI1QzUlMjU5QWwlMjVDNCUyNTg1c2tpJTI1MjBJbnN0eXR1dCUyNTIwQ2hlbWlpJTIxNWUwJTIxM20yJTIxMXNwbCUyMTJzcGwlMjE0djE1Nzg5OTYwMzQwNzQlMjE1bTIlMjExc3BsJTIxMnNwbCUyMiUyMHdpZHRoJTNEJTIyNjAwJTIyJTIwaGVpZ2h0JTNEJTIyNDUwJTIyJTIwZnJhbWVib3JkZXIlM0QlMjIwJTIyJTIwc3R5bGUlM0QlMjJib3JkZXIlM0EwJTNCJTIyJTIwYWxsb3dmdWxsc2NyZWVuJTNEJTIyJTIyJTNFJTNDJTJGaWZyYW1lJTNF&#8221; css=&#8221;.vc_custom_1578997102055{border-top-width: 1px !important;border-right-width: 1px !important;border-bottom-width: 1px !important;border-left-width: 1px !important;border-left-color: #002e5a !important;border-left-style: solid !important;border-right-color: #002e5a !important;border-right-style: solid !important;border-top-color: #002e5a !important;border-top-style: solid !important;border-bottom-color: #002e5a !important;border-bottom-style: solid !important;}&#8221;][\/vc_column][vc_column width=&#8221;1\/2&#8243; css=&#8221;.vc_custom_1578305941381{border-left-width: 1px !important;border-left-color: #c9c9c9 !important;border-left-style: solid !important;}&#8221;]\r\n                <div class=\"text-modules\">\r\n                    <div class=\"container\">\r\n                        <h3 class=\"page-title text__title\">Instytut Chemii<\/h3>\r\n                        <div class=\"text-modules__content\"><p>Strona www: <a href=\"https:\/\/us.edu.pl\/instytut\/ich\/\">https:\/\/us.edu.pl\/instytut\/ich\/<\/a><\/p>\n<p>Pracownicy Instytutu Chemii prowadz\u0105 i promuj\u0105 badania naukowe na bardzo wysokim poziomie w zakresie chemii i technologii chemicznej, w pe\u0142ni wpisuj\u0105ce si\u0119 w obecne \u015bwiatowe trendy. Prace badawcze, kt\u00f3rych si\u0119 podejmuj\u0105, charakteryzuj\u0105 si\u0119 zr\u00f3\u017cnicowan\u0105 tematyk\u0105, wielo\u015bci\u0105 zakres\u00f3w i profilem, s\u0105 to badania zar\u00f3wno podstawowe, jak i aplikacyjne. Wyr\u00f3\u017cnia je tak\u017ce interdyscyplinarno\u015b\u0107, w\u0142\u0105czanie w ich obszar zagadnie\u0144, wiedzy i najnowszych osi\u0105gni\u0119\u0107 z zakresu m.in. biologii, nauk medycznych, in\u017cynierii materia\u0142owej czy informatyki.<\/p>\n<\/div>\r\n                    <\/div>\r\n                <\/div>\r\n                <div class=\"text-modules\">\r\n                    <div class=\"container\">\r\n                        \r\n                        <div class=\"text-modules__content\"><p>Do najwa\u017cniejszych kierunk\u00f3w dzia\u0142alno\u015bci naukowo-badawczej w Instytucie Chemii nale\u017c\u0105 obecnie:<\/p>\n<ul>\n<li>otrzymywanie i badanie nowych materia\u0142\u00f3w i nanomateria\u0142\u00f3w nieorganicznych, organicznych i metaloorganicznych o strukturze i w\u0142a\u015bciwo\u015bciach dostosowanych do konkretnych zastosowa\u0144 w technologiach medycznych i biomedycznych, katalizie, przemy\u015ble spo\u017cywczym, optoelektronice, organicznej elektronice, fotowoltaice, jako materia\u0142\u00f3w termoelektrycznych lub magnetyk molekularnych;<\/li>\n<li>badania nad nowymi nanokompozytami i chemicznymi modyfikacjami grafenu oraz ich zastosowaniem w \u015bladowej i ultra\u015bladowej analizie nieorganicznej oraz ochronie \u015brodowiska;<\/li>\n<li>projektowanie i synteza potencjalnych lek\u00f3w o wysokiej aktywno\u015bci przeciwnowotworowej;<\/li>\n<li>badanie subtelnych efekt\u00f3w wp\u0142ywu struktury cieczy molekularnych oraz cieczy jonowych przejawiaj\u0105cych si\u0119 w ich wysokoci\u015bnieniowych w\u0142a\u015bciwo\u015bciach akustycznych i termodynamicznych oraz relaksacji ultrad\u017awi\u0119kowej i lepko\u015bciowej;<\/li>\n<li>analiza chemometryczna wielowymiarowych i wielomodalnych danych chemicznych;<\/li>\n<li>tworzenie nowych metod i nowych program\u00f3w komputerowych.<\/li>\n<\/ul>\n<p>\n<\/div>\r\n                    <\/div>\r\n                <\/div>[\/vc_column][\/vc_row]<\/p>","protected":false},"excerpt":{"rendered":"<p>[vc_row el_class=&#8221;container&#8221;][vc_column width=&#8221;1\/2&#8243;][vc_gmaps link=&#8221;#E-8_JTNDaWZyYW1lJTIwc3JjJTNEJTIyaHR0cHMlM0ElMkYlMkZ3d3cuZ29vZ2xlLmNvbSUyRm1hcHMlMkZlbWJlZCUzRnBiJTNEJTIxMW0xNCUyMTFtOCUyMTFtMyUyMTFkNjM3LjY4MDU2MjUwNjI0MDIlMjEyZDE5LjAyNjU0NjExODU0ODc4MyUyMTNkNTAuMjU5NzcxNTg3OTM2ODk2JTIxM20yJTIxMWkxMDI0JTIxMmk3NjglMjE0ZjEzLjElMjEzbTMlMjExbTIlMjExczB4NDcxNmNlMzY1YzEzNTUyZCUyNTNBMHg5YTViNzJkY2UwYWZiYzhlJTIxMnNVbml3ZXJzeXRldCUyNTIwJTI1QzUlMjU5QWwlMjVDNCUyNTg1c2tpJTI1MjBJbnN0eXR1dCUyNTIwQ2hlbWlpJTIxNWUwJTIxM20yJTIxMXNwbCUyMTJzcGwlMjE0djE1Nzg5OTYwMzQwNzQlMjE1bTIlMjExc3BsJTIxMnNwbCUyMiUyMHdpZHRoJTNEJTIyNjAwJTIyJTIwaGVpZ2h0JTNEJTIyNDUwJTIyJTIwZnJhbWVib3JkZXIlM0QlMjIwJTIyJTIwc3R5bGUlM0QlMjJib3JkZXIlM0EwJTNCJTIyJTIwYWxsb3dmdWxsc2NyZWVuJTNEJTIyJTIyJTNFJTNDJTJGaWZyYW1lJTNF&#8221; css=&#8221;.vc_custom_1578997102055{border-top-width: 1px !important;border-right-width: 1px !important;border-bottom-width: 1px !important;border-left-width: 1px !important;border-left-color: #002e5a !important;border-left-style: solid !important;border-right-color: #002e5a !important;border-right-style: solid !important;border-top-color: #002e5a !important;border-top-style: solid !important;border-bottom-color: #002e5a !important;border-bottom-style: solid !important;}&#8221;][\/vc_column][vc_column width=&#8221;1\/2&#8243; css=&#8221;.vc_custom_1578305941381{border-left-width: 1px !important;border-left-color: #c9c9c9 !important;border-left-style: solid !important;}&#8221;][\/vc_column][\/vc_row] [&#8230;]<\/p>\n<p><a class=\"btn btn-secondary understrap-read-more-link\" href=\"https:\/\/us.edu.pl\/wydzial\/wnst\/strona-glowna\/struktura\/instytuty-naukowe\/instytut-chemii\/\">Read More&#8230;<\/a><\/p>\n","protected":false},"author":1,"featured_media":0,"parent":297,"menu_order":0,"comment_status":"closed","ping_status":"closed","template":"","meta":{"_expiration-date-status":"saved","_expiration-date":0,"_expiration-date-type":"","_expiration-date-categories":[],"_expiration-date-options":[]},"acf":[],"_links":{"self":[{"href":"https:\/\/us.edu.pl\/wydzial\/wnst\/wp-json\/wp\/v2\/pages\/303"}],"collection":[{"href":"https:\/\/us.edu.pl\/wydzial\/wnst\/wp-json\/wp\/v2\/pages"}],"about":[{"href":"https:\/\/us.edu.pl\/wydzial\/wnst\/wp-json\/wp\/v2\/types\/page"}],"author":[{"embeddable":true,"href":"https:\/\/us.edu.pl\/wydzial\/wnst\/wp-json\/wp\/v2\/users\/1"}],"replies":[{"embeddable":true,"href":"https:\/\/us.edu.pl\/wydzial\/wnst\/wp-json\/wp\/v2\/comments?post=303"}],"version-history":[{"count":12,"href":"https:\/\/us.edu.pl\/wydzial\/wnst\/wp-json\/wp\/v2\/pages\/303\/revisions"}],"predecessor-version":[{"id":203307,"href":"https:\/\/us.edu.pl\/wydzial\/wnst\/wp-json\/wp\/v2\/pages\/303\/revisions\/203307"}],"up":[{"embeddable":true,"href":"https:\/\/us.edu.pl\/wydzial\/wnst\/wp-json\/wp\/v2\/pages\/297"}],"wp:attachment":[{"href":"https:\/\/us.edu.pl\/wydzial\/wnst\/wp-json\/wp\/v2\/media?parent=303"}],"curies":[{"name":"wp","href":"https:\/\/api.w.org\/{rel}","templated":true}]}}