{"id":317,"date":"2019-10-23T10:02:29","date_gmt":"2019-10-23T08:02:29","guid":{"rendered":"https:\/\/us.edu.pl\/wydzial\/wnst\/?page_id=317"},"modified":"2024-01-11T15:15:53","modified_gmt":"2024-01-11T14:15:53","slug":"instytut-informatyki","status":"publish","type":"page","link":"https:\/\/us.edu.pl\/wydzial\/wnst\/strona-glowna\/struktura\/instytuty-naukowe\/instytut-informatyki\/","title":{"rendered":"Instytut Informatyki"},"content":{"rendered":"<p>[vc_row el_class=&#8221;container&#8221;][vc_column width=&#8221;1\/2&#8243; css=&#8221;.vc_custom_1576367394433{margin-top: 3px !important;margin-left: 3px !important;border-top-width: 3px !important;border-left-width: 3px !important;padding-top: 3px !important;padding-left: 3px !important;}&#8221;]\r\n                <div class=\"text-modules reverse\">\r\n                    <div class=\"container\">\r\n                         \r\n                        <div class=\"row m-0\">\r\n                            <div class=\"text-modules__content\">\r\n                                <span style=\"color: #003366; font-size: 12pt;\"><strong>dr hab. in\u017c. Rafa\u0142 Doroz, prof. U\u015a<\/strong><\/span><br \/>\n<span style=\"font-size: 12pt;\"><strong>Dyrektor Instytutu Informatyki<\/strong><\/span> \r\n                                <div class=\"mt-3\"><a href=\"https:\/\/ab.us.edu.pl\/emp?id=39212\" class=\"link-button mr-3 \">kontakt<\/a><\/div>\r\n                            <\/div>\r\n                            \r\n                            <div class=\"text-modules__img\"><img src=\"https:\/\/us.edu.pl\/wydzial\/wnst\/wp-content\/uploads\/sites\/18\/Nieprzypisane\/Rafal-Doroz_DSC_3090-819x1024.jpg\" alt=\"img\"><\/div>\r\n                        <\/div>\r\n                    <\/div>\r\n                <\/div>\r\n                <div class=\"text-modules reverse\">\r\n                    <div class=\"container\">\r\n                         \r\n                        <div class=\"row m-0\">\r\n                            <div class=\"text-modules__content\">\r\n                                <span style=\"font-size: 12pt;\"><strong><span style=\"color: #003366;\"><span style=\"color: #003366; font-size: 12pt;\">dr hab. Beata Zielosko<\/span>, <span style=\"color: #003366; font-size: 12pt;\">prof. U\u015a<\/span><br \/>\n<\/span><\/strong><\/span><\/p>\n<p><span style=\"font-size: 12pt;\"><strong>Zast\u0119pca Dyrektora Instytutu Informatyki<\/strong><\/span> \r\n                                <div class=\"mt-3\"><a href=\"https:\/\/ab.us.edu.pl\/emp?id=38861\" class=\"link-button mr-3 \">kontakt<\/a><\/div>\r\n                            <\/div>\r\n                            \r\n                            <div class=\"text-modules__img\"><img src=\"https:\/\/us.edu.pl\/wydzial\/wnst\/wp-content\/uploads\/sites\/18\/Bez-kategorii\/zielosko-beata-771x1024.jpeg\" alt=\"img\"><\/div>\r\n                        <\/div>\r\n                    <\/div>\r\n                <\/div>\r\n                <div class=\"text-modules\">\r\n                    <div class=\"container\">\r\n                        \r\n                        <div class=\"text-modules__content\"><\/p>\n<h3><span style=\"color: #002e5a;\">Kontakt<\/span><\/h3>\n<p class=\"rtecenter\"><strong>Biuro Ewaluacji i Obs\u0142ugi Instytut\u00f3w<\/strong><br \/>\nul. B\u0119dzi\u0144ska 39, 41-200 Sosnowiec<br \/>\ntel. 32 368 97 60<br \/>\nwww: <a href=\"https:\/\/us.edu.pl\/instytut\/ii\/\">https:\/\/us.edu.pl\/instytut\/ii\/<\/a>, e-mail: <a href=\"mailto:agata.krawczyk-kalitowska@us.edu.pl\">agata.krawczyk-kalitowska@us.edu.pl<\/a><\/p>\n<p>\n<\/div>\r\n                    <\/div>\r\n                <\/div>[vc_gmaps link=&#8221;#E-8_JTNDaWZyYW1lJTIwc3JjJTNEJTIyaHR0cHMlM0ElMkYlMkZ3d3cuZ29vZ2xlLmNvbSUyRm1hcHMlMkZlbWJlZCUzRnBiJTNEJTIxMW0xOCUyMTFtMTIlMjExbTMlMjExZDUwOTcuODYwODY5MDcyMzQ5NSUyMTJkMTkuMTI4MDAzMTI4OTc1NTM2JTIxM2Q1MC4yOTMyMjY0MTc4MTU4OTUlMjEybTMlMjExZjAlMjEyZjAlMjEzZjAlMjEzbTIlMjExaTEwMjQlMjEyaTc2OCUyMTRmMTMuMSUyMTNtMyUyMTFtMiUyMTFzMHgwJTI1M0EweDNmZjQwNmNmMGYyY2I3ZGQlMjEyc0luc3R5dHV0JTI1MjBJbmZvcm1hdHlraSUyNTJDJTI1MjBXeWR6aWElMjVDNSUyNTgyJTI1MjBOYXVrJTI1MjAlMjVDNSUyNTlBY2lzJTI1QzUlMjU4MnljaCUyNTIwaSUyNTIwVGVjaG5pY3pueWNoJTI1MkMlMjUyMFVuaXdlcnN5dGV0JTI1MjAlMjVDNSUyNTlBbCUyNUM0JTI1ODVza2klMjE1ZTAlMjEzbTIlMjExc3BsJTIxMnNwbCUyMTR2MTU4MDkxMTY0NDY3OSUyMTVtMiUyMTFzcGwlMjEyc3BsJTIyJTIwd2lkdGglM0QlMjI2MDAlMjIlMjBoZWlnaHQlM0QlMjI0NTAlMjIlMjBmcmFtZWJvcmRlciUzRCUyMjElMjIlMjBzdHlsZSUzRCUyMmJvcmRlciUzQTAlM0IlMjIlMjBhbGxvd2Z1bGxzY3JlZW4lM0QlMjIlMjIlM0UlM0MlMkZpZnJhbWUlM0U=&#8221; css=&#8221;.vc_custom_1580911720984{border-top-width: 1px !important;border-right-width: 1px !important;border-bottom-width: 1px !important;border-left-width: 1px !important;border-left-style: solid !important;border-right-style: solid !important;border-top-style: solid !important;border-bottom-style: solid !important;}&#8221;][\/vc_column][vc_column width=&#8221;1\/2&#8243; css=&#8221;.vc_custom_1578306577267{border-left-width: 1px !important;border-left-color: #c9c9c9 !important;border-left-style: solid !important;}&#8221;]\r\n                <div class=\"text-modules\">\r\n                    <div class=\"container\">\r\n                        <h3 class=\"page-title text__title\">Instytut Informatyki<\/h3>\r\n                        <div class=\"text-modules__content\"><p>W Instytucie Informatyki prowadzone s\u0105 badania naukowe o charakterze teoretycznym oraz aplikacyjnym. Dzia\u0142alno\u015b\u0107 naukowa pracownik\u00f3w Instytutu koncentruje si\u0119 wok\u00f3\u0142 nast\u0119puj\u0105cych obszar\u00f3w badawczych:<\/p>\n<ul>\n<li>systemy ekspertowe oraz zastosowania teorii zbior\u00f3w przybli\u017conych do konstruowania system\u00f3w wspomagania decyzji;<\/li>\n<li>metody inteligencji obliczeniowej w systemach decyzyjnych;<\/li>\n<li>informatyczne podstawy biometrii oraz analiza danych w identyfikacji i weryfikacji to\u017csamo\u015bci;<\/li>\n<li>grafika komputerowa \u2013 teoria oraz zastosowanie w grach komputerowych;<\/li>\n<li>projektowanie i optymalizacja sieci sensorowych w systemach transportowych.<\/li>\n<\/ul>\n<p>\n<\/div>\r\n                    <\/div>\r\n                <\/div>[\/vc_column][\/vc_row]<\/p>","protected":false},"excerpt":{"rendered":"<p>[vc_row el_class=&#8221;container&#8221;][vc_column width=&#8221;1\/2&#8243; css=&#8221;.vc_custom_1576367394433{margin-top: 3px !important;margin-left: 3px !important;border-top-width: 3px !important;border-left-width: 3px !important;padding-top: 3px !important;padding-left: 3px !important;}&#8221;][vc_gmaps link=&#8221;#E-8_JTNDaWZyYW1lJTIwc3JjJTNEJTIyaHR0cHMlM0ElMkYlMkZ3d3cuZ29vZ2xlLmNvbSUyRm1hcHMlMkZlbWJlZCUzRnBiJTNEJTIxMW0xOCUyMTFtMTIlMjExbTMlMjExZDUwOTcuODYwODY5MDcyMzQ5NSUyMTJkMTkuMTI4MDAzMTI4OTc1NTM2JTIxM2Q1MC4yOTMyMjY0MTc4MTU4OTUlMjEybTMlMjExZjAlMjEyZjAlMjEzZjAlMjEzbTIlMjExaTEwMjQlMjEyaTc2OCUyMTRmMTMuMSUyMTNtMyUyMTFtMiUyMTFzMHgwJTI1M0EweDNmZjQwNmNmMGYyY2I3ZGQlMjEyc0luc3R5dHV0JTI1MjBJbmZvcm1hdHlraSUyNTJDJTI1MjBXeWR6aWElMjVDNSUyNTgyJTI1MjBOYXVrJTI1MjAlMjVDNSUyNTlBY2lzJTI1QzUlMjU4MnljaCUyNTIwaSUyNTIwVGVjaG5pY3pueWNoJTI1MkMlMjUyMFVuaXdlcnN5dGV0JTI1MjAlMjVDNSUyNTlBbCUyNUM0JTI1ODVza2klMjE1ZTAlMjEzbTIlMjExc3BsJTIxMnNwbCUyMTR2MTU4MDkxMTY0NDY3OSUyMTVtMiUyMTFzcGwlMjEyc3BsJTIyJTIwd2lkdGglM0QlMjI2MDAlMjIlMjBoZWlnaHQlM0QlMjI0NTAlMjIlMjBmcmFtZWJvcmRlciUzRCUyMjElMjIlMjBzdHlsZSUzRCUyMmJvcmRlciUzQTAlM0IlMjIlMjBhbGxvd2Z1bGxzY3JlZW4lM0QlMjIlMjIlM0UlM0MlMkZpZnJhbWUlM0U=&#8221; css=&#8221;.vc_custom_1580911720984{border-top-width: 1px !important;border-right-width: 1px !important;border-bottom-width: 1px !important;border-left-width: 1px !important;border-left-style: solid !important;border-right-style: solid !important;border-top-style: solid !important;border-bottom-style: solid !important;}&#8221;][\/vc_column][vc_column width=&#8221;1\/2&#8243; css=&#8221;.vc_custom_1578306577267{border-left-width: 1px !important;border-left-color: #c9c9c9 !important;border-left-style: solid !important;}&#8221;][\/vc_column][\/vc_row] [&#8230;]<\/p>\n<p><a class=\"btn btn-secondary understrap-read-more-link\" href=\"https:\/\/us.edu.pl\/wydzial\/wnst\/strona-glowna\/struktura\/instytuty-naukowe\/instytut-informatyki\/\">Read More&#8230;<\/a><\/p>\n","protected":false},"author":1,"featured_media":0,"parent":297,"menu_order":0,"comment_status":"closed","ping_status":"closed","template":"","meta":{"_expiration-date-status":"saved","_expiration-date":0,"_expiration-date-type":"","_expiration-date-categories":[],"_expiration-date-options":[]},"acf":[],"_links":{"self":[{"href":"https:\/\/us.edu.pl\/wydzial\/wnst\/wp-json\/wp\/v2\/pages\/317"}],"collection":[{"href":"https:\/\/us.edu.pl\/wydzial\/wnst\/wp-json\/wp\/v2\/pages"}],"about":[{"href":"https:\/\/us.edu.pl\/wydzial\/wnst\/wp-json\/wp\/v2\/types\/page"}],"author":[{"embeddable":true,"href":"https:\/\/us.edu.pl\/wydzial\/wnst\/wp-json\/wp\/v2\/users\/1"}],"replies":[{"embeddable":true,"href":"https:\/\/us.edu.pl\/wydzial\/wnst\/wp-json\/wp\/v2\/comments?post=317"}],"version-history":[{"count":10,"href":"https:\/\/us.edu.pl\/wydzial\/wnst\/wp-json\/wp\/v2\/pages\/317\/revisions"}],"predecessor-version":[{"id":172419,"href":"https:\/\/us.edu.pl\/wydzial\/wnst\/wp-json\/wp\/v2\/pages\/317\/revisions\/172419"}],"up":[{"embeddable":true,"href":"https:\/\/us.edu.pl\/wydzial\/wnst\/wp-json\/wp\/v2\/pages\/297"}],"wp:attachment":[{"href":"https:\/\/us.edu.pl\/wydzial\/wnst\/wp-json\/wp\/v2\/media?parent=317"}],"curies":[{"name":"wp","href":"https:\/\/api.w.org\/{rel}","templated":true}]}}