{"id":351,"date":"2019-10-23T10:55:26","date_gmt":"2019-10-23T08:55:26","guid":{"rendered":"https:\/\/us.edu.pl\/wydzial\/wnst\/?page_id=351"},"modified":"2025-12-01T12:22:47","modified_gmt":"2025-12-01T11:22:47","slug":"fizyka-medyczna","status":"publish","type":"page","link":"https:\/\/us.edu.pl\/wydzial\/wnst\/studia\/kandydat\/oferta-dydaktyczna\/fizyka-medyczna\/","title":{"rendered":"fizyka medyczna"},"content":{"rendered":"<p>[vc_row][vc_column]\r\n                <div class=\"text-modules reverse\">\r\n                    <div class=\"container\">\r\n                        <h3 class=\"section-title section-title_border-bottom\">Fizyka medyczna - studia stacjonarne I i II stopnia<\/h3> <h3 class=\"subtitle text-modules__subtitle\">j\u0119zyk wyk\u0142adowy - polski<\/h3>\r\n                        <div class=\"row m-0\">\r\n                            <div class=\"text-modules__content\">\r\n                                W kr\u0119gu zainteresowa\u0144 student\u00f3w kierunku fizyka medyczna mieszcz\u0105 si\u0119 fizyka, nowoczesne technologie, informatyka, a tak\u017ce medycyna. Nie lubisz si\u0119 ogranicza\u0107? Masz szerokie horyzonty badawcze? Niestraszne Ci \u0142\u0105czenie wielu ga\u0142\u0119zi nauk \u015bcis\u0142ych? Studia I i II stopnia o interdyscyplinarnym charakterze b\u0119d\u0105 doskona\u0142\u0105 okazj\u0105, by ugruntowa\u0107 wiedz\u0119 i umiej\u0119tno\u015bci z przedmiot\u00f3w matematyczno-fizycznych oraz specjalistycznych (medycyna kliniczna i biologia).<\/p>\n<h3>Studia fizyka medyczna: Elektroradiologia, dozymetria<\/h3>\n<p>Zastanawiasz si\u0119, jak b\u0119dzie wygl\u0105da\u0107 przygotowanie praktyczne? Na absolwent\u00f3w tego kierunku, kt\u00f3rzy odb\u0119d\u0105 stosowny sta\u017c, czeka wyj\u0105tkowa okazja \u2013 mo\u017cliwo\u015b\u0107 ubiegania si\u0119 o specjalizacj\u0119 oraz zdobycie tytu\u0142u specjalisty w dziedzinie fizyki medycznej. Je\u017celi marzysz o pracy w szpitalu lub instytucie onkologii, ten kierunek czeka tak\u017ce na Ciebie! Kszta\u0142\u0107 si\u0119 i rozwijaj, by m\u00f3c pracowa\u0107 jako fizyk planuj\u0105cy radioterapi\u0119, a nawet w zak\u0142adach diagnostyki obrazowej i medycyny nuklearnej.<\/p>\n<p>Uko\u0144czenie tych studi\u00f3w b\u0119dzie stabilnym fundamentem dla pracy w zawodach takich jak: in\u017cynier fizyk medyczny, technik elektroradiolog, m\u0142odszy asystent elektroradiologii oraz inspektor ochrony radiologicznej. \r\n                                <div class=\"mt-3\"><a href=\"https:\/\/informator.us.edu.pl\/programmes\/list\/all\/FM\/\" class=\"link-button mr-3 \">Karta kierunku - program studi\u00f3w <\/a><\/div>\r\n                            <\/div>\r\n                            \r\n                            <div class=\"text-modules__img\"><img src=\"https:\/\/us.edu.pl\/wydzial\/wnst\/wp-content\/uploads\/sites\/18\/zdjecia-kierunki\/rekrutacja-23-24\/fizyka-medyczna-1.png\" alt=\"img\"><\/div>\r\n                        <\/div>\r\n                    <\/div>\r\n                <\/div>[\/vc_column][\/vc_row][vc_row css=&#8221;.vc_custom_1764588152031{padding-right: 20px !important;padding-left: 20px !important;background-color: #f2f2f2 !important;}&#8221;][vc_column]\r\n                <div class=\"text-modules\">\r\n                    <div class=\"container\">\r\n                        \r\n                        <div class=\"text-modules__content\"><\/p>\n<h3>Zapisz si\u0119 na studia II stopnia<\/h3>\n<p><strong><span style=\"color: #0095db;\">Tura 1 (16.12.2025 12:00 \u2013 16.02.2026 23:59)<\/span><\/strong><\/p>\n<\/div>\r\n                    <\/div>\r\n                <\/div>[vc_btn title=&#8221;przejd\u017a do internetowej rejestracji dla kandydat\u00f3w&#8221; style=&#8221;outline-custom&#8221; outline_custom_color=&#8221;#002a5e&#8221; outline_custom_hover_background=&#8221;#002a5e&#8221; outline_custom_hover_text=&#8221;#ffffff&#8221; size=&#8221;lg&#8221; i_icon_fontawesome=&#8221;fas fa-arrow-right&#8221; add_icon=&#8221;true&#8221; link=&#8221;url:https%3A%2F%2Firk.us.edu.pl%2Fpl%2Foffer%2FSW-2025-L%2Fprogramme%2FW4-S2FM19%2F%3Ffrom%3Dfield%3AFM|target:_blank&#8221;][\/vc_column][\/vc_row]<\/p>","protected":false},"excerpt":{"rendered":"<p>[vc_row][vc_column][\/vc_column][\/vc_row][vc_row css=&#8221;.vc_custom_1764588152031{padding-right: 20px !important;padding-left: 20px !important;background-color: #f2f2f2 !important;}&#8221;][vc_column][vc_btn title=&#8221;przejd\u017a do internetowej rejestracji dla kandydat\u00f3w&#8221; style=&#8221;outline-custom&#8221; outline_custom_color=&#8221;#002a5e&#8221; outline_custom_hover_background=&#8221;#002a5e&#8221; outline_custom_hover_text=&#8221;#ffffff&#8221; size=&#8221;lg&#8221; i_icon_fontawesome=&#8221;fas fa-arrow-right&#8221; add_icon=&#8221;true&#8221; link=&#8221;url:https%3A%2F%2Firk.us.edu.pl%2Fpl%2Foffer%2FSW-2025-L%2Fprogramme%2FW4-S2FM19%2F%3Ffrom%3Dfield%3AFM|target:_blank&#8221;][\/vc_column][\/vc_row] [&#8230;]<\/p>\n<p><a class=\"btn btn-secondary understrap-read-more-link\" href=\"https:\/\/us.edu.pl\/wydzial\/wnst\/studia\/kandydat\/oferta-dydaktyczna\/fizyka-medyczna\/\">Read More&#8230;<\/a><\/p>\n","protected":false},"author":1,"featured_media":0,"parent":2272,"menu_order":5,"comment_status":"closed","ping_status":"closed","template":"page-templates\/page-with-sidebar-and-bookmarks.php","meta":{"_expiration-date-status":"","_expiration-date":0,"_expiration-date-type":"","_expiration-date-categories":[],"_expiration-date-options":[]},"acf":[],"_links":{"self":[{"href":"https:\/\/us.edu.pl\/wydzial\/wnst\/wp-json\/wp\/v2\/pages\/351"}],"collection":[{"href":"https:\/\/us.edu.pl\/wydzial\/wnst\/wp-json\/wp\/v2\/pages"}],"about":[{"href":"https:\/\/us.edu.pl\/wydzial\/wnst\/wp-json\/wp\/v2\/types\/page"}],"author":[{"embeddable":true,"href":"https:\/\/us.edu.pl\/wydzial\/wnst\/wp-json\/wp\/v2\/users\/1"}],"replies":[{"embeddable":true,"href":"https:\/\/us.edu.pl\/wydzial\/wnst\/wp-json\/wp\/v2\/comments?post=351"}],"version-history":[{"count":10,"href":"https:\/\/us.edu.pl\/wydzial\/wnst\/wp-json\/wp\/v2\/pages\/351\/revisions"}],"predecessor-version":[{"id":202925,"href":"https:\/\/us.edu.pl\/wydzial\/wnst\/wp-json\/wp\/v2\/pages\/351\/revisions\/202925"}],"up":[{"embeddable":true,"href":"https:\/\/us.edu.pl\/wydzial\/wnst\/wp-json\/wp\/v2\/pages\/2272"}],"wp:attachment":[{"href":"https:\/\/us.edu.pl\/wydzial\/wnst\/wp-json\/wp\/v2\/media?parent=351"}],"curies":[{"name":"wp","href":"https:\/\/api.w.org\/{rel}","templated":true}]}}