{"id":353,"date":"2019-10-23T10:56:26","date_gmt":"2019-10-23T08:56:26","guid":{"rendered":"https:\/\/us.edu.pl\/wydzial\/wnst\/?page_id=353"},"modified":"2025-10-10T16:07:43","modified_gmt":"2025-10-10T14:07:43","slug":"fizyka","status":"publish","type":"page","link":"https:\/\/us.edu.pl\/wydzial\/wnst\/studia\/kandydat\/oferta-dydaktyczna\/fizyka\/","title":{"rendered":"fizyka"},"content":{"rendered":"<p>[vc_row][vc_column]\r\n                <div class=\"text-modules reverse\">\r\n                    <div class=\"container\">\r\n                        <h3 class=\"section-title section-title_border-bottom\">Fizyka - studia stacjonarne I i II stopnia<\/h3> <h3 class=\"subtitle text-modules__subtitle\">j\u0119zyk wyk\u0142adowy: polski i angielski<\/h3>\r\n                        <div class=\"row m-0\">\r\n                            <div class=\"text-modules__content\">\r\n                                Zawsze fascynowa\u0142o Ci\u0119, jak dzia\u0142a otaczaj\u0105cy \u015bwiat? Zastanawiasz si\u0119, w jaki spos\u00f3b funkcjonuj\u0105 zar\u00f3wno proste przedmioty (np. otwieracze do puszek czy \u017car\u00f3wki), jak i narz\u0105dy w ciele cz\u0142owieka? Chcesz zg\u0142\u0119bia\u0107 istnienie trz\u0119sie\u0144 ziemi, tsunami, a tak\u017ce DNA i czarnych dziur? Je\u015bli tak, fizyka poprowadzi Ci\u0119 przez nie i za pomoc\u0105 kilku kompleksowych zasad otworzy Tw\u00f3j umys\u0142 na z\u0142o\u017cono\u015b\u0107 rzeczywisto\u015bci, w kt\u00f3rej \u017cyjemy. Aby to osi\u0105gn\u0105\u0107, staniesz przed mo\u017cliwo\u015bci\u0105 czerpania gar\u015bciami z innych dziedzin nauki jak matematyka czy informatyka.<\/p>\n<p>Kierunek ten b\u0119dzie idealn\u0105 okazj\u0105 do rozwijania umiej\u0119tno\u015bci z zakresu rozwi\u0105zywania problem\u00f3w. W zwi\u0105zku z tym na studiach I stopnia g\u0142\u00f3wny nacisk k\u0142adzie si\u0119 na zastosowanie odpowiedniego aparatu matematycznego, metody fizycznej oraz technologii (np. informatycznej). Nabycie tych kompetencji pozwoli stosowa\u0107 zagadnienia fizyczne w \u017cyciu codziennym, a tak\u017ce prze\u0142o\u017cy si\u0119 na \u0142atwiejsze radzenie sobie z wyzwaniami stawianymi codziennie przez rynek pracy.<\/p>\n<p>W ramach studi\u00f3w drugiego stopnia oferujemy unikalne po\u0142\u0105czenie zaawansowanych bada\u0144 naukowych z mo\u017cliwo\u015bci\u0105 ich wdro\u017cenia w przemy\u015ble. Program studi\u00f3w pozwala zg\u0142\u0119bia\u0107 podstawowe zagadnienia fizyki &#8211; od cz\u0105stek elementarnych po kosmologi\u0119 &#8211; r\u00f3wnocze\u015bnie rozwijaj\u0105c umiej\u0119tno\u015bci wykorzystania tej wiedzy w nowoczesnych technologiach. Dla os\u00f3b zainteresowanych zastosowaniami fizyki w medycynie dost\u0119pna jest specjalno\u015b\u0107 optometria, przygotowuj\u0105ca do pracy w ochronie zdrowia i bran\u017cy optycznej. \r\n                                <div class=\"mt-3\"><a href=\"https:\/\/informator.us.edu.pl\/programmes\/list\/all\/FZ\/\" class=\"link-button mr-3 \">Karta kierunku - program studi\u00f3w <\/a><\/div>\r\n                            <\/div>\r\n                            \r\n                            <div class=\"text-modules__img\"><img src=\"https:\/\/us.edu.pl\/wydzial\/wnst\/wp-content\/uploads\/sites\/18\/zdjecia-kierunki\/rekrutacja-23-24\/fizyka-1.png\" alt=\"img\"><\/div>\r\n                        <\/div>\r\n                    <\/div>\r\n                <\/div>[\/vc_column][\/vc_row][vc_row disable_element=&#8221;yes&#8221; css=&#8221;.vc_custom_1758704625379{padding-left: 20px !important;background-color: #f2f2f2 !important;}&#8221;][vc_column]\r\n                <div class=\"text-modules\">\r\n                    <div class=\"container\">\r\n                        \r\n                        <div class=\"text-modules__content\"><\/p>\n<h3>Zapisz si\u0119 na studia<\/h3>\n<p>Stacjonarne I stopnia<br \/>\n<span style=\"color: #0095db;\"><strong>Tura 3 (01.08.2025 00:00 \u2013 11.09.2025 23:59)<\/strong><\/span><\/p>\n<p>Stacjonarne II stopnia<br \/>\n<span style=\"color: #0095db;\"><strong>Tura 2 (25.07.2025 15:30 \u2013 18.09.2025 23:59)<\/strong><\/span><\/p>\n<\/div>\r\n                    <\/div>\r\n                <\/div>[vc_btn title=&#8221;przejd\u017a do internetowej rejestracji dla kandydata&#8221; style=&#8221;outline-custom&#8221; outline_custom_color=&#8221;#002a5e&#8221; outline_custom_hover_background=&#8221;#002a5e&#8221; outline_custom_hover_text=&#8221;#ffffff&#8221; size=&#8221;lg&#8221; i_icon_fontawesome=&#8221;fas fa-arrow-right&#8221; add_icon=&#8221;true&#8221; link=&#8221;url:https%3A%2F%2Firk.us.edu.pl%2Fpl%2Foffer%2FSW-2025-Z%2Ffield%2FFZ%2F|target:_blank&#8221;][\/vc_column][\/vc_row]<\/p>","protected":false},"excerpt":{"rendered":"<p>[vc_row][vc_column][\/vc_column][\/vc_row][vc_row disable_element=&#8221;yes&#8221; css=&#8221;.vc_custom_1758704625379{padding-left: 20px !important;background-color: #f2f2f2 !important;}&#8221;][vc_column][vc_btn title=&#8221;przejd\u017a do internetowej rejestracji dla kandydata&#8221; style=&#8221;outline-custom&#8221; outline_custom_color=&#8221;#002a5e&#8221; outline_custom_hover_background=&#8221;#002a5e&#8221; outline_custom_hover_text=&#8221;#ffffff&#8221; size=&#8221;lg&#8221; i_icon_fontawesome=&#8221;fas fa-arrow-right&#8221; add_icon=&#8221;true&#8221; link=&#8221;url:https%3A%2F%2Firk.us.edu.pl%2Fpl%2Foffer%2FSW-2025-Z%2Ffield%2FFZ%2F|target:_blank&#8221;][\/vc_column][\/vc_row] [&#8230;]<\/p>\n<p><a class=\"btn btn-secondary understrap-read-more-link\" href=\"https:\/\/us.edu.pl\/wydzial\/wnst\/studia\/kandydat\/oferta-dydaktyczna\/fizyka\/\">Read More&#8230;<\/a><\/p>\n","protected":false},"author":1,"featured_media":0,"parent":2272,"menu_order":4,"comment_status":"closed","ping_status":"closed","template":"page-templates\/page-with-sidebar-and-bookmarks.php","meta":{"_expiration-date-status":"","_expiration-date":0,"_expiration-date-type":"","_expiration-date-categories":[],"_expiration-date-options":[]},"acf":[],"_links":{"self":[{"href":"https:\/\/us.edu.pl\/wydzial\/wnst\/wp-json\/wp\/v2\/pages\/353"}],"collection":[{"href":"https:\/\/us.edu.pl\/wydzial\/wnst\/wp-json\/wp\/v2\/pages"}],"about":[{"href":"https:\/\/us.edu.pl\/wydzial\/wnst\/wp-json\/wp\/v2\/types\/page"}],"author":[{"embeddable":true,"href":"https:\/\/us.edu.pl\/wydzial\/wnst\/wp-json\/wp\/v2\/users\/1"}],"replies":[{"embeddable":true,"href":"https:\/\/us.edu.pl\/wydzial\/wnst\/wp-json\/wp\/v2\/comments?post=353"}],"version-history":[{"count":10,"href":"https:\/\/us.edu.pl\/wydzial\/wnst\/wp-json\/wp\/v2\/pages\/353\/revisions"}],"predecessor-version":[{"id":201233,"href":"https:\/\/us.edu.pl\/wydzial\/wnst\/wp-json\/wp\/v2\/pages\/353\/revisions\/201233"}],"up":[{"embeddable":true,"href":"https:\/\/us.edu.pl\/wydzial\/wnst\/wp-json\/wp\/v2\/pages\/2272"}],"wp:attachment":[{"href":"https:\/\/us.edu.pl\/wydzial\/wnst\/wp-json\/wp\/v2\/media?parent=353"}],"curies":[{"name":"wp","href":"https:\/\/api.w.org\/{rel}","templated":true}]}}